-- https://www.phpmyadmin.net/
--

START TRANSACTION;



--
-- Database: `5coisas`
--

-- --------------------------------------------------------

--
-- Table structure for table `cp_cidades`
--

CREATE TABLE `cp_cidades` (
  `id` int(11) NOT NULL,
  `nome` varchar(155) NOT NULL,
  `uf` varchar(155) NOT NULL,
  `slug` varchar(155) NOT NULL,
  `ativo` int(11) NOT NULL DEFAULT '1',
  `excluido` int(11) NOT NULL DEFAULT '0',
  `criado_em` timestamp NOT NULL DEFAULT CURRENT_TIMESTAMP
) ENGINE=InnoDB DEFAULT CHARSET=latin1;

--
-- Dumping data for table `cp_cidades`
--

INSERT INTO `cp_cidades` (`id`, `nome`, `uf`, `slug`, `ativo`, `excluido`, `criado_em`) VALUES
(1, 'Olinda', 'PE', 'musiolinda', 1, 0, '2018-08-10 17:08:48'),
(2, 'Recife', 'PE', 'recife', 1, 0, '2018-08-10 14:39:40');

-- --------------------------------------------------------

--
-- Table structure for table `cp_log`
--

CREATE TABLE `cp_log` (
  `id` int(11) NOT NULL,
  `usuario_id` int(11) NOT NULL,
  `acao` varchar(255) NOT NULL,
  `ip` varchar(15) NOT NULL,
  `criado_em` timestamp NOT NULL DEFAULT CURRENT_TIMESTAMP
) ENGINE=InnoDB DEFAULT CHARSET=utf8;

--
-- Dumping data for table `cp_log`
--

INSERT INTO `cp_log` (`id`, `usuario_id`, `acao`, `ip`, `criado_em`) VALUES
(1, 2, 'Efetuou login', '::1', '2018-05-02 22:35:59'),
(2, 2, 'Efetuou logout', '::1', '2018-05-02 23:01:26'),
(3, 2, 'Efetuou login', '::1', '2018-05-02 23:01:42'),
(4, 2, 'Efetuou logout', '::1', '2018-05-03 01:00:39'),
(5, 2, 'Efetuou login', '::1', '2018-05-03 01:00:46'),
(6, 2, 'Efetuou login', '::1', '2018-05-03 01:18:06'),
(7, 2, 'Efetuou logout', '::1', '2018-05-03 01:24:13'),
(8, 2, 'Efetuou login', '::1', '2018-05-03 01:24:19'),
(9, 2, 'Inseriu Perfil - Teste', '::1', '2018-05-03 01:26:24'),
(10, 2, 'Alterou permissão do Perfil - Teste', '::1', '2018-05-03 01:27:20'),
(11, 2, 'Alterou permissão do Perfil - Teste', '::1', '2018-05-03 01:27:20'),
(12, 2, 'Alterou permissão do Perfil - Teste', '::1', '2018-05-03 01:27:21'),
(13, 2, 'Alterou permissão do Perfil - Teste', '::1', '2018-05-03 01:27:21'),
(14, 2, 'Alterou permissão do Perfil - Teste', '::1', '2018-05-03 01:27:21'),
(15, 2, 'Alterou permissão do Perfil - Teste', '::1', '2018-05-03 01:27:23'),
(16, 2, 'Inserir Banner', '::1', '2018-05-03 01:37:39'),
(17, 2, 'Inserir Banner', '::1', '2018-05-03 01:37:52'),
(18, 2, 'Inserir Banner', '::1', '2018-05-03 01:38:12'),
(19, 2, 'Inserir Banner', '::1', '2018-05-03 01:41:42'),
(20, 2, 'Editar Banner', '::1', '2018-05-03 01:49:51'),
(21, 2, 'Editar Banner', '::1', '2018-05-03 01:50:53'),
(22, 2, 'Editar Banner', '::1', '2018-05-03 01:51:40'),
(23, 2, 'Excluir Banner', '::1', '2018-05-03 01:53:17'),
(24, 2, 'Alterou status do Banner 2', '::1', '2018-05-03 01:53:24'),
(25, 2, 'Alterou status do Banner 2', '::1', '2018-05-03 01:53:29'),
(26, 2, 'Inseriu Tela - Equipe', '::1', '2018-05-03 01:55:10'),
(27, 2, 'Inseriu Tela - Especialistas', '::1', '2018-05-03 01:55:27'),
(28, 2, 'Inseriu Tela - Convênios', '::1', '2018-05-03 01:55:41'),
(29, 2, 'Inseriu Tela - Residência Médica', '::1', '2018-05-03 01:56:08'),
(30, 2, 'Inserir Convenios', '::1', '2018-05-03 02:06:15'),
(31, 2, 'Alterou status do Convenios 71', '::1', '2018-05-03 02:06:18'),
(32, 2, 'Alterou status do Convenios 71', '::1', '2018-05-03 02:06:18'),
(33, 2, 'Alterou status do Convenios 71', '::1', '2018-05-03 02:06:19'),
(34, 2, 'Alterou status do Convenios 71', '::1', '2018-05-03 02:06:19'),
(35, 2, 'Alterou status do Convenios 71', '::1', '2018-05-03 02:06:19'),
(36, 2, 'Editar Convenios', '::1', '2018-05-03 02:06:24'),
(37, 2, 'Alterou status do Convenios 71', '::1', '2018-05-03 02:06:26'),
(38, 2, 'Inseriu Tela - Especialidades', '::1', '2018-05-03 02:07:35'),
(39, 2, 'Inserir Especialidades', '::1', '2018-05-03 02:13:36'),
(40, 2, 'Inserir Especialidades', '::1', '2018-05-03 02:14:25'),
(41, 2, 'Editar Especialidades', '::1', '2018-05-03 02:14:28'),
(42, 2, 'Excluir Convenios', '::1', '2018-05-03 02:14:36'),
(43, 2, 'Inserir Unidades', '::1', '2018-05-10 19:13:20'),
(44, 2, 'Inserir Unidades', '::1', '2018-05-10 19:34:35'),
(45, 2, 'Inserir Unidades', '::1', '2018-05-10 19:37:49'),
(46, 2, 'Inserir Unidades', '::1', '2018-05-10 19:39:21'),
(47, 2, 'Inserir Unidades', '::1', '2018-05-10 19:39:38'),
(48, 2, 'Inserir Unidades', '::1', '2018-05-10 19:41:52'),
(49, 2, 'Inserir Unidades', '::1', '2018-05-10 19:42:12'),
(50, 2, 'Inserir Unidades', '::1', '2018-05-10 19:42:49'),
(51, 2, 'Inserir Unidades', '::1', '2018-05-10 19:43:19'),
(52, 2, 'Inserir Unidades', '::1', '2018-05-10 19:45:12'),
(53, 2, 'Inserir Unidades', '::1', '2018-05-10 19:45:36'),
(54, 2, 'Inserir Unidades', '::1', '2018-05-10 19:46:06'),
(55, 2, 'Inserir Unidades', '::1', '2018-05-10 19:46:29'),
(56, 2, 'Inserir Unidades', '::1', '2018-05-10 19:46:44'),
(57, 2, 'Inserir Unidades', '::1', '2018-05-10 19:46:54'),
(58, 2, 'Inserir Unidades', '::1', '2018-05-10 19:52:33'),
(59, 2, 'Inserir Unidades', '::1', '2018-05-10 19:58:42'),
(60, 2, 'Inserir Unidades', '::1', '2018-05-10 20:07:54'),
(61, 2, 'Inserir Unidades', '::1', '2018-05-10 20:10:04'),
(62, 2, 'Inserir Unidades', '::1', '2018-05-10 20:13:39'),
(63, 2, 'Inserir Unidades', '::1', '2018-05-10 20:13:46'),
(64, 2, 'Editar Unidades', '::1', '2018-05-10 20:14:26'),
(65, 2, 'Editar Unidades', '::1', '2018-05-10 20:14:44'),
(66, 1, 'Inserir Especialistas', '::1', '2018-05-10 20:38:57'),
(67, 1, 'Inserir Especialistas', '::1', '2018-05-10 20:40:25'),
(68, 1, 'Inserir Especialistas', '::1', '2018-05-10 20:40:34'),
(69, 1, 'Inserir Especialistas', '::1', '2018-05-10 20:40:45'),
(70, 1, 'Inserir Especialistas', '::1', '2018-05-10 20:41:08'),
(71, 1, 'Inserir Especialistas', '::1', '2018-05-10 20:41:23'),
(72, 1, 'Inserir Especialistas', '::1', '2018-05-10 20:41:27'),
(73, 1, 'Inserir Especialistas', '::1', '2018-05-10 20:41:54'),
(74, 1, 'Inserir Especialistas', '::1', '2018-05-10 20:42:13'),
(75, 1, 'Editar Especialistas', '::1', '2018-05-10 20:59:31'),
(76, 1, 'Editar Especialistas', '::1', '2018-05-10 20:59:39'),
(77, 1, 'Editar Especialistas', '::1', '2018-05-10 21:00:30'),
(78, 1, 'Inserir Especialidades', '::1', '2018-05-10 21:00:46'),
(79, 1, 'Editar Especialistas', '::1', '2018-05-10 21:00:53'),
(80, 1, 'Editar Especialistas', '::1', '2018-05-10 22:39:26'),
(81, 1, 'Editar Especialistas', '::1', '2018-05-10 22:40:11'),
(82, 1, 'Editar Especialistas', '::1', '2018-05-10 22:40:16'),
(83, 1, 'Editar Especialistas', '::1', '2018-05-10 22:41:03'),
(84, 1, 'Editar Especialistas', '::1', '2018-05-10 22:41:09'),
(85, 1, 'Editar Especialistas', '::1', '2018-05-10 22:41:14'),
(86, 1, 'Editar Especialistas', '::1', '2018-05-10 22:41:37'),
(87, 1, 'Editar Especialistas', '::1', '2018-05-10 22:41:41'),
(88, 1, 'Editar Especialistas', '::1', '2018-05-10 22:41:46'),
(89, 1, 'Editar Especialistas', '::1', '2018-05-10 22:41:50'),
(90, 1, 'Inserir Residenciamedica', '::1', '2018-05-10 23:16:33'),
(91, 1, 'Inserir Residenciamedica', '::1', '2018-05-10 23:17:09'),
(92, 1, 'Editar Residenciamedica', '::1', '2018-05-10 23:19:23'),
(93, 1, 'Editar Residenciamedica', '::1', '2018-05-10 23:19:48'),
(94, 1, 'Excluir Residenciamedica', '::1', '2018-05-10 23:19:54'),
(95, 1, 'Inserir Residenciamedica', '::1', '2018-05-10 23:20:04'),
(96, 1, 'Inserir Residenciamedica', '::1', '2018-05-10 23:28:45'),
(97, 1, 'Inserir Equipe', '::1', '2018-05-10 23:29:31'),
(98, 1, 'Alterou permissão do Perfil - Teste', '::1', '2018-05-10 23:36:17'),
(99, 1, 'Alterou permissão do Perfil - Teste', '::1', '2018-05-10 23:36:18'),
(100, 1, 'Alterou permissão do Perfil - Teste', '::1', '2018-05-10 23:36:18'),
(101, 1, 'Alterou permissão do Perfil - Teste', '::1', '2018-05-10 23:36:19'),
(102, 1, 'Alterou permissão do Perfil - Teste', '::1', '2018-05-10 23:36:25'),
(103, 1, 'Alterou permissão do Perfil - Teste', '::1', '2018-05-10 23:36:25'),
(104, 1, 'Alterou permissão do Perfil - Teste', '::1', '2018-05-10 23:36:26'),
(105, 1, 'Alterou permissão do Perfil - Teste', '::1', '2018-05-10 23:36:27'),
(106, 1, 'Alterou permissão do Perfil - Teste', '::1', '2018-05-10 23:36:31'),
(107, 1, 'Alterou permissão do Perfil - Teste', '::1', '2018-05-10 23:36:32'),
(108, 1, 'Alterou permissão do Perfil - Teste', '::1', '2018-05-10 23:36:33'),
(109, 1, 'Alterou permissão do Perfil - Teste', '::1', '2018-05-10 23:36:33'),
(110, 1, 'Editou Perfil - RH', '::1', '2018-05-10 23:36:35'),
(111, 1, 'Editou Usuário - Ruan', '::1', '2018-05-10 23:36:57'),
(112, 1, 'Efetuou logout', '::1', '2018-05-10 23:37:02'),
(113, 3, 'Efetuou login', '::1', '2018-05-10 23:37:06'),
(114, 3, 'Alterou status do Especialidades 72', '::1', '2018-05-10 23:37:18'),
(115, 3, 'Alterou status do Especialidades 72', '::1', '2018-05-10 23:37:22'),
(116, 3, 'Efetuou logout', '::1', '2018-05-10 23:37:56'),
(117, 1, 'Efetuou login', '::1', '2018-05-10 23:38:16'),
(118, 1, 'Inseriu Usuário - Gabriela', '::1', '2018-05-10 23:38:56'),
(119, 1, 'Efetuou logout', '::1', '2018-05-10 23:39:02'),
(120, 4, 'Efetuou login', '::1', '2018-05-10 23:39:06'),
(121, 4, 'Editar Unidades', '::1', '2018-05-11 00:06:49'),
(122, 4, 'Editar Unidades', '::1', '2018-05-11 00:08:54'),
(123, 4, 'Editar Unidades', '::1', '2018-05-11 00:09:03'),
(124, 4, 'Editar Unidades', '::1', '2018-05-11 00:10:13'),
(125, 4, 'Excluir Banner', '::1', '2018-05-11 01:41:53'),
(126, 4, 'Excluir Banner', '::1', '2018-05-11 01:41:54'),
(127, 4, 'Excluir Banner', '::1', '2018-05-11 01:41:54'),
(128, 4, 'Excluir Banner', '::1', '2018-05-11 01:41:54'),
(129, 4, 'Excluir Banner', '::1', '2018-05-11 01:41:54'),
(130, 4, 'Excluir Banner', '::1', '2018-05-11 01:41:54'),
(131, 4, 'Excluir Banner', '::1', '2018-05-11 01:41:55'),
(132, 4, 'Excluir Banner', '::1', '2018-05-11 01:41:55'),
(133, 4, 'Excluir Banner', '::1', '2018-05-11 01:41:55'),
(134, 4, 'Excluir Banner', '::1', '2018-05-11 01:41:55'),
(135, 4, 'Excluir Banner', '::1', '2018-05-11 01:41:55'),
(136, 4, 'Excluir Banner', '::1', '2018-05-11 01:41:55'),
(137, 4, 'Excluir Banner', '::1', '2018-05-11 01:41:55'),
(138, 4, 'Excluir Banner', '::1', '2018-05-11 01:41:56'),
(139, 4, 'Inserir Banner', '::1', '2018-05-11 01:42:48'),
(140, 4, 'Inserir Banner', '::1', '2018-05-11 01:43:19'),
(141, 4, 'Inserir Banner', '::1', '2018-05-11 01:43:48'),
(142, 4, 'Inserir Banner', '::1', '2018-05-11 01:44:39'),
(143, 1, 'Efetuou login', '186.223.139.64', '2018-05-11 03:01:12'),
(144, 1, 'Editar Banner', '186.223.139.64', '2018-05-11 03:01:32'),
(145, 1, 'Efetuou login', '::1', '2018-05-16 18:19:49'),
(146, 1, 'Editar Especialidades', '::1', '2018-05-16 18:20:42'),
(147, 1, 'Editar Especialidades', '::1', '2018-05-16 18:20:51'),
(148, 1, 'Editar Especialidades', '::1', '2018-05-16 18:21:01'),
(149, 1, 'Inserir Especialidades', '::1', '2018-05-16 18:21:11'),
(150, 1, 'Inserir Especialidades', '::1', '2018-05-16 18:21:22'),
(151, 1, 'Inserir Especialidades', '::1', '2018-05-16 18:21:31'),
(152, 1, 'Inserir Especialidades', '::1', '2018-05-16 18:21:39'),
(153, 1, 'Inserir Especialidades', '::1', '2018-05-16 18:21:54'),
(154, 1, 'Inserir Especialidades', '::1', '2018-05-16 18:22:01'),
(155, 1, 'Inserir Especialidades', '::1', '2018-05-16 18:22:08'),
(156, 1, 'Inserir Especialidades', '::1', '2018-05-16 18:22:20'),
(157, 1, 'Inserir Especialidades', '::1', '2018-05-16 18:22:28'),
(158, 1, 'Inserir Especialidades', '::1', '2018-05-16 18:22:34'),
(159, 1, 'Inserir Especialidades', '::1', '2018-05-16 18:22:44'),
(160, 1, 'Inserir Especialidades', '::1', '2018-05-16 18:22:51'),
(161, 1, 'Inserir Especialidades', '::1', '2018-05-16 18:23:02'),
(162, 1, 'Editar Especialistas', '::1', '2018-05-16 18:24:01'),
(163, 1, 'Editar Especialistas', '::1', '2018-05-16 18:24:34'),
(164, 1, 'Editar Especialistas', '::1', '2018-05-16 18:25:03'),
(165, 1, 'Editar Especialistas', '::1', '2018-05-16 18:25:30'),
(166, 1, 'Editar Especialistas', '::1', '2018-05-16 18:26:12'),
(167, 1, 'Editar Especialistas', '::1', '2018-05-16 18:26:55'),
(168, 1, 'Editar Especialistas', '::1', '2018-05-16 18:27:15'),
(169, 1, 'Editar Especialistas', '::1', '2018-05-16 18:27:42'),
(170, 1, 'Editar Especialistas', '::1', '2018-05-16 18:27:59'),
(171, 1, 'Editar Especialistas', '::1', '2018-05-16 18:28:15'),
(172, 1, 'Inserir Especialistas', '::1', '2018-05-16 18:28:30'),
(173, 1, 'Inserir Especialistas', '::1', '2018-05-16 18:28:47'),
(174, 1, 'Inserir Especialistas', '::1', '2018-05-16 18:29:07'),
(175, 1, 'Inserir Especialistas', '::1', '2018-05-16 18:29:23'),
(176, 1, 'Inserir Especialistas', '::1', '2018-05-16 18:29:50'),
(177, 1, 'Inserir Especialistas', '::1', '2018-05-16 18:30:12'),
(178, 1, 'Inserir Especialistas', '::1', '2018-05-16 18:30:28'),
(179, 1, 'Inserir Especialistas', '::1', '2018-05-16 18:30:39'),
(180, 1, 'Inserir Especialistas', '::1', '2018-05-16 18:31:00'),
(181, 1, 'Inserir Especialistas', '::1', '2018-05-16 18:31:09'),
(182, 1, 'Inserir Especialistas', '::1', '2018-05-16 18:31:22'),
(183, 1, 'Inserir Especialistas', '::1', '2018-05-16 18:31:39'),
(184, 1, 'Inserir Especialistas', '::1', '2018-05-16 18:32:00'),
(185, 1, 'Inserir Especialistas', '::1', '2018-05-16 18:32:15'),
(186, 1, 'Inserir Especialistas', '::1', '2018-05-16 18:32:25'),
(187, 1, 'Inserir Especialistas', '::1', '2018-05-16 18:32:44'),
(188, 1, 'Inserir Especialistas', '::1', '2018-05-16 18:32:58'),
(189, 1, 'Inserir Especialistas', '::1', '2018-05-16 18:33:08'),
(190, 1, 'Inserir Especialistas', '::1', '2018-05-16 18:33:23'),
(191, 1, 'Inserir Especialistas', '::1', '2018-05-16 18:33:45'),
(192, 1, 'Inserir Especialistas', '::1', '2018-05-16 18:33:58'),
(193, 1, 'Inserir Especialistas', '::1', '2018-05-16 18:34:16'),
(194, 1, 'Inserir Especialistas', '::1', '2018-05-16 18:34:34'),
(195, 1, 'Inserir Especialistas', '::1', '2018-05-16 18:34:54'),
(196, 1, 'Inserir Especialistas', '::1', '2018-05-16 18:35:08'),
(197, 1, 'Inserir Especialistas', '::1', '2018-05-16 18:35:19'),
(198, 1, 'Inserir Especialistas', '::1', '2018-05-16 18:35:31'),
(199, 1, 'Inserir Especialistas', '::1', '2018-05-16 18:35:52'),
(200, 1, 'Inserir Especialistas', '::1', '2018-05-16 18:36:08'),
(201, 1, 'Inserir Especialistas', '::1', '2018-05-16 18:36:30'),
(202, 1, 'Inserir Especialistas', '::1', '2018-05-16 18:36:40'),
(203, 1, 'Inserir Especialistas', '::1', '2018-05-16 18:36:56'),
(204, 1, 'Excluir Unidades', '::1', '2018-05-16 19:35:37'),
(205, 1, 'Excluir Unidades', '::1', '2018-05-16 19:35:38'),
(206, 1, 'Excluir Unidades', '::1', '2018-05-16 19:35:39'),
(207, 1, 'Excluir Unidades', '::1', '2018-05-16 19:44:38'),
(208, 1, 'Excluir Unidades', '::1', '2018-05-16 19:44:39'),
(209, 1, 'Excluir Unidades', '::1', '2018-05-16 19:44:40'),
(210, 1, 'Excluir Unidades', '::1', '2018-05-16 19:45:55'),
(211, 1, 'Excluir Unidades', '::1', '2018-05-16 19:45:56'),
(212, 1, 'Excluir Unidades', '::1', '2018-05-16 19:45:57'),
(213, 1, 'Editar Convenios', '::1', '2018-05-16 20:22:52'),
(214, 1, 'Inserir Convenios', '::1', '2018-05-16 20:23:03'),
(215, 1, 'Inserir Convenios', '::1', '2018-05-16 20:23:12'),
(216, 1, 'Inserir Convenios', '::1', '2018-05-16 20:23:20'),
(217, 1, 'Inserir Convenios', '::1', '2018-05-16 20:23:29'),
(218, 1, 'Inserir Convenios', '::1', '2018-05-16 20:23:44'),
(219, 1, 'Inserir Convenios', '::1', '2018-05-16 20:23:56'),
(220, 1, 'Inserir Convenios', '::1', '2018-05-16 20:24:03'),
(221, 1, 'Editar Convenios', '::1', '2018-05-16 20:24:13'),
(222, 1, 'Inserir Convenios', '::1', '2018-05-16 20:24:20'),
(223, 1, 'Inserir Convenios', '::1', '2018-05-16 20:24:28'),
(224, 1, 'Inserir Convenios', '::1', '2018-05-16 20:24:35'),
(225, 1, 'Inserir Convenios', '::1', '2018-05-16 20:24:46'),
(226, 1, 'Inserir Convenios', '::1', '2018-05-16 20:24:54'),
(227, 1, 'Inserir Convenios', '::1', '2018-05-16 20:25:02'),
(228, 1, 'Inserir Convenios', '::1', '2018-05-16 20:25:12'),
(229, 1, 'Inserir Convenios', '::1', '2018-05-16 20:25:21'),
(230, 1, 'Inserir Convenios', '::1', '2018-05-16 20:25:30'),
(231, 1, 'Inserir Convenios', '::1', '2018-05-16 20:25:42'),
(232, 1, 'Inserir Convenios', '::1', '2018-05-16 20:25:51'),
(233, 1, 'Inserir Convenios', '::1', '2018-05-16 20:26:00'),
(234, 1, 'Inserir Convenios', '::1', '2018-05-16 20:26:12'),
(235, 1, 'Inserir Convenios', '::1', '2018-05-16 20:26:28'),
(236, 1, 'Inserir Convenios', '::1', '2018-05-16 20:26:35'),
(237, 1, 'Inserir Convenios', '::1', '2018-05-16 20:26:45'),
(238, 1, 'Inserir Convenios', '::1', '2018-05-16 20:26:53'),
(239, 1, 'Inserir Convenios', '::1', '2018-05-16 20:27:01'),
(240, 1, 'Editar Unidades', '::1', '2018-05-16 20:49:21'),
(241, 1, 'Editar Unidades', '::1', '2018-05-16 20:50:27'),
(242, 1, 'Efetuou login', '::1', '2018-05-16 23:29:06'),
(243, 1, 'Editar Unidades', '::1', '2018-05-16 23:29:35'),
(244, 1, 'Editar Unidades', '::1', '2018-05-16 23:48:23'),
(245, 1, 'Editar Unidades', '::1', '2018-05-17 00:10:39'),
(246, 1, 'Editar Unidades', '::1', '2018-05-17 00:13:54'),
(247, 1, 'Editar Unidades', '::1', '2018-05-17 00:14:20'),
(248, 1, 'Efetuou login', '::1', '2018-05-17 18:23:29'),
(249, 1, 'Inserir Residenciamedica', '::1', '2018-05-17 18:33:00'),
(250, 1, 'Inserir Residenciamedica', '::1', '2018-05-17 18:33:48'),
(251, 1, 'Editar Residenciamedica', '::1', '2018-05-17 18:34:18'),
(252, 1, 'Editar Residenciamedica', '::1', '2018-05-17 18:34:34'),
(253, 1, 'Editar Residenciamedica', '::1', '2018-05-17 18:34:46'),
(254, 1, 'Inserir Residenciamedica', '::1', '2018-05-17 18:34:56'),
(255, 1, 'Inserir Residenciamedica', '::1', '2018-05-17 18:35:10'),
(256, 1, 'Inserir Residenciamedica', '::1', '2018-05-17 18:35:18'),
(257, 1, 'Inserir Residenciamedica', '::1', '2018-05-17 18:35:27'),
(258, 1, 'Inserir Residenciamedica', '::1', '2018-05-17 18:35:51'),
(259, 1, 'Editar Residenciamedica', '::1', '2018-05-17 18:48:08'),
(260, 1, 'Editar Residenciamedica', '::1', '2018-05-17 18:50:01'),
(261, 1, 'Efetuou login', '::1', '2018-05-17 23:59:16'),
(262, 1, 'Editou Usuário - Gabriela 1', '::1', '2018-05-17 23:48:10'),
(263, 1, 'Efetuou login', '::1', '2018-05-18 15:45:51'),
(264, 1, 'Efetuou login', '::1', '2018-05-18 15:46:46'),
(265, 1, 'Efetuou login', '::1', '2018-05-18 15:48:00'),
(266, 1, 'Editou Usuário - Gabriela', '::1', '2018-05-18 15:48:48'),
(267, 1, 'Editou Usuário - Gabriela', '::1', '2018-05-18 15:52:30'),
(268, 1, 'Editou Usuário - Gabriela', '::1', '2018-05-18 15:52:41'),
(269, 1, 'Editou Usuário - Gabriela', '::1', '2018-05-18 15:53:44'),
(270, 1, 'Editou Usuário - Gabriela', '::1', '2018-05-18 15:55:27'),
(271, 1, 'Editou Usuário - Gabriela', '::1', '2018-05-18 15:56:38'),
(272, 1, 'Editou Usuário - Gabriela', '::1', '2018-05-18 15:56:55'),
(273, 1, 'Editou Usuário - Gabriela', '::1', '2018-05-18 15:58:55'),
(274, 1, 'Editou Usuário - Gabriela', '::1', '2018-05-18 16:01:23'),
(275, 1, 'Editou Usuário - Gabriela', '::1', '2018-05-18 16:01:31'),
(276, 1, 'Editou Usuário - Gabriela', '::1', '2018-05-18 16:02:34'),
(277, 1, 'Editou Usuário - Gabriela', '::1', '2018-05-18 16:02:46'),
(278, 1, 'Editou Usuário - Gabriela', '::1', '2018-05-18 16:03:33'),
(279, 1, 'Efetuou logout', '::1', '2018-05-18 16:05:30'),
(280, 1, 'Efetuou login', '::1', '2018-05-18 16:05:54'),
(281, 1, 'Editou Usuário - Diego', '::1', '2018-05-18 16:14:05'),
(282, 1, 'Ativou Usuário - ', '::1', '2018-05-18 16:20:29'),
(283, 1, 'Ativou Usuário - ', '::1', '2018-05-18 16:20:31'),
(284, 1, 'Ativou Usuário - ', '::1', '2018-05-18 16:20:32'),
(285, 1, 'Ativou Usuário - ', '::1', '2018-05-18 16:20:33'),
(286, 1, 'Desativou Usuário - Gabriela', '::1', '2018-05-18 16:21:49'),
(287, 1, 'Ativou Usuário - Gabriela', '::1', '2018-05-18 16:21:52'),
(288, 1, 'Desativou Usuário - Gabriela', '::1', '2018-05-18 16:22:08'),
(289, 1, 'Ativou Usuário - Gabriela', '::1', '2018-05-18 16:56:44'),
(290, 1, 'Desativou Usuário - Gabriela', '::1', '2018-05-18 16:56:49'),
(291, 1, 'Ativou Usuário - Gabriela', '::1', '2018-05-18 16:57:58'),
(292, 1, 'Desativou Usuário - Gabriela', '::1', '2018-05-18 16:58:07'),
(293, 1, 'Ativou Usuário - Gabriela', '::1', '2018-05-18 16:59:27'),
(294, 1, 'Desativou Usuário - Gabriela', '::1', '2018-05-18 17:02:45'),
(295, 1, 'Ativou Usuário - Gabriela', '::1', '2018-05-18 17:02:47'),
(296, 1, 'Desativou Usuário - Gabriela', '::1', '2018-05-18 17:05:01'),
(297, 1, 'Ativou Usuário - Gabriela', '::1', '2018-05-18 17:05:33'),
(298, 1, 'Desativou Usuário - Gabriela', '::1', '2018-05-18 17:05:39'),
(299, 1, 'Ativou Usuário - Gabriela', '::1', '2018-05-18 17:05:57'),
(300, 1, 'Desativou Usuário - Gabriela', '::1', '2018-05-18 17:06:04'),
(301, 1, 'Ativou Usuário - Gabriela', '::1', '2018-05-18 17:06:39'),
(302, 1, 'Desativou Usuário - Gabriela', '::1', '2018-05-18 17:09:53'),
(303, 1, 'Ativou Usuário - Gabriela', '::1', '2018-05-18 17:09:57'),
(304, 1, 'Desativou Usuário - Gabriela', '::1', '2018-05-18 17:10:00'),
(305, 1, 'Ativou Usuário - Gabriela', '::1', '2018-05-18 17:10:02'),
(306, 1, 'Desativou Usuário - Gabriela', '::1', '2018-05-18 17:17:47'),
(307, 1, 'Ativou Usuário - Gabriela', '::1', '2018-05-18 17:19:45'),
(308, 1, 'Desativou Usuário - Gabriela', '::1', '2018-05-18 17:21:11'),
(309, 1, 'Ativou Usuário - Gabriela', '::1', '2018-05-18 17:21:30'),
(310, 1, 'Desativou Usuário - Gabriela', '::1', '2018-05-18 17:21:33'),
(311, 1, 'Excluiu Usuário - Gabriela', '::1', '2018-05-18 17:29:53'),
(312, 1, 'Excluiu Usuário - ', '::1', '2018-05-18 17:30:03'),
(313, 1, 'Inseriu Usuário - teste', '::1', '2018-05-18 17:30:24'),
(314, 1, 'Excluiu Usuário - teste', '::1', '2018-05-18 17:31:32'),
(315, 1, 'Inseriu Usuário - teste', '::1', '2018-05-18 17:55:56'),
(316, 1, 'Inseriu Usuário - teste', '::1', '2018-05-18 17:56:17'),
(317, 1, 'Excluiu Usuário - teste', '::1', '2018-05-18 17:56:57'),
(318, 1, 'Inseriu Usuário - asdsad', '::1', '2018-05-18 17:57:12'),
(319, 1, 'Inseriu Usuário - qqq', '::1', '2018-05-18 18:00:00'),
(320, 1, 'Excluiu Usuário - qqq', '::1', '2018-05-18 19:30:19'),
(321, 1, 'Excluiu Usuário - asdsad', '::1', '2018-05-18 19:30:22'),
(322, 1, 'Inseriu Usuário - teste', '::1', '2018-05-18 19:30:36'),
(323, 1, 'Inseriu Usuário - sadsad', '::1', '2018-05-18 20:38:15'),
(324, 1, 'Desativou Usuário - sadsad', '::1', '2018-05-18 20:42:16'),
(325, 1, 'Ativou Usuário - sadsad', '::1', '2018-05-18 20:42:21'),
(326, 1, 'Editou Usuário - sadsad', '::1', '2018-05-18 20:46:27'),
(327, 1, 'Editou Usuário - sadsad', '::1', '2018-05-18 20:52:55'),
(328, 1, 'Editou Usuário - sadsad', '::1', '2018-05-18 20:53:54'),
(329, 1, 'Editou Usuário - sadsad', '::1', '2018-05-18 20:55:24'),
(330, 1, 'Editou Usuário - sadsad', '::1', '2018-05-18 20:55:33'),
(331, 1, 'Editou Usuário - sadsad', '::1', '2018-05-18 20:58:24'),
(332, 1, 'Editou Usuário - sadsad', '::1', '2018-05-18 21:00:00'),
(333, 1, 'Excluiu Usuário - sadsad', '::1', '2018-05-18 21:04:48'),
(334, 1, 'Excluiu Usuário - sadsad', '::1', '2018-05-18 21:05:14'),
(335, 1, 'Efetuou logout', '::1', '2018-05-18 21:33:17'),
(336, 1, 'Efetuou login', '::1', '2018-05-18 21:33:26'),
(337, 1, 'Editou Usuário - ', '::1', '2018-05-18 22:08:23'),
(338, 1, 'Editou Welcome - ', '::1', '2018-05-18 22:10:24'),
(339, 1, 'Editou Usuário - sadasdsd', '::1', '2018-05-18 22:13:47'),
(340, 1, 'Editou Usuário - Teste', '::1', '2018-05-18 22:13:58'),
(341, 1, 'Editou Welcome - ', '::1', '2018-05-18 22:16:28'),
(342, 1, 'Inseriu Usuário - asd', '::1', '2018-05-18 22:41:54'),
(343, 1, 'Editou Usuário - Teste', '::1', '2018-05-18 22:42:46'),
(344, 1, 'Inseriu Brand - ', '::1', '2018-05-18 23:32:08'),
(345, 1, 'Inseriu Brand - ', '::1', '2018-05-18 23:32:30'),
(346, 1, 'Inseriu Brand - ', '::1', '2018-05-18 23:32:37'),
(347, 1, 'Inseriu Brand - Teste', '::1', '2018-05-18 23:34:17'),
(348, 1, 'Editou Brand - Fake Coca', '::1', '2018-05-18 23:38:23'),
(349, 1, 'Editou Brand - Fake Coca', '::1', '2018-05-18 23:38:28'),
(350, 1, 'Desativou Usuário - Fake Coca', '::1', '2018-05-18 23:39:24'),
(351, 1, 'Ativou Usuário - Fake Coca', '::1', '2018-05-18 23:39:27'),
(352, 1, 'Excluiu Brand - Teste', '::1', '2018-05-18 23:39:29'),
(353, 1, 'Inseriu Product - Coka', '::1', '2018-05-21 16:12:09'),
(354, 1, 'Desativou Usuário - Coka', '::1', '2018-05-21 16:12:11'),
(355, 1, 'Ativou Usuário - Coka', '::1', '2018-05-21 16:12:13'),
(356, 1, 'Editou Product - Coka colla', '::1', '2018-05-21 16:12:20'),
(357, 1, 'Excluiu Product - Coka colla', '::1', '2018-05-21 16:12:28'),
(358, 1, 'Inseriu Product - Coka Colla', '::1', '2018-05-21 16:12:35'),
(359, 1, 'Editou Product - Juice e nectars', '::1', '2018-05-21 19:48:14'),
(360, 1, 'Inseriu Type Of Product - Passion Fruit', '::1', '2018-05-21 19:57:53'),
(361, 1, 'Inseriu Type Of Product - Passion Fruit', '::1', '2018-05-21 20:03:16'),
(362, 1, 'Inseriu Type Of Product - Passion Fruit', '::1', '2018-05-21 20:06:38'),
(363, 1, 'Inseriu Type Of Product - Passion Fruit', '::1', '2018-05-21 20:10:39'),
(364, 1, 'Inseriu Type Of Product - Passion Fruit', '::1', '2018-05-21 20:11:29'),
(365, 1, 'Inseriu Type Of Product - Passion Fruit', '::1', '2018-05-21 20:12:40'),
(366, 1, 'Inseriu Type Of Product - Passion Fruit', '::1', '2018-05-21 20:12:44'),
(367, 1, 'Inseriu Type Of Product - Passion Fruit', '::1', '2018-05-21 20:13:23'),
(368, 1, 'Inseriu Type Of Product - Passion Fruit', '::1', '2018-05-21 20:14:14'),
(369, 1, 'Inseriu Type Of Product - Passion Fruit', '::1', '2018-05-21 20:14:31'),
(370, 1, 'Desativou Usuário - Passion Fruit', '::1', '2018-05-21 20:45:24'),
(371, 1, 'Ativou Usuário - Passion Fruit', '::1', '2018-05-21 20:45:25'),
(372, 1, 'Inseriu Type Of Product - suquinho', '::1', '2018-05-21 23:54:19'),
(373, 1, 'Inseriu Type Of Product - suquinho', '::1', '2018-05-21 23:56:20'),
(374, 1, 'Inseriu Type Of Product - suquinho', '::1', '2018-05-21 23:57:13'),
(375, 1, 'Inseriu Type Of Product - suquinho', '::1', '2018-05-21 23:57:37'),
(376, 1, 'Inseriu Type Of Product - suquinho', '::1', '2018-05-21 23:58:05'),
(377, 1, 'Inseriu Type Of Product - suquinho', '::1', '2018-05-21 23:58:42'),
(378, 1, 'Inseriu Type Of Product - suquinho', '::1', '2018-05-21 23:59:23'),
(379, 1, 'Inseriu Type Of Product - suquinho', '::1', '2018-05-21 23:59:39'),
(380, 1, 'Inseriu Type Of Product - suquinho', '::1', '2018-05-21 23:59:54'),
(381, 1, 'Inseriu Type Of Product - suquinho', '::1', '2018-05-22 00:12:29'),
(382, 1, 'Inseriu Type Of Product - name english', '::1', '2018-05-22 15:51:41'),
(383, 1, 'Inseriu Type Of Product - name english', '::1', '2018-05-22 15:53:52'),
(384, 1, 'Inseriu Type Of Product - name english', '::1', '2018-05-22 15:56:47'),
(385, 1, 'Inseriu Type Of Product - name english', '::1', '2018-05-22 15:56:55'),
(386, 1, 'Inseriu Type Of Product - name english', '::1', '2018-05-22 15:57:06'),
(387, 1, 'Efetuou logout', '::1', '2018-05-22 20:48:51'),
(388, 1, 'Efetuou login', '::1', '2018-05-22 20:48:58'),
(389, 1, 'Editou Type Of Product - name english', '::1', '2018-05-22 22:32:46'),
(390, 1, 'Editou Type Of Product - name english', '::1', '2018-05-22 22:33:13'),
(391, 1, 'Editou Type Of Product - name english', '::1', '2018-05-22 22:35:29'),
(392, 1, 'Editou Type Of Product - name english', '::1', '2018-05-22 22:36:05'),
(393, 1, 'Editou Type Of Product - name english', '::1', '2018-05-22 22:36:32'),
(394, 1, 'Editou Type Of Product - name english', '::1', '2018-05-22 22:37:59'),
(395, 1, 'Editou Type Of Product - name english', '::1', '2018-05-22 22:38:08'),
(396, 1, 'Editou Type Of Product - name english', '::1', '2018-05-22 22:43:04'),
(397, 1, 'Editou Type Of Product - name english', '::1', '2018-05-22 22:43:12'),
(398, 1, 'Editou Welcome - ', '::1', '2018-05-22 22:49:26'),
(399, 1, 'Inseriu Brand - fake pepsi', '::1', '2018-05-22 22:55:30'),
(400, 1, 'Editou Brand - fake pepsi', '::1', '2018-05-22 22:57:45'),
(401, 1, 'Inseriu Product - product', '::1', '2018-05-22 23:02:01'),
(402, 1, 'Desativou Usuário - product', '::1', '2018-05-22 23:02:04'),
(403, 1, 'Ativou Usuário - product', '::1', '2018-05-22 23:02:05'),
(404, 1, 'Editou Product - product', '::1', '2018-05-22 23:02:10'),
(405, 1, 'Efetuou login', '::1', '2018-05-22 23:31:43'),
(406, 1, 'Efetuou login', '::1', '2018-05-23 15:59:21'),
(407, 1, 'Desativou Usuário - name english', '::1', '2018-05-23 16:02:32'),
(408, 1, 'Ativou Usuário - name english', '::1', '2018-05-23 16:02:33'),
(409, 1, 'Excluiu Type Of Product - name english', '::1', '2018-05-23 16:02:37'),
(410, 1, 'Excluiu Type Of Product - name english', '::1', '2018-05-23 16:03:16'),
(411, 1, 'Excluiu Type Of Product - name english', '::1', '2018-05-23 16:13:53'),
(412, 1, 'Inseriu Usuário - ', '::1', '2018-05-23 16:15:30'),
(413, 1, 'Excluiu Usuário - ', '::1', '2018-05-23 16:18:10'),
(414, 1, 'Inseriu Usuário - sdsad', '::1', '2018-05-23 16:25:31'),
(415, 1, 'Inseriu Usuário - ', '::1', '2018-05-23 16:27:51'),
(416, 1, 'Excluiu Usuário - ', '::1', '2018-05-23 16:28:22'),
(417, 1, 'Excluiu Usuário - Teste', '::1', '2018-05-23 16:35:04'),
(418, 1, 'Editou Type Of Product - name english', '::1', '2018-05-23 16:35:46'),
(419, 1, 'Editou Type Of Product - name english', '::1', '2018-05-23 16:46:28'),
(420, 1, 'Editou Type Of Product - name english', '::1', '2018-05-23 16:50:25'),
(421, 1, 'Desativou Usuário - product', '::1', '2018-05-23 16:54:56'),
(422, 1, 'Ativou Usuário - product', '::1', '2018-05-23 16:54:59'),
(423, 1, 'Efetuou logout', '::1', '2018-05-23 17:25:14'),
(424, 1, 'Efetuou login', '::1', '2018-05-23 17:43:52'),
(425, 1, 'Editou Welcome - ', '::1', '2018-05-30 22:14:34'),
(426, 1, 'Editou Welcome - ', '::1', '2018-05-30 22:23:33'),
(427, 1, 'Editou Welcome - ', '::1', '2018-05-30 22:24:49'),
(428, 1, 'Editou Welcome - ', '::1', '2018-05-30 22:25:22'),
(429, 1, 'Editou Welcome - ', '::1', '2018-05-30 22:25:33'),
(430, 1, 'Editou Welcome - ', '::1', '2018-05-30 22:25:53'),
(431, 1, 'Editou Welcome - ', '::1', '2018-05-30 22:26:35'),
(432, 1, 'Editou Welcome - ', '::1', '2018-05-30 22:26:44'),
(433, 1, 'Editou Welcome - ', '::1', '2018-05-30 22:34:50'),
(434, 1, 'Editou Welcome - ', '::1', '2018-05-30 22:34:55'),
(435, 1, 'Editou Welcome - ', '::1', '2018-05-30 22:35:39'),
(436, 1, 'Editou Welcome - ', '::1', '2018-05-30 22:45:58'),
(437, 1, 'Editou Welcome - ', '::1', '2018-05-30 22:47:06'),
(438, 1, 'Editou Welcome - ', '::1', '2018-05-30 22:47:19'),
(439, 1, 'Editou Welcome - ', '::1', '2018-05-30 22:50:12'),
(440, 1, 'Editou Welcome - ', '::1', '2018-05-30 22:50:46'),
(441, 1, 'Editou Welcome - ', '::1', '2018-05-30 22:51:28'),
(442, 1, 'Editou Brand - Juice e Nectars', '::1', '2018-05-30 23:24:12'),
(443, 1, 'Editou Brand - For Kids', '::1', '2018-05-30 23:24:32'),
(444, 1, 'Inseriu Brand - Jamaica Brands', '::1', '2018-05-30 23:24:44'),
(445, 1, 'Inseriu Brand - Mexican Brands', '::1', '2018-05-30 23:25:01'),
(446, 1, 'Inseriu Brand - Sparkling by nature', '::1', '2018-05-30 23:25:16'),
(447, 1, 'Efetuou login', '::1', '2018-05-31 15:51:25'),
(448, 1, 'Inseriu Brand - dddddd', '::1', '2018-05-31 15:52:33'),
(449, 1, 'Inseriu Brand - dddddd', '::1', '2018-05-31 15:53:28'),
(450, 1, 'Excluiu Brand - dddddd', '::1', '2018-05-31 15:54:12'),
(451, 1, 'Inseriu Brand - ddd', '::1', '2018-05-31 15:54:19'),
(452, 1, 'Excluiu Brand - ddd', '::1', '2018-05-31 15:54:29'),
(453, 1, 'Editou Brand - Jamaica Brands', '::1', '2018-05-31 15:54:42'),
(454, 1, 'Editou Brand - Mexican Brands', '::1', '2018-05-31 15:54:57'),
(455, 1, 'Editou Brand - Sparkling by nature', '::1', '2018-05-31 15:55:34'),
(456, 1, 'Editou Brand - For Kids', '::1', '2018-05-31 15:55:40'),
(457, 1, 'Editou Brand - Jamaica Brands', '::1', '2018-05-31 15:55:44'),
(458, 1, 'Editou Brand - Juice e Nectars', '::1', '2018-05-31 15:55:55'),
(459, 1, 'Desativou Usuário - Juice e nectars', '::1', '2018-05-31 16:33:47'),
(460, 1, 'Ativou Usuário - Juice e nectars', '::1', '2018-05-31 16:33:47'),
(461, 1, 'Editou Product - Petit', '::1', '2018-05-31 16:34:50'),
(462, 1, 'Editou Product - Petit', '::1', '2018-05-31 16:35:36'),
(463, 1, 'Editou Product - Petit Vegetable', '::1', '2018-05-31 16:35:57'),
(464, 1, 'Editou Product - Petit', '::1', '2018-05-31 16:51:17'),
(465, 1, 'Editou Product - Petit', '::1', '2018-05-31 16:52:00'),
(466, 1, 'Editou Product - Petit', '::1', '2018-05-31 16:52:28'),
(467, 1, 'Editou Product - Petit', '::1', '2018-05-31 16:52:48'),
(468, 1, 'Editou Product - Petit', '::1', '2018-05-31 16:53:33'),
(469, 1, 'Editou Product - Petit', '::1', '2018-05-31 16:54:04'),
(470, 1, 'Editou Product - Petit', '::1', '2018-05-31 16:54:24'),
(471, 1, 'Editou Product - Petit', '::1', '2018-05-31 16:54:28'),
(472, 1, 'Editou Product - Petit', '::1', '2018-05-31 16:54:31'),
(473, 1, 'Editou Product - Petit', '::1', '2018-05-31 16:54:49'),
(474, 1, 'Editou Product - Petit', '::1', '2018-05-31 16:57:04'),
(475, 1, 'Editou Product - Petit', '::1', '2018-05-31 16:57:41'),
(476, 1, 'Editou Product - Petit', '::1', '2018-05-31 16:57:53'),
(477, 1, 'Inseriu Product - adasd', '::1', '2018-05-31 16:58:35'),
(478, 1, 'Inseriu Product - adasd', '::1', '2018-05-31 16:59:01'),
(479, 1, 'Inseriu Product - adasd', '::1', '2018-05-31 16:59:31'),
(480, 1, 'Excluiu Product - adasd', '::1', '2018-05-31 16:59:34'),
(481, 1, 'Editou Product - Petit', '::1', '2018-05-31 17:06:44'),
(482, 1, 'Editou Product - Petit Vegetable', '::1', '2018-05-31 19:46:01'),
(483, 1, 'Editou Product - Petit Vegetable', '::1', '2018-05-31 19:46:07'),
(484, 1, 'Editou Type Of Product - name english', '::1', '2018-05-31 20:27:55'),
(485, 1, 'Editou Type Of Product - name english', '::1', '2018-05-31 20:28:51'),
(486, 1, 'Editou Type Of Product - name english', '::1', '2018-05-31 20:29:22'),
(487, 1, 'Editou Type Of Product - name english', '::1', '2018-05-31 20:29:56'),
(488, 1, 'Editou Type Of Product - Lata', '::1', '2018-05-31 20:30:14'),
(489, 1, 'Editou Type Of Product - Dream Cap', '::1', '2018-05-31 20:31:22'),
(490, 1, 'Editou Type Of Product - Dream Cap', '::1', '2018-05-31 20:55:37'),
(491, 1, 'Editou Type Of Product - Lata', '::1', '2018-05-31 20:58:51'),
(492, 1, 'Editou Type Of Product - Lata', '::1', '2018-05-31 20:59:17'),
(493, 1, 'Editou Type Of Product - Lata', '::1', '2018-05-31 21:22:19'),
(494, 1, 'Editou Type Of Product - Dream Cap', '::1', '2018-05-31 23:44:15'),
(495, 1, 'Editou Type Of Product - Dream Cap', '::1', '2018-05-31 23:46:04'),
(496, 1, 'Desativou Usuário - Dream Cap', '::1', '2018-05-31 23:51:24'),
(497, 1, 'Ativou Usuário - Dream Cap', '::1', '2018-05-31 23:51:26'),
(498, 1, 'Desativou Usuário - Dream Cap', '::1', '2018-05-31 23:51:27'),
(499, 1, 'Ativou Usuário - Dream Cap', '::1', '2018-05-31 23:51:34'),
(500, 1, 'Efetuou login', '::1', '2018-06-01 16:50:43'),
(501, 1, 'Inseriu Product - Petit Jamaica', '::1', '2018-06-04 22:43:15'),
(502, 1, 'Editou Brand - Jamaica Brands', '::1', '2018-06-04 22:47:04'),
(503, 1, 'Inseriu Type Of Product - Tin', '::1', '2018-06-04 22:57:08'),
(504, 1, 'Inseriu Type Of Product - Tin', '::1', '2018-06-04 22:59:54'),
(505, 1, 'Inseriu Type Of Product - Tin', '::1', '2018-06-04 23:00:18'),
(506, 1, 'Efetuou login', '186.223.136.26', '2018-06-06 00:21:16'),
(507, 1, 'Efetuou login', '186.223.136.26', '2018-06-06 00:21:31'),
(508, 1, 'Efetuou login', '186.223.136.26', '2018-06-06 15:18:52'),
(509, 1, 'Editou Usuário - ', '186.223.136.26', '2018-06-06 15:37:03'),
(510, 1, 'Editou Product - Petit', '186.223.136.26', '2018-06-06 15:47:55'),
(511, 1, 'Editou Type Of Product - Dream Cap', '186.223.136.26', '2018-06-06 15:56:14'),
(512, 1, 'Editou Type Of Product - Dream Cap', '186.223.136.26', '2018-06-06 15:57:46'),
(513, 1, 'Editou Type Of Product - Dream Cap', '186.223.136.26', '2018-06-06 16:00:31'),
(514, 1, 'Editou Type Of Product - Dream Cap', '186.223.136.26', '2018-06-06 16:01:48'),
(515, 1, 'Editou Type Of Product - Dream Cap', '186.223.136.26', '2018-06-06 16:05:45'),
(516, 1, 'Editou Type Of Product - Dream Cap', '186.223.136.26', '2018-06-06 16:09:46'),
(517, 1, 'Editou Type Of Product - Dream Cap', '186.223.136.26', '2018-06-06 16:18:17'),
(518, 1, 'Editou Type Of Product - Dream Cap', '186.223.136.26', '2018-06-06 16:18:54'),
(519, 1, 'Editou Type Of Product - Dream Cap', '186.223.136.26', '2018-06-06 16:19:06'),
(520, 1, 'Editou Type Of Product - Dream Cap', '186.223.136.26', '2018-06-06 16:22:33'),
(521, 1, 'Editou Type Of Product - Dream Cap', '186.223.136.26', '2018-06-06 16:25:48'),
(522, 1, 'Editou Type Of Product - Dream Cap', '186.223.136.26', '2018-06-06 16:26:11'),
(523, 1, 'Editou Type Of Product - Lata', '186.223.136.26', '2018-06-06 16:27:02'),
(524, 1, 'Editou Type Of Product - Lata', '186.223.136.26', '2018-06-06 16:33:27'),
(525, 1, 'Editou Type Of Product - Lata', '186.223.136.26', '2018-06-06 16:34:07'),
(526, 1, 'Editou Type Of Product - Dream Cap', '186.223.136.26', '2018-06-06 16:34:34'),
(527, 1, 'Editou Type Of Product - Tin', '186.223.136.26', '2018-06-06 16:35:33'),
(528, 1, 'Editou Type Of Product - Tin', '186.223.136.26', '2018-06-06 16:35:53'),
(529, 1, 'Desativou Usuário - Amanda Bayners', '186.223.136.26', '2018-06-06 16:37:22'),
(530, 1, 'Ativou Usuário - Amanda Bayners', '186.223.136.26', '2018-06-06 16:37:27'),
(531, 1, 'Editou Type Of Product - Dream Cap', '186.223.136.26', '2018-06-06 16:52:11'),
(532, 1, 'Editou Type Of Product - Dream Cap', '186.223.136.26', '2018-06-06 16:59:10'),
(533, 1, 'Editou Type Of Product - Lata', '186.223.136.26', '2018-06-06 17:00:02'),
(534, 1, 'Editou Type Of Product - Lata', '186.223.136.26', '2018-06-06 17:00:13'),
(535, 1, 'Editou Type Of Product - Lata', '186.223.136.26', '2018-06-06 17:00:22'),
(536, 1, 'Editou Type Of Product - Tin', '186.223.136.26', '2018-06-06 17:01:11'),
(537, 1, 'Editou Type Of Product - Tin', '186.223.136.26', '2018-06-06 17:04:12'),
(538, 1, 'Editou Type Of Product - Lata', '186.223.136.26', '2018-06-06 17:05:02'),
(539, 1, 'Editou Type Of Product - Lata', '186.223.136.26', '2018-06-06 17:05:31'),
(540, 1, 'Editou Type Of Product - Tin', '186.223.136.26', '2018-06-06 17:06:39'),
(541, 1, 'Editou Type Of Product - Dream Cap', '186.223.136.26', '2018-06-06 17:49:59'),
(542, 1, 'Editou Type Of Product - Lata', '186.223.136.26', '2018-06-06 17:51:02'),
(543, 1, 'Editou Type Of Product - Lata', '186.223.136.26', '2018-06-06 17:51:48'),
(544, 1, 'Editou Type Of Product - Tin', '186.223.136.26', '2018-06-06 17:53:52'),
(545, 1, 'Efetuou login', '186.223.136.26', '2018-06-06 21:00:48'),
(546, 1, 'Editou Type Of Product - Dream Cap', '186.223.136.26', '2018-06-06 21:02:59'),
(547, 1, 'Editou Type Of Product - Lata', '186.223.136.26', '2018-06-06 21:04:57'),
(548, 1, 'Editou Type Of Product - Tin', '186.223.136.26', '2018-06-06 21:06:53'),
(549, 1, 'Editou Type Of Product - Dream Cap', '186.223.136.26', '2018-06-06 21:25:14'),
(550, 1, 'Efetuou login', '186.223.136.26', '2018-06-06 22:30:47'),
(551, 1, 'Editou Type Of Product - Dream Cap', '186.223.136.26', '2018-06-06 22:31:24'),
(552, 1, 'Efetuou login', '186.223.136.26', '2018-06-07 16:06:52'),
(553, 1, 'Editou Type Of Product - Dream Cap', '186.223.136.26', '2018-06-07 16:18:14'),
(554, 1, 'Editou Type Of Product - Dream Cap', '186.223.136.26', '2018-06-07 16:23:56'),
(555, 1, 'Editou Type Of Product - Dream Cap', '186.223.136.26', '2018-06-07 16:24:55'),
(556, 1, 'Editou Type Of Product - Dream Cap', '186.223.136.26', '2018-06-07 16:25:25'),
(557, 1, 'Editou Type Of Product - Lata', '186.223.136.26', '2018-06-07 16:27:26'),
(558, 1, 'Editou Type Of Product - Tin', '186.223.136.26', '2018-06-07 16:28:53'),
(559, 1, 'Editou Type Of Product - Tin', '186.223.136.26', '2018-06-07 17:37:41'),
(560, 1, 'Editou Type Of Product - Lata', '186.223.136.26', '2018-06-07 17:38:04'),
(561, 1, 'Efetuou login', '186.223.136.26', '2018-06-19 20:32:03'),
(562, 1, 'Editou Type Of Product - Dream Cap', '186.223.136.26', '2018-06-19 20:56:48'),
(563, 1, 'Editou Type Of Product - Dream Cap', '186.223.136.26', '2018-06-19 21:03:09'),
(564, 1, 'Editou Brand - For Kids', '186.223.136.26', '2018-06-19 21:04:34'),
(565, 1, 'Efetuou login', '::1', '2018-08-10 13:33:26'),
(566, 1, 'Desativou Usuário - Diego', '::1', '2018-08-10 13:42:00'),
(567, 1, 'Ativou Usuário - Diego', '::1', '2018-08-10 13:42:02'),
(568, 1, 'Inseriu Tags - music', '::1', '2018-08-10 14:08:11'),
(569, 1, 'Inseriu Tags - music', '::1', '2018-08-10 14:08:32'),
(570, 1, 'Inseriu Tags - music', '::1', '2018-08-10 14:08:48'),
(571, 1, 'Desativou Usuário - music', '::1', '2018-08-10 14:08:50'),
(572, 1, 'Ativou Usuário - music', '::1', '2018-08-10 14:08:54'),
(573, 1, 'Excluiu Tags - music', '::1', '2018-08-10 14:08:56'),
(574, 1, 'Inseriu Cidades - Recife', '::1', '2018-08-10 14:36:54'),
(575, 1, 'Inseriu Cidades - Recife', '::1', '2018-08-10 14:39:05'),
(576, 1, 'Inseriu Cidades - Recife', '::1', '2018-08-10 14:39:40'),
(577, 1, 'Desativou Usuário - Recife', '::1', '2018-08-10 14:39:45'),
(578, 1, 'Ativou Usuário - Recife', '::1', '2018-08-10 14:39:46'),
(579, 1, 'Editou Shows - Musicando', '::1', '2018-08-10 14:45:42'),
(580, 1, 'Inseriu Shows - Mangue', '::1', '2018-08-10 17:15:46'),
(581, 1, 'Editou Shows - Mangue', '::1', '2018-08-10 17:23:38'),
(582, 1, 'Editou Shows - Mangue', '::1', '2018-08-10 17:24:57'),
(583, 1, 'Excluiu Shows - Musicando', '::1', '2018-08-10 17:25:07'),
(584, 1, 'Inseriu Shows - Sign Paint', '::1', '2018-08-10 18:38:08'),
(585, 1, 'Inseriu Shows - Sign Paint', '::1', '2018-08-10 18:38:45'),
(586, 1, 'Inseriu Shows - Sign Paint', '::1', '2018-08-10 18:39:04'),
(587, 1, 'Excluiu Shows - Sign Paint', '::1', '2018-08-10 18:40:27'),
(588, 1, 'Excluiu Shows - Sign Paint', '::1', '2018-08-10 18:40:28'),
(589, 1, 'Excluiu Shows - Sign Paint', '::1', '2018-08-10 18:40:29'),
(590, 1, 'Inseriu Shows - Sign Paint', '::1', '2018-08-10 18:40:42'),
(591, 1, 'Editou Shows - Sign Paint', '::1', '2018-08-10 18:47:31'),
(592, 1, 'Editou Shows - Sign Paint', '::1', '2018-08-10 18:48:01'),
(593, 1, 'Editou Shows - Sign Paint', '::1', '2018-08-10 18:48:14'),
(594, 1, 'Editou Shows - Sign Paint', '::1', '2018-08-10 18:48:18'),
(595, 1, 'Editou Shows - Sign Paint', '::1', '2018-08-10 18:48:24'),
(596, 1, 'Editou Shows - Sign Paint', '::1', '2018-08-10 18:48:53'),
(597, 1, 'Editou Shows - Sign Paint', '::1', '2018-08-10 18:49:22'),
(598, 1, 'Desativou Client - Amanda Bayners', '::1', '2018-08-10 18:54:46'),
(599, 1, 'Ativou Client - Amanda Bayners', '::1', '2018-08-10 18:54:50'),
(600, 1, 'Inseriu Cliente - Teste da Silva', '::1', '2018-08-10 19:49:18'),
(601, 1, 'Editou Cliente - Teste da Silva', '::1', '2018-08-10 19:51:16'),
(602, 1, 'Editou Cliente - Teste da Silva', '::1', '2018-08-10 19:51:48'),
(603, 1, 'Editou Cliente - Teste da Silva', '::1', '2018-08-10 19:52:00'),
(604, 1, 'Excluiu Cliente - Amanda Bayners', '::1', '2018-08-10 19:53:08'),
(605, 1, 'Editou Usuário - Diego', '::1', '2018-08-10 20:43:08'),
(606, 1, 'Editou Usuário - Diego', '::1', '2018-08-10 20:43:12'),
(607, 1, 'Editou Usuário - Diego', '::1', '2018-08-10 20:43:16'),
(608, 1, 'Inseriu Usuário - Vendor 1', '::1', '2018-08-10 20:44:58'),
(609, 1, 'Inseriu Cliente - Sign Paint', '::1', '2018-08-13 12:00:07'),
(610, 1, 'Excluiu Usuário - sdsad', '::1', '2018-08-13 12:00:15'),
(611, 1, 'Excluiu Usuário - Vendor 1', '::1', '2018-08-13 12:00:18'),
(612, 1, 'Desativou Usuário - Mangue', '::1', '2018-08-13 12:04:17'),
(613, 1, 'Ativou Usuário - Mangue', '::1', '2018-08-13 12:04:18'),
(614, 1, 'Editou Usuário - Diego', '::1', '2018-08-13 12:32:47'),
(615, 1, 'Editou Usuário - Diego', '::1', '2018-08-13 12:32:53'),
(616, 1, 'Efetuou logout', '::1', '2018-08-13 12:32:59'),
(617, 2, 'Efetuou login', '::1', '2018-08-13 12:33:03'),
(618, 2, 'Efetuou logout', '::1', '2018-08-13 12:35:34'),
(619, 1, 'Efetuou login', '::1', '2018-08-13 12:35:35'),
(620, 1, 'Efetuou logout', '::1', '2018-08-13 12:43:14'),
(621, 2, 'Efetuou login', '::1', '2018-08-13 12:43:19'),
(622, 2, 'Editou Usuário - Diego', '::1', '2018-08-13 12:45:08'),
(623, 2, 'Efetuou logout', '::1', '2018-08-13 12:54:05'),
(624, 1, 'Efetuou login', '::1', '2018-08-13 12:54:06'),
(625, 1, 'Editou Usuário - Diego', '::1', '2018-08-13 12:54:26'),
(626, 1, 'Editou Usuário - Diego', '::1', '2018-08-13 12:57:10'),
(627, 1, 'Editou Usuário - Diego', '::1', '2018-08-13 12:57:48'),
(628, 1, 'Editou Usuário - Diego', '::1', '2018-08-13 12:58:08'),
(629, 1, 'Editou Usuário - Diego', '::1', '2018-08-13 12:59:44'),
(630, 1, 'Editou Usuário - Diego', '::1', '2018-08-13 12:59:50'),
(631, 1, 'Editou Usuário - Diego', '::1', '2018-08-13 13:00:11'),
(632, 1, 'Editou Usuário - Diego', '::1', '2018-08-13 13:00:12'),
(633, 1, 'Editou Usuário - Diego', '::1', '2018-08-13 13:00:16'),
(634, 1, 'Editou Usuário - Diego', '::1', '2018-08-13 13:00:39'),
(635, 1, 'Efetuou logout', '::1', '2018-08-13 13:02:11'),
(636, 2, 'Efetuou login', '::1', '2018-08-13 13:02:16'),
(637, 2, 'Editou Usuário - Diego Cappen', '::1', '2018-08-13 13:02:38'),
(638, 2, 'Efetuou logout', '::1', '2018-08-13 13:02:53'),
(639, 1, 'Efetuou login', '::1', '2018-08-13 13:02:54'),
(640, 1, 'Editou Usuário - Diego Cappen', '::1', '2018-08-13 13:03:54'),
(641, 1, 'Efetuou logout', '::1', '2018-08-13 13:04:03'),
(642, 2, 'Efetuou login', '::1', '2018-08-13 13:04:08'),
(643, 2, 'Editou Usuário - Diego Cappen', '::1', '2018-08-13 13:04:12'),
(644, 2, 'Editou Eventos - Mangue', '::1', '2018-08-13 13:30:43'),
(645, 2, 'Editou Eventos - Mangue', '::1', '2018-08-13 13:32:37'),
(646, 2, 'Editou Eventos - Mangue', '::1', '2018-08-13 13:34:46'),
(647, 2, 'Efetuou logout', '::1', '2018-08-13 16:33:08'),
(648, 1, 'Efetuou login', '::1', '2018-08-15 12:43:49'),
(649, 1, 'Editou Cliente - Sign Paint', '::1', '2018-08-15 12:44:05'),
(650, 1, 'Efetuou login', '::1', '2018-08-15 16:53:34'),
(651, 1, 'Efetuou login', '::1', '2018-08-24 12:01:54'),
(652, 1, 'Editou Usuário - Diego Cappen', '::1', '2018-08-24 17:34:00'),
(653, 1, 'Editou Usuário - Ruan', '::1', '2018-08-24 17:58:54'),
(654, 1, 'Efetuou login', '::1', '2018-08-24 19:42:23'),
(655, 1, 'Editou Usuário - Diego Cappen', '::1', '2018-08-24 19:43:23'),
(656, 1, 'Editou Usuário - Diego Cappen', '::1', '2018-08-24 19:47:02'),
(657, 1, 'Efetuou login', '177.134.192.39', '2018-08-27 18:08:50'),
(658, 1, 'Efetuou login', '177.134.192.39', '2018-08-27 18:22:41'),
(659, 1, 'Editou Eventos - Evento do Recife', '177.134.192.39', '2018-08-27 18:23:11'),
(660, 1, 'Editou Eventos - Evento do Recife', '177.134.192.39', '2018-08-27 18:24:10'),
(661, 1, 'Editou Eventos - Evento do Recife', '177.134.192.39', '2018-08-27 18:31:11'),
(662, 1, 'Efetuou login', '179.152.225.231', '2018-08-30 17:47:06');

-- --------------------------------------------------------

--
-- Table structure for table `cp_perfil`
--

CREATE TABLE `cp_perfil` (
  `id` int(11) NOT NULL,
  `nome` varchar(255) NOT NULL,
  `slug` varchar(255) NOT NULL,
  `ativo` tinyint(1) DEFAULT '1',
  `excluido` tinyint(1) DEFAULT '0',
  `criado_em` timestamp NULL DEFAULT CURRENT_TIMESTAMP
) ENGINE=InnoDB DEFAULT CHARSET=utf8;

--
-- Dumping data for table `cp_perfil`
--

INSERT INTO `cp_perfil` (`id`, `nome`, `slug`, `ativo`, `excluido`, `criado_em`) VALUES
(1, 'Admin', 'admin', 1, 0, '2013-10-11 18:47:07'),
(2, 'Colaborador', 'colaborador', 1, 0, '2013-10-15 19:42:34'),
(3, 'RH', 'teste', 1, 1, '2018-05-03 01:26:24');

-- --------------------------------------------------------

--
-- Table structure for table `cp_permissoes`
--

CREATE TABLE `cp_permissoes` (
  `id` int(10) NOT NULL,
  `perfil_id` int(11) NOT NULL,
  `tela_id` int(11) NOT NULL,
  `consultar` tinyint(1) NOT NULL DEFAULT '0',
  `inserir` tinyint(1) NOT NULL DEFAULT '0',
  `editar` tinyint(1) NOT NULL DEFAULT '0',
  `excluir` tinyint(1) NOT NULL DEFAULT '0',
  `datacriacao` timestamp NOT NULL DEFAULT CURRENT_TIMESTAMP
) ENGINE=InnoDB DEFAULT CHARSET=utf8;

--
-- Dumping data for table `cp_permissoes`
--

INSERT INTO `cp_permissoes` (`id`, `perfil_id`, `tela_id`, `consultar`, `inserir`, `editar`, `excluir`, `datacriacao`) VALUES
(1, 2, 1, 1, 0, 0, 0, '2013-10-11 19:13:03'),
(2, 2, 2, 1, 1, 1, 0, '2013-10-11 19:58:53'),
(3, 2, 3, 1, 1, 1, 0, '2013-10-11 23:25:36'),
(4, 2, 4, 1, 0, 0, 0, '2013-10-11 23:25:36'),
(5, 2, 5, 1, 0, 0, 0, '2016-09-05 20:02:26'),
(6, 2, 6, 1, 0, 0, 0, '2016-09-27 02:24:21'),
(7, 2, 7, 1, 0, 0, 0, '2017-03-10 20:24:21'),
(8, 2, 8, 1, 0, 0, 0, '2017-03-10 20:24:46'),
(9, 3, 1, 0, 0, 0, 0, '2018-05-03 01:26:24'),
(10, 3, 2, 0, 0, 0, 0, '2018-05-03 01:26:24'),
(11, 3, 3, 0, 0, 0, 0, '2018-05-03 01:26:24'),
(12, 3, 4, 0, 0, 0, 0, '2018-05-03 01:26:24'),
(13, 3, 5, 0, 0, 0, 0, '2018-05-03 01:26:24'),
(14, 3, 6, 0, 0, 0, 0, '2018-05-03 01:26:24'),
(15, 2, 7, 0, 0, 0, 0, '2018-05-03 01:55:10'),
(16, 3, 7, 1, 1, 1, 1, '2018-05-03 01:55:10'),
(17, 2, 8, 0, 0, 0, 0, '2018-05-03 01:55:27'),
(18, 3, 8, 1, 1, 1, 1, '2018-05-03 01:55:27'),
(19, 2, 9, 0, 0, 0, 0, '2018-05-03 01:55:41'),
(20, 3, 9, 0, 0, 0, 0, '2018-05-03 01:55:41'),
(21, 2, 10, 0, 0, 0, 0, '2018-05-03 01:56:08'),
(22, 3, 10, 0, 0, 0, 0, '2018-05-03 01:56:08'),
(23, 2, 11, 0, 0, 0, 0, '2018-05-03 02:07:35'),
(24, 3, 11, 1, 1, 1, 1, '2018-05-03 02:07:35');

-- --------------------------------------------------------

--
-- Table structure for table `cp_shows`
--

CREATE TABLE `cp_shows` (
  `id` int(11) NOT NULL,
  `nome` varchar(155) NOT NULL,
  `cidade` varchar(155) NOT NULL,
  `data` date NOT NULL,
  `hora` time(6) NOT NULL,
  `preco` decimal(10,2) DEFAULT NULL,
  `descricao` text,
  `local` varchar(255) DEFAULT NULL,
  `uf` varchar(155) NOT NULL,
  `gratis` int(11) NOT NULL DEFAULT '0',
  `usuario` int(11) NOT NULL,
  `slug` varchar(155) NOT NULL,
  `logradouro` varchar(155) DEFAULT NULL,
  `bairro` varchar(155) DEFAULT NULL,
  `numero` varchar(50) DEFAULT NULL,
  `telefone` varchar(20) DEFAULT NULL,
  `link` varchar(255) DEFAULT NULL,
  `ativo` int(11) NOT NULL DEFAULT '1',
  `excluido` int(11) NOT NULL DEFAULT '0',
  `criado_em` timestamp NOT NULL DEFAULT CURRENT_TIMESTAMP
) ENGINE=InnoDB DEFAULT CHARSET=latin1;

--
-- Dumping data for table `cp_shows`
--

INSERT INTO `cp_shows` (`id`, `nome`, `cidade`, `data`, `hora`, `preco`, `descricao`, `local`, `uf`, `gratis`, `usuario`, `slug`, `logradouro`, `bairro`, `numero`, `telefone`, `link`, `ativo`, `excluido`, `criado_em`) VALUES
(1, 'Evento do Recife', '1', '2018-09-19', '12:00:00.000000', '0.00', '', 'Caxanga', 'PE', 1, 1, 'evento-do-recife', '', '', '', '', '', 1, 0, '2018-08-10 20:08:48'),
(2, 'Musicando', '2', '2018-09-19', '15:00:00.000000', '15.00', '\"Não há ninguém que ame a dor por si só, que a busque e queira tê-la, simplesmente por ser dor...\"\r\nO que é Lorem Ipsum?\r\nLorem Ipsum é simplesmente uma simulação de texto da indústria tipográfica e de impressos, e vem sendo utilizado desde o século XVI, quando um impressor desconhecido pegou uma bandeja de tipos e os embaralhou para fazer um livro de modelos de tipos. Lorem Ipsum sobreviveu não só a cinco séculos, como também ao salto para a editoração eletrônica, permanecendo essencialmente inalterado. Se popularizou na década de 60, quando a Letraset lançou decalques contendo passagens de Lorem Ipsum, e mais recentemente quando passou a ser integrado a softwares de editoração ', 'internacional', 'PE', 0, 0, 'musicando', 'RUa Antonio de Góes', 'Jardim Aylântico', '700', '(81) 99899.9999', NULL, 1, 0, '2018-08-10 17:39:40'),
(3, 'Mangue', '2', '2018-09-19', '18:20:00.000000', '250.00', 'descricao do evento aqui.', 'Cabanga', 'PE', 1, 2, 'mangue', NULL, NULL, NULL, NULL, NULL, 1, 0, '2018-08-10 17:15:46'),
(4, 'Sign Paint', '1', '2018-08-31', '00:00:00.000000', '0.00', 'dsdf dfdsfdsfdsfdf', 'Miami', 'PE', 1, 0, 'sign-paint', NULL, NULL, NULL, NULL, NULL, 1, 0, '2018-08-10 18:38:09'),
(5, 'Sign Paint', 'Miami', '2019-05-23', '00:00:00.000000', '0.00', 'dsdf dfdsfdsfdsfdf', 'Miami', 'FL', 1, 0, 'sign-paint-2', NULL, NULL, NULL, NULL, NULL, 1, 1, '2018-08-10 18:38:45'),
(6, 'Sign Paint', 'Miami', '2019-05-23', '00:00:00.000000', '0.00', 'dsdf dfdsfdsfdsfdf', 'Miami', 'FL', 1, 0, 'sign-paint-3', NULL, NULL, NULL, NULL, NULL, 1, 1, '2018-08-10 18:39:04'),
(7, 'Sign Paint', 'Miami', '2019-05-23', '00:00:00.000000', '0.00', 'sd asdsad sadsd', 'Miami', 'FL', 1, 0, 'sign-paint', NULL, NULL, NULL, NULL, NULL, 1, 0, '2018-08-10 18:40:42');

-- --------------------------------------------------------

--
-- Table structure for table `cp_shows_tags`
--

CREATE TABLE `cp_shows_tags` (
  `id` int(11) NOT NULL,
  `showid` int(11) NOT NULL,
  `tag` int(11) NOT NULL
) ENGINE=InnoDB DEFAULT CHARSET=latin1;

--
-- Dumping data for table `cp_shows_tags`
--

INSERT INTO `cp_shows_tags` (`id`, `showid`, `tag`) VALUES
(2, 2, 2),
(3, 2, 1),
(4, 1, 1);

-- --------------------------------------------------------

--
-- Table structure for table `cp_tags`
--

CREATE TABLE `cp_tags` (
  `id` int(11) NOT NULL,
  `nome` varchar(155) NOT NULL,
  `slug` varchar(155) NOT NULL,
  `ativo` int(11) NOT NULL DEFAULT '1',
  `excluido` int(11) NOT NULL DEFAULT '0',
  `criado_em` timestamp NOT NULL DEFAULT CURRENT_TIMESTAMP
) ENGINE=InnoDB DEFAULT CHARSET=latin1;

--
-- Dumping data for table `cp_tags`
--

INSERT INTO `cp_tags` (`id`, `nome`, `slug`, `ativo`, `excluido`, `criado_em`) VALUES
(1, 'music', 'music', 1, 0, '2018-08-10 14:08:48'),
(2, 'festival', 'festival', 1, 0, '2018-08-10 18:29:03');

-- --------------------------------------------------------

--
-- Table structure for table `cp_tela`
--

CREATE TABLE `cp_tela` (
  `id` int(11) NOT NULL,
  `nome` varchar(255) NOT NULL,
  `slug` varchar(255) NOT NULL,
  `ordem` int(2) DEFAULT NULL,
  `exibir_menu` tinyint(1) DEFAULT '1',
  `excluido` tinyint(1) NOT NULL DEFAULT '0'
) ENGINE=InnoDB DEFAULT CHARSET=utf8;

--
-- Dumping data for table `cp_tela`
--

INSERT INTO `cp_tela` (`id`, `nome`, `slug`, `ordem`, `exibir_menu`, `excluido`) VALUES
(1, 'Admins', 'cms-user', 1, 1, 0),
(2, 'Clients', 'cms-clients', 4, 1, 0),
(3, 'Tela', 'cms-tela', 3, 1, 0),
(4, 'Perfil', 'cms-perfil', 2, 1, 0),
(5, 'Shows', 'cms-shows', 2, 1, 0),
(6, 'Cidades', 'cms_cidades', 3, 1, 0),
(7, 'Tags', 'cms_tags', 4, 1, 0),
(8, 'Usuários', 'cms_users', NULL, 1, 0);

-- --------------------------------------------------------

--
-- Table structure for table `cp_usuarios_cidades`
--

CREATE TABLE `cp_usuarios_cidades` (
  `id` int(11) NOT NULL,
  `usuario` int(11) NOT NULL,
  `cidade` int(11) NOT NULL
) ENGINE=InnoDB DEFAULT CHARSET=latin1;

--
-- Dumping data for table `cp_usuarios_cidades`
--

INSERT INTO `cp_usuarios_cidades` (`id`, `usuario`, `cidade`) VALUES
(6, 3, 1),
(9, 2, 1),
(10, 2, 2);

--
-- Indexes for dumped tables
--

--
-- Indexes for table `cp_cidades`
--
ALTER TABLE `cp_cidades`
  ADD PRIMARY KEY (`id`);

--
-- Indexes for table `cp_log`
--
ALTER TABLE `cp_log`
  ADD PRIMARY KEY (`id`),
  ADD KEY `fk_logs_usuarios1_idx` (`usuario_id`);

--
-- Indexes for table `cp_perfil`
--
ALTER TABLE `cp_perfil`
  ADD PRIMARY KEY (`id`);

--
-- Indexes for table `cp_permissoes`
--
ALTER TABLE `cp_permissoes`
  ADD PRIMARY KEY (`id`);

--
-- Indexes for table `cp_shows`
--
ALTER TABLE `cp_shows`
  ADD PRIMARY KEY (`id`);

--
-- Indexes for table `cp_shows_tags`
--
ALTER TABLE `cp_shows_tags`
  ADD PRIMARY KEY (`id`);

--
-- Indexes for table `cp_tags`
--
ALTER TABLE `cp_tags`
  ADD PRIMARY KEY (`id`);

--
-- Indexes for table `cp_tela`
--
ALTER TABLE `cp_tela`
  ADD PRIMARY KEY (`id`);

--
-- Indexes for table `cp_usuarios_cidades`
--
ALTER TABLE `cp_usuarios_cidades`
  ADD PRIMARY KEY (`id`);

--
-- AUTO_INCREMENT for dumped tables
--

--
-- AUTO_INCREMENT for table `cp_cidades`
--
ALTER TABLE `cp_cidades`
  MODIFY `id` int(11) NOT NULL AUTO_INCREMENT, AUTO_INCREMENT=3;

--
-- AUTO_INCREMENT for table `cp_log`
--
ALTER TABLE `cp_log`
  MODIFY `id` int(11) NOT NULL AUTO_INCREMENT, AUTO_INCREMENT=663;

--
-- AUTO_INCREMENT for table `cp_perfil`
--
ALTER TABLE `cp_perfil`
  MODIFY `id` int(11) NOT NULL AUTO_INCREMENT, AUTO_INCREMENT=4;

--
-- AUTO_INCREMENT for table `cp_permissoes`
--
ALTER TABLE `cp_permissoes`
  MODIFY `id` int(10) NOT NULL AUTO_INCREMENT, AUTO_INCREMENT=25;

--
-- AUTO_INCREMENT for table `cp_shows`
--
ALTER TABLE `cp_shows`
  MODIFY `id` int(11) NOT NULL AUTO_INCREMENT, AUTO_INCREMENT=8;

--
-- AUTO_INCREMENT for table `cp_shows_tags`
--
ALTER TABLE `cp_shows_tags`
  MODIFY `id` int(11) NOT NULL AUTO_INCREMENT, AUTO_INCREMENT=5;

--
-- AUTO_INCREMENT for table `cp_tags`
--
ALTER TABLE `cp_tags`
  MODIFY `id` int(11) NOT NULL AUTO_INCREMENT, AUTO_INCREMENT=3;

--
-- AUTO_INCREMENT for table `cp_tela`
--
ALTER TABLE `cp_tela`
  MODIFY `id` int(11) NOT NULL AUTO_INCREMENT, AUTO_INCREMENT=9;

--
-- AUTO_INCREMENT for table `cp_usuarios_cidades`
--
ALTER TABLE `cp_usuarios_cidades`
  MODIFY `id` int(11) NOT NULL AUTO_INCREMENT, AUTO_INCREMENT=11;
COMMIT;

