-- https://www.phpmyadmin.net/
--

START TRANSACTION;



--
-- Database: `brilux`
--

-- --------------------------------------------------------

--
-- Table structure for table `cp_categorias`
--

CREATE TABLE `cp_categorias` (
  `id` int(10) NOT NULL,
  `nome` varchar(255) DEFAULT NULL,
  `ativo` tinyint(1) DEFAULT '1',
  `excluido` timestamp NULL DEFAULT NULL,
  `criado_em` timestamp NULL DEFAULT CURRENT_TIMESTAMP,
  `atualizado_em` timestamp NULL DEFAULT NULL
) ENGINE=MyISAM DEFAULT CHARSET=utf8;

--
-- Dumping data for table `cp_categorias`
--

INSERT INTO `cp_categorias` (`id`, `nome`, `ativo`, `excluido`, `criado_em`, `atualizado_em`) VALUES
(1, 'Categoria #01', 1, '2018-04-25 16:53:40', '2018-03-28 20:30:58', NULL),
(2, 'Categoria #02', 1, '2018-04-25 16:53:42', '2018-03-29 17:50:59', NULL),
(3, 'Categoria #03', 1, '2018-04-25 16:53:44', '2018-03-29 17:51:04', NULL),
(4, 'Água Sanitária', 1, '2018-04-25 17:22:37', '2018-03-29 18:28:11', NULL),
(5, 'Água Sanitária', 1, NULL, '2018-04-25 17:22:50', NULL),
(6, 'Álcool', 1, NULL, '2018-04-25 17:40:50', NULL),
(7, 'Alvejante Perfumado', 1, NULL, '2018-04-25 18:16:19', NULL),
(8, 'Alvejante sem Cloro', 1, NULL, '2018-04-25 18:40:33', NULL),
(9, 'Cloro gel', 1, NULL, '2018-04-25 18:49:39', NULL),
(10, 'Desengordurante', 1, NULL, '2018-04-25 18:53:30', NULL),
(11, 'Desinfetante', 1, NULL, '2018-04-25 19:02:59', NULL),
(12, 'Detergentes', 1, NULL, '2018-04-25 19:16:18', NULL),
(13, 'Esponjas', 1, NULL, '2018-04-25 19:34:16', NULL),
(14, 'Lava-Roupas', 1, NULL, '2018-04-25 19:47:15', NULL),
(15, 'Limpador Perfumado', 1, NULL, '2018-04-25 20:09:47', NULL),
(16, 'Limpa-Vidros', 1, NULL, '2018-04-25 20:30:17', NULL),
(17, 'Limpesa Pesada', 1, NULL, '2018-04-25 20:44:01', NULL),
(18, 'Multiuso', 1, NULL, '2018-04-25 20:55:31', NULL),
(19, 'Saco para lixo', 1, NULL, '2018-04-25 21:09:54', NULL),
(20, 'Tira-Manchas', 1, NULL, '2018-04-26 13:10:43', NULL),
(21, 'Tira-Mofo e Limo', 1, NULL, '2018-04-26 13:26:59', NULL),
(22, 'Tira-Odores', 1, NULL, '2018-04-26 13:27:15', NULL);

-- --------------------------------------------------------

--
-- Table structure for table `cp_dicas`
--

CREATE TABLE `cp_dicas` (
  `id` int(10) NOT NULL,
  `titulo` varchar(255) DEFAULT '',
  `slug` varchar(255) DEFAULT NULL,
  `descricao` text,
  `tags` varchar(255) DEFAULT NULL,
  `video` varchar(255) DEFAULT NULL,
  `imagem` varchar(255) DEFAULT '',
  `imagem_capa` varchar(255) DEFAULT NULL,
  `ativo` tinyint(1) DEFAULT '1',
  `excluido` timestamp NULL DEFAULT NULL,
  `criado_em` timestamp NULL DEFAULT CURRENT_TIMESTAMP,
  `atualizado_em` timestamp NULL DEFAULT NULL ON UPDATE CURRENT_TIMESTAMP
) ENGINE=MyISAM DEFAULT CHARSET=utf8;

--
-- Dumping data for table `cp_dicas`
--

INSERT INTO `cp_dicas` (`id`, `titulo`, `slug`, `descricao`, `tags`, `video`, `imagem`, `imagem_capa`, `ativo`, `excluido`, `criado_em`, `atualizado_em`) VALUES
(1, 'Dica #01', 'teste', '<p>Lorem ipsum dolor sit amet, consectetur adipiscing elit. Fusce ac augue libero. Aliquam nulla erat, tincidunt viverra risus ac, aliquam bibendum metus.</p>\r\n', '', '', 'dica-1-20180423150555.jpg', 'dica-1-20180423150556.jpg', 1, '2018-04-26 14:05:39', '2018-03-29 20:13:19', '2018-04-26 14:05:39'),
(2, 'Dica #02', 'dica-02', '<p>Lorem ipsum dolor sit amet, consectetur adipiscing elit. Fusce ac augue libero. Aliquam nulla erat, tincidunt viverra risus ac, aliquam bibendum metus.</p>\r\n', '', 'https://player.vimeo.com/video/200892340?color=ff5d5a&title=0', '', 'dica-2-20180423150629.jpg', 1, '2018-04-26 14:05:39', '2018-03-29 20:37:55', '2018-04-26 14:05:39'),
(3, 'Dica #03', 'dica-03', '<p>Lorem ipsum dolor sit amet, consectetur adipiscing elit. Fusce ac augue libero. Aliquam nulla erat, tincidunt viverra risus ac, aliquam bibendum metus.</p>\r\n', '', 'https://www.youtube.com/watch?v=dmEZvMcRUF0', '', 'dica-3-20180423145554.jpg', 1, '2018-04-26 14:05:39', '2018-04-02 17:03:09', '2018-04-26 14:05:39'),
(4, 'Dica #04', 'dica-04', '<p>Lorem ipsum dolor sit amet, consectetur adipiscing elit. Fusce ac augue libero. Aliquam nulla erat, tincidunt viverra risus ac, aliquam bibendum metus.</p>\r\n', '', '', '', 'dica-4-20180423145617.jpg', 1, '2018-04-26 14:05:39', '2018-04-02 17:03:52', '2018-04-26 14:05:39'),
(5, 'Dica #05', 'teste-05', '<p>Lorem ipsum dolor sit amet, consectetur adipiscing elit. Fusce ac augue libero. Aliquam nulla erat, tincidunt viverra risus ac, aliquam bibendum metus.</p>\r\n', '', '', '', 'dica-5-20180423145647.jpg', 1, '2018-04-26 14:05:39', '2018-04-19 18:18:53', '2018-04-26 14:05:39'),
(6, 'Dica #06', 'teste-06', '<p>Lorem ipsum dolor sit amet, consectetur adipiscing elit. Fusce ac augue libero. Aliquam nulla erat, tincidunt viverra risus ac, aliquam bibendum metus.</p>\r\n', '', '', 'dica-1-20180423145709.jpg', 'dica-1-20180423145709.jpg', 1, '2018-04-26 14:05:39', '2018-04-19 18:20:33', '2018-04-26 14:05:39'),
(7, 'Dica #07', 'teste-07', '<p>Lorem ipsum dolor sit amet, consectetur adipiscing elit. Fusce ac augue libero. Aliquam nulla erat, tincidunt viverra risus ac, aliquam bibendum metus.</p>\r\n', '', '', 'dica-2-20180423150851.jpg', 'dica-2-20180423150852.jpg', 1, '2018-04-26 14:05:39', '2018-04-19 18:21:10', '2018-04-26 14:05:39'),
(8, 'Dica #08', 'teste-08', '<p>Lorem ipsum dolor sit amet, consectetur adipiscing elit. Fusce ac augue libero. Aliquam nulla erat, tincidunt viverra risus ac, aliquam bibendum metus.</p>\r\n', '', '', 'dica-3-20180423150953.jpg', 'dica-3-20180423150954.jpg', 1, '2018-04-26 14:05:39', '2018-04-19 18:23:10', '2018-04-26 14:05:39'),
(9, 'Dica #09', 'teste-09', '<p>Lorem ipsum dolor sit amet, consectetur adipiscing elit. Fusce ac augue libero. Aliquam nulla erat, tincidunt viverra risus ac, aliquam bibendum metus.</p>\r\n', '', '', 'dica-4-20180423151018.jpg', 'dica-4-20180423151019.jpg', 1, '2018-04-26 14:05:39', '2018-04-19 18:29:53', '2018-04-26 14:05:39'),
(10, 'Dica #10', 'teste-10', '<p>Lorem ipsum dolor sit amet, consectetur adipiscing elit. Fusce ac augue libero. Aliquam nulla erat, tincidunt viverra risus ac, aliquam bibendum metus.</p>\r\n', '', '', 'dica-5-20180423151044.jpg', 'dica-5-20180423151045.jpg', 1, '2018-04-26 14:05:39', '2018-04-19 18:30:20', '2018-04-26 14:05:39'),
(11, 'Limpando o chuveiro', 'limpando-o-chuveiro', '<p>Pro banheiro ficar 100% limpinho, é preciso limpar o chuveiro também. A gente tem uma dica: coloque uma sacolinha com um pouco de água sanitária Brilux amarrada na ducha, abra o registro e deixe encher a sacola. Deixe o chuveiro submerso por 20 minutinhos e pronto. Todos os furinhos vão estar limpos e desentupidos&nbsp;;)&nbsp;</p>\r\n\r\n<p>&nbsp;</p>\r\n\r\n<p><a href=\"https://www.facebook.com/hashtag/brilux?source=feed_text\">#Brilux</a>&nbsp;<a href=\"https://www.facebook.com/hashtag/dicabrilux?source=feed_text\">#DicaBrilux</a></p>\r\n', '', '', 'chuveiro-20180426112535.jpg', 'chuveiro-thumb-20180426112536.jpg', 1, NULL, '2018-04-26 14:25:36', '2018-04-26 14:27:09'),
(12, 'Sem gordura no fogão', 'sem-gordura-no-fogo', '<p>Fogão engordurado ninguém merece. O desengordurante Brilux faz todo o trabalho e deixa tudo limpinho. E ah, olha a dica: depois de limpar, pode ficar algum resíduo de produto na boca do fogão e acabar entupindo. Para isso não acontecer, acenda as bocas do fogão por alguns segundos. Isso evita o acúmulo de produto e ainda faz com que as peças sequem e não enferrujem.</p>\r\n', '', '', 'fogao-20180426113428.jpg', 'fogao-thumb-20180426113429.jpg', 1, NULL, '2018-04-26 14:34:29', NULL),
(13, 'Manchinha de chocolate nunca mais', 'manchinha-de-chocolate-nunca-mais', '<p>Criança adora chocolate, mas se lambuza toda, né? Essa dica Brilux vai pros papais de plantão. Lave o local da mancha com o tira-manchas em barra Brilux, deixe agir por 15 minutos, enxágue e leve a máquina, e adicione o lava-roupas líquido Brilux. Assim sobra mais tempo pra cair na diversão com os pequenos.&nbsp;</p>\r\n\r\n<p>&nbsp;</p>\r\n\r\n<p><a href=\"https://www.facebook.com/hashtag/diadospais?source=feed_text\">#DiaDosPais</a>&nbsp;<a href=\"https://www.facebook.com/hashtag/fam%C3%ADliabrilux?source=feed_text\">#FamíliaBrilux</a></p>\r\n', '', '', 'chocolate-20180426114637.jpg', 'chocolate-thumb-20180426114638.jpg', 1, NULL, '2018-04-26 14:46:38', NULL),
(14, 'Casa cheirosinha como nunca', 'casa-cheirosinha-como-nunca', '<p>Na hora de limpar a casa, muita gente esquece de uma parte importantíssima e que acumula muita poeira: a cortina. Se for persiana, é só passar um pano com um pouco de multi-uso Brilux e deixar secar naturalmente. As cortinas de pano devem ser tiradas à cada 6 meses para lavagem. Compartilha aqui nos comentários a sua dica! E ah, leia sempre a etiqueta e o rótulo dos produtos.&nbsp;</p>\r\n\r\n<p>&nbsp;</p>\r\n\r\n<p><br />\r\n<a href=\"https://www.facebook.com/hashtag/brilux?source=feed_text\">#Brilux</a>&nbsp;<a href=\"https://www.facebook.com/hashtag/dicabrilux?source=feed_text\">#DicaBrilux</a></p>\r\n', '', '', 'casa-20180426115647.jpg', 'casa-thumb-20180426115648.jpg', 1, NULL, '2018-04-26 14:56:48', NULL),
(15, 'Atenção a etiqueta da peça', 'ateno-a-etiqueta-da-pea', '<p>Sabe aquela etiquetinha que tem na roupa? Ela é super importante pra garantir que você faça o processo de lavagem da forma correta. Por isso, leia os símbolos com atenção.</p>\r\n\r\n<p>&nbsp;</p>\r\n\r\n<p><a href=\"https://www.facebook.com/hashtag/brilux?source=feed_text\">#Brilux</a>&nbsp;<a href=\"https://www.facebook.com/hashtag/limpeza?source=feed_text\">#Limpeza</a>&nbsp;<a href=\"https://www.facebook.com/hashtag/produtosdelimpeza?source=feed_text\">#ProdutosDeLimpeza</a></p>\r\n', '', '', 'etiqueta-20180426134900.jpg', 'etiqueta-thumb-20180426134901.jpg', 1, NULL, '2018-04-26 16:49:01', NULL),
(16, 'Dica teste', 'dica-teste', '<p>Lorem Ipsum.</p>\r\n', '', 'https://www.youtube.com/watch?v=Llttlcz7j-E', '', '', 1, '2018-04-26 18:03:32', '2018-04-26 18:01:44', '2018-04-26 18:03:32');

-- --------------------------------------------------------

--
-- Table structure for table `cp_dicas_has_cp_problemas`
--

CREATE TABLE `cp_dicas_has_cp_problemas` (
  `id` int(10) NOT NULL,
  `dica_id` int(10) DEFAULT '0',
  `problema_id` int(10) DEFAULT '0',
  `criado_em` timestamp NULL DEFAULT CURRENT_TIMESTAMP
) ENGINE=MyISAM DEFAULT CHARSET=utf8;

--
-- Dumping data for table `cp_dicas_has_cp_problemas`
--

INSERT INTO `cp_dicas_has_cp_problemas` (`id`, `dica_id`, `problema_id`, `criado_em`) VALUES
(62, 1, 2, '2018-04-23 18:05:56'),
(65, 2, 3, '2018-04-23 18:07:25'),
(67, 3, 2, '2018-04-23 18:09:05'),
(68, 4, 3, '2018-04-23 18:09:13'),
(69, 5, 1, '2018-04-23 18:09:19'),
(70, 6, 2, '2018-04-23 18:09:26'),
(66, 7, 2, '2018-04-23 18:08:52'),
(71, 8, 3, '2018-04-23 18:09:54'),
(72, 9, 1, '2018-04-23 18:10:20'),
(73, 10, 2, '2018-04-23 18:10:46'),
(75, 11, 1, '2018-04-26 14:27:09'),
(76, 12, 4, '2018-04-26 14:34:29'),
(77, 13, 5, '2018-04-26 14:46:38'),
(78, 14, 6, '2018-04-26 14:56:48');

-- --------------------------------------------------------

--
-- Table structure for table `cp_dicas_has_cp_produtos`
--

CREATE TABLE `cp_dicas_has_cp_produtos` (
  `id` int(10) NOT NULL,
  `dica_id` int(10) DEFAULT '0',
  `produto_id` int(10) DEFAULT '0',
  `criado_em` timestamp NULL DEFAULT CURRENT_TIMESTAMP
) ENGINE=MyISAM DEFAULT CHARSET=utf8;

--
-- Dumping data for table `cp_dicas_has_cp_produtos`
--

INSERT INTO `cp_dicas_has_cp_produtos` (`id`, `dica_id`, `produto_id`, `criado_em`) VALUES
(169, 1, 5, '2018-04-23 18:05:56'),
(168, 1, 3, '2018-04-23 18:05:56'),
(167, 1, 2, '2018-04-23 18:05:56'),
(166, 1, 1, '2018-04-23 18:05:56'),
(172, 2, 4, '2018-04-23 18:07:25'),
(175, 3, 3, '2018-04-23 18:09:05'),
(176, 4, 6, '2018-04-23 18:09:13'),
(179, 5, 4, '2018-04-23 18:09:19'),
(178, 5, 3, '2018-04-23 18:09:19'),
(177, 5, 2, '2018-04-23 18:09:19'),
(181, 6, 4, '2018-04-23 18:09:26'),
(180, 6, 2, '2018-04-23 18:09:26'),
(174, 7, 5, '2018-04-23 18:08:52'),
(173, 7, 3, '2018-04-23 18:08:52'),
(183, 8, 4, '2018-04-23 18:09:54'),
(182, 8, 2, '2018-04-23 18:09:54'),
(185, 9, 4, '2018-04-23 18:10:20'),
(184, 9, 2, '2018-04-23 18:10:20'),
(187, 10, 4, '2018-04-23 18:10:46'),
(186, 10, 3, '2018-04-23 18:10:46'),
(189, 11, 3, '2018-04-26 14:27:09'),
(190, 12, 26, '2018-04-26 14:34:29'),
(191, 12, 27, '2018-04-26 14:34:29'),
(192, 12, 28, '2018-04-26 14:34:29'),
(193, 13, 108, '2018-04-26 14:46:38'),
(194, 14, 82, '2018-04-26 14:56:48'),
(195, 16, 1, '2018-04-26 18:01:44');

-- --------------------------------------------------------

--
-- Table structure for table `cp_imagens`
--

CREATE TABLE `cp_imagens` (
  `id` int(11) NOT NULL,
  `relacao_id` int(11) DEFAULT '0',
  `tipo` tinyint(1) DEFAULT '1' COMMENT '1 = Notícia / 2 = Páginas',
  `titulo` varchar(255) DEFAULT NULL,
  `legenda` varchar(255) DEFAULT NULL,
  `imagem` varchar(255) DEFAULT NULL,
  `ordem` int(10) DEFAULT '0',
  `criado_em` timestamp NULL DEFAULT CURRENT_TIMESTAMP,
  `atualizado_em` timestamp NULL DEFAULT NULL ON UPDATE CURRENT_TIMESTAMP
) ENGINE=InnoDB DEFAULT CHARSET=utf8;

--
-- Dumping data for table `cp_imagens`
--

INSERT INTO `cp_imagens` (`id`, `relacao_id`, `tipo`, `titulo`, `legenda`, `imagem`, `ordem`, `criado_em`, `atualizado_em`) VALUES
(1, 1, 1, 'Teste', 'Teste 2 !!!!!!!!!', 'wallpapershd10-20160113162553.jpg', 2, '2016-01-13 22:25:55', NULL),
(2, 1, 1, NULL, NULL, 'wallpapershd11-20160113162553.jpg', 3, '2016-01-13 22:25:55', NULL),
(3, 1, 1, NULL, NULL, 'wallpapershd17-20160113162553.jpg', 4, '2016-01-13 22:25:55', NULL),
(4, 1, 1, NULL, NULL, 'wallpapershd18-20160113162554.jpg', 5, '2016-01-13 22:25:55', NULL),
(6, 1, 1, NULL, 'Texto qualquer', 'wallpapershd20-20160113162555.jpg', 1, '2016-01-13 22:25:55', NULL),
(7, 1, 1, NULL, NULL, 'wallpapershd10-20160113162553.jpg', 6, '2016-09-12 21:40:23', NULL),
(8, 1, 1, NULL, NULL, 'wallpapershd11-20160113162553.jpg', 8, '2016-09-12 21:40:26', NULL),
(9, 1, 1, NULL, NULL, 'wallpapershd17-20160113162553.jpg', 7, '2016-09-12 21:40:31', NULL),
(10, 1, 1, NULL, NULL, 'wallpapershd18-20160113162554.jpg', 9, '2016-09-12 21:40:36', NULL),
(11, 1, 1, NULL, NULL, 'wallpapershd20-20160113162555.jpg', 10, '2016-09-12 21:40:49', NULL);

-- --------------------------------------------------------

--
-- Table structure for table `cp_log`
--

CREATE TABLE `cp_log` (
  `id` int(11) NOT NULL,
  `usuario_id` int(11) NOT NULL,
  `acao` varchar(255) NOT NULL,
  `ip` varchar(15) NOT NULL,
  `criado_em` timestamp NOT NULL DEFAULT CURRENT_TIMESTAMP
) ENGINE=InnoDB DEFAULT CHARSET=utf8;

--
-- Dumping data for table `cp_log`
--

INSERT INTO `cp_log` (`id`, `usuario_id`, `acao`, `ip`, `criado_em`) VALUES
(1, 1, 'Editou Tela - Dicas - Problemas', '::1', '2018-03-29 14:43:28'),
(2, 1, 'Editar Produto', '::1', '2018-03-29 17:50:44'),
(3, 1, 'Editar Categoria', '::1', '2018-03-29 17:50:51'),
(4, 1, 'Inserir Categoria', '::1', '2018-03-29 17:50:59'),
(5, 1, 'Inserir Categoria', '::1', '2018-03-29 17:51:04'),
(6, 1, 'Inserir Produto', '::1', '2018-03-29 17:52:28'),
(7, 1, 'Inserir Produto', '::1', '2018-03-29 17:52:42'),
(8, 1, 'Inserir Produto', '::1', '2018-03-29 17:52:55'),
(9, 1, 'Editar Produto', '::1', '2018-03-29 17:53:22'),
(10, 1, 'Editar Produto', '::1', '2018-03-29 17:53:29'),
(11, 1, 'Inserir Produto', '::1', '2018-03-29 17:55:19'),
(12, 1, 'Inserir Produto', '::1', '2018-03-29 17:57:46'),
(13, 1, 'Inserir Categoria', '::1', '2018-03-29 18:28:10'),
(14, 1, 'Editar Produto', '::1', '2018-03-29 18:28:18'),
(15, 1, 'Editar Produto', '::1', '2018-03-29 18:31:58'),
(16, 1, 'Inserir Problema', '::1', '2018-03-29 20:02:44'),
(17, 1, 'Inserir Problema', '::1', '2018-03-29 20:02:51'),
(18, 1, 'Editar Dica', '::1', '2018-03-29 20:35:28'),
(19, 1, 'Editar Dica', '::1', '2018-03-29 20:36:03'),
(20, 1, 'Editar Dica', '::1', '2018-03-29 20:36:11'),
(21, 1, 'Editar Dica', '::1', '2018-03-29 20:37:27'),
(22, 1, 'Editar Dica', '::1', '2018-03-29 20:37:30'),
(23, 1, 'Inserir Dica', '::1', '2018-03-29 20:37:55'),
(24, 1, 'Editar Dica', '::1', '2018-03-29 20:38:07'),
(25, 1, 'Inserir Produto', '::1', '2018-04-02 17:02:57'),
(26, 1, 'Inserir Dica', '::1', '2018-04-02 17:03:09'),
(27, 1, 'Inserir Dica', '::1', '2018-04-02 17:03:52'),
(28, 1, 'Efetuou login', '191.187.130.70', '2018-04-16 20:30:47'),
(29, 1, 'Efetuou logout', '191.187.130.70', '2018-04-16 21:09:06'),
(30, 1, 'Efetuou login', '191.187.130.70', '2018-04-19 18:17:42'),
(31, 1, 'Inserir Dica', '191.187.130.70', '2018-04-19 18:18:53'),
(32, 1, 'Editar Dica', '191.187.130.70', '2018-04-19 18:19:54'),
(33, 1, 'Inserir Dica', '191.187.130.70', '2018-04-19 18:20:33'),
(34, 1, 'Editar Dica', '191.187.130.70', '2018-04-19 18:20:51'),
(35, 1, 'Inserir Dica', '191.187.130.70', '2018-04-19 18:21:10'),
(36, 1, 'Inserir Dica', '191.187.130.70', '2018-04-19 18:23:10'),
(37, 1, 'Inserir Dica', '191.187.130.70', '2018-04-19 18:29:53'),
(38, 1, 'Inserir Dica', '191.187.130.70', '2018-04-19 18:30:20'),
(39, 1, 'Editar Dica', '191.187.130.70', '2018-04-19 18:37:45'),
(40, 1, 'Efetuou login', '191.187.130.70', '2018-04-19 18:55:25'),
(41, 1, 'Editar Produto', '191.187.130.70', '2018-04-19 18:55:56'),
(42, 1, 'Efetuou login', '191.187.130.70', '2018-04-20 12:51:40'),
(43, 1, 'Editar Dica', '191.187.130.70', '2018-04-20 12:52:23'),
(44, 1, 'Efetuou login', '191.187.130.70', '2018-04-20 17:06:33'),
(45, 1, 'Editar Dica', '191.187.130.70', '2018-04-20 17:09:05'),
(46, 1, 'Efetuou login', '191.187.130.70', '2018-04-20 17:18:28'),
(47, 1, 'Editar Dica', '191.187.130.70', '2018-04-20 17:21:30'),
(48, 1, 'Editar Dica', '191.187.130.70', '2018-04-20 17:22:09'),
(49, 1, 'Editar Dica', '191.187.130.70', '2018-04-20 17:22:34'),
(50, 1, 'Editar Dica', '191.187.130.70', '2018-04-20 17:22:43'),
(51, 1, 'Editar Dica', '191.187.130.70', '2018-04-20 17:22:51'),
(52, 1, 'Editar Dica', '191.187.130.70', '2018-04-20 17:23:02'),
(53, 1, 'Editar Dica', '191.187.130.70', '2018-04-20 17:23:12'),
(54, 1, 'Editar Dica', '191.187.130.70', '2018-04-20 17:23:25'),
(55, 1, 'Editar Dica', '191.187.130.70', '2018-04-20 17:23:33'),
(56, 1, 'Editar Dica', '191.187.130.70', '2018-04-20 17:23:43'),
(57, 1, 'Editar Dica', '191.187.130.70', '2018-04-20 18:03:04'),
(58, 1, 'Editar Dica', '191.187.130.70', '2018-04-20 18:03:32'),
(59, 1, 'Editar Dica', '191.187.130.70', '2018-04-20 18:32:04'),
(60, 1, 'Editar Dica', '191.187.130.70', '2018-04-20 18:34:57'),
(61, 1, 'Editar Dica', '191.187.130.70', '2018-04-20 18:35:21'),
(62, 1, 'Efetuou login', '191.187.130.70', '2018-04-20 20:31:07'),
(63, 1, 'Editar Produto', '191.187.130.70', '2018-04-20 20:54:28'),
(64, 1, 'Editar Produto', '191.187.130.70', '2018-04-20 20:54:38'),
(65, 1, 'Editar Produto', '191.187.130.70', '2018-04-20 20:54:45'),
(66, 1, 'Editar Produto', '191.187.130.70', '2018-04-20 20:54:52'),
(67, 1, 'Editar Produto', '191.187.130.70', '2018-04-20 20:55:02'),
(68, 1, 'Editar Produto', '191.187.130.70', '2018-04-20 20:55:11'),
(69, 1, 'Editar Produto', '191.187.130.70', '2018-04-20 20:58:03'),
(70, 1, 'Editar Produto', '191.187.130.70', '2018-04-20 20:58:09'),
(71, 1, 'Editar Produto', '191.187.130.70', '2018-04-20 20:58:34'),
(72, 1, 'Editar Produto', '191.187.130.70', '2018-04-20 20:58:39'),
(73, 1, 'Editar Produto', '191.187.130.70', '2018-04-20 20:58:47'),
(74, 1, 'Editar Produto', '191.187.130.70', '2018-04-20 20:58:52'),
(75, 1, 'Editar Produto', '191.187.130.70', '2018-04-20 21:13:55'),
(76, 1, 'Editar Dica', '191.187.130.70', '2018-04-20 21:25:05'),
(77, 1, 'Editar Dica', '191.187.130.70', '2018-04-20 21:30:38'),
(78, 1, 'Editar Dica', '191.187.130.70', '2018-04-20 21:36:13'),
(79, 1, 'Editar Dica', '191.187.130.70', '2018-04-20 21:38:21'),
(80, 1, 'Editar Dica', '191.187.130.70', '2018-04-20 21:39:04'),
(81, 1, 'Editar Dica', '191.187.130.70', '2018-04-20 21:39:29'),
(82, 1, 'Editar Dica', '191.187.130.70', '2018-04-20 21:39:45'),
(83, 1, 'Editar Dica', '191.187.130.70', '2018-04-20 21:40:16'),
(84, 1, 'Editar Dica', '191.187.130.70', '2018-04-20 21:40:41'),
(85, 1, 'Editar Dica', '191.187.130.70', '2018-04-20 21:40:56'),
(86, 1, 'Editar Dica', '191.187.130.70', '2018-04-20 21:41:12'),
(87, 1, 'Editar Dica', '191.187.130.70', '2018-04-20 21:41:45'),
(88, 1, 'Editar Dica', '191.187.130.70', '2018-04-20 21:41:58'),
(89, 1, 'Efetuou login', '191.187.130.70', '2018-04-23 12:23:45'),
(90, 1, 'Editar Dica', '191.187.130.70', '2018-04-23 12:25:19'),
(91, 1, 'Editar Dica', '191.187.130.70', '2018-04-23 12:32:57'),
(92, 1, 'Editar Dica', '191.187.130.70', '2018-04-23 12:48:02'),
(93, 1, 'Efetuou login', '191.187.130.70', '2018-04-23 16:37:48'),
(94, 1, 'Editar Dica', '191.187.130.70', '2018-04-23 16:38:38'),
(95, 1, 'Editar Dica', '191.187.130.70', '2018-04-23 16:39:13'),
(96, 1, 'Efetuou login', '191.187.130.70', '2018-04-23 17:19:25'),
(97, 1, 'Editar Dica', '191.187.130.70', '2018-04-23 17:54:54'),
(98, 1, 'Editar Dica', '191.187.130.70', '2018-04-23 17:55:07'),
(99, 1, 'Editar Dica', '191.187.130.70', '2018-04-23 17:55:35'),
(100, 1, 'Editar Dica', '191.187.130.70', '2018-04-23 17:55:55'),
(101, 1, 'Editar Dica', '191.187.130.70', '2018-04-23 17:56:17'),
(102, 1, 'Editar Dica', '191.187.130.70', '2018-04-23 17:56:48'),
(103, 1, 'Editar Dica', '191.187.130.70', '2018-04-23 17:57:10'),
(104, 1, 'Editar Dica', '191.187.130.70', '2018-04-23 17:57:31'),
(105, 1, 'Editar Dica', '191.187.130.70', '2018-04-23 17:59:54'),
(106, 1, 'Editar Dica', '191.187.130.70', '2018-04-23 18:00:23'),
(107, 1, 'Editar Dica', '191.187.130.70', '2018-04-23 18:00:54'),
(108, 1, 'Editar Dica', '191.187.130.70', '2018-04-23 18:05:19'),
(109, 1, 'Editar Dica', '191.187.130.70', '2018-04-23 18:05:56'),
(110, 1, 'Editar Dica', '191.187.130.70', '2018-04-23 18:06:30'),
(111, 1, 'Editar Dica', '191.187.130.70', '2018-04-23 18:06:57'),
(112, 1, 'Editar Dica', '191.187.130.70', '2018-04-23 18:07:25'),
(113, 1, 'Editar Dica', '191.187.130.70', '2018-04-23 18:08:52'),
(114, 1, 'Editar Dica', '191.187.130.70', '2018-04-23 18:09:05'),
(115, 1, 'Editar Dica', '191.187.130.70', '2018-04-23 18:09:13'),
(116, 1, 'Editar Dica', '191.187.130.70', '2018-04-23 18:09:19'),
(117, 1, 'Editar Dica', '191.187.130.70', '2018-04-23 18:09:26'),
(118, 1, 'Editar Dica', '191.187.130.70', '2018-04-23 18:09:54'),
(119, 1, 'Editar Dica', '191.187.130.70', '2018-04-23 18:10:20'),
(120, 1, 'Editar Dica', '191.187.130.70', '2018-04-23 18:10:46'),
(121, 1, 'Efetuou login', '191.187.130.70', '2018-04-25 16:52:13'),
(122, 1, 'Excluir Categoria', '191.187.130.70', '2018-04-25 16:53:40'),
(123, 1, 'Excluir Categoria', '191.187.130.70', '2018-04-25 16:53:42'),
(124, 1, 'Excluir Categoria', '191.187.130.70', '2018-04-25 16:53:44'),
(125, 1, 'Editar Categoria', '191.187.130.70', '2018-04-25 16:54:14'),
(126, 1, 'Editar Produto', '191.187.130.70', '2018-04-25 17:03:40'),
(127, 1, 'Excluir Categoria', '191.187.130.70', '2018-04-25 17:22:37'),
(128, 1, 'Inserir Categoria', '191.187.130.70', '2018-04-25 17:22:50'),
(129, 1, 'Editar Produto', '191.187.130.70', '2018-04-25 17:23:16'),
(130, 1, 'Editar Produto', '191.187.130.70', '2018-04-25 17:24:15'),
(131, 1, 'Editar Produto', '191.187.130.70', '2018-04-25 17:30:09'),
(132, 1, 'Editar Produto', '191.187.130.70', '2018-04-25 17:30:39'),
(133, 1, 'Editar Produto', '191.187.130.70', '2018-04-25 17:30:56'),
(134, 1, 'Editar Produto', '191.187.130.70', '2018-04-25 17:36:13'),
(135, 1, 'Inserir Categoria', '191.187.130.70', '2018-04-25 17:40:50'),
(136, 1, 'Editar Produto', '191.187.130.70', '2018-04-25 17:46:06'),
(137, 1, 'Editar Produto', '191.187.130.70', '2018-04-25 18:06:06'),
(138, 1, 'Editar Produto', '191.187.130.70', '2018-04-25 18:06:29'),
(139, 1, 'Editar Produto', '191.187.130.70', '2018-04-25 18:07:18'),
(140, 1, 'Inserir Produto', '191.187.130.70', '2018-04-25 18:08:05'),
(141, 1, 'Inserir Produto', '191.187.130.70', '2018-04-25 18:10:20'),
(142, 1, 'Inserir Categoria', '191.187.130.70', '2018-04-25 18:16:19'),
(143, 1, 'Inserir Produto', '191.187.130.70', '2018-04-25 18:18:27'),
(144, 1, 'Inserir Produto', '191.187.130.70', '2018-04-25 18:19:05'),
(145, 1, 'Editar Produto', '191.187.130.70', '2018-04-25 18:20:02'),
(146, 1, 'Editar Produto', '191.187.130.70', '2018-04-25 18:20:16'),
(147, 1, 'Editar Produto', '191.187.130.70', '2018-04-25 18:20:38'),
(148, 1, 'Editar Produto', '191.187.130.70', '2018-04-25 18:20:59'),
(149, 1, 'Inserir Produto', '191.187.130.70', '2018-04-25 18:23:24'),
(150, 1, 'Inserir Produto', '191.187.130.70', '2018-04-25 18:24:25'),
(151, 1, 'Inserir Produto', '191.187.130.70', '2018-04-25 18:25:35'),
(152, 1, 'Editar Produto', '191.187.130.70', '2018-04-25 18:25:43'),
(153, 1, 'Editar Produto', '191.187.130.70', '2018-04-25 18:25:50'),
(154, 1, 'Editar Produto', '191.187.130.70', '2018-04-25 18:25:58'),
(155, 1, 'Inserir Produto', '191.187.130.70', '2018-04-25 18:27:40'),
(156, 1, 'Inserir Produto', '191.187.130.70', '2018-04-25 18:28:37'),
(157, 1, 'Inserir Produto', '191.187.130.70', '2018-04-25 18:29:10'),
(158, 1, 'Editar Produto', '191.187.130.70', '2018-04-25 18:29:44'),
(159, 1, 'Inserir Produto', '191.187.130.70', '2018-04-25 18:30:11'),
(160, 1, 'Editar Produto', '191.187.130.70', '2018-04-25 18:31:17'),
(161, 1, 'Editar Produto', '191.187.130.70', '2018-04-25 18:32:58'),
(162, 1, 'Editar Produto', '191.187.130.70', '2018-04-25 18:33:07'),
(163, 1, 'Inserir Produto', '191.187.130.70', '2018-04-25 18:34:55'),
(164, 1, 'Inserir Produto', '191.187.130.70', '2018-04-25 18:35:43'),
(165, 1, 'Inserir Categoria', '191.187.130.70', '2018-04-25 18:40:33'),
(166, 1, 'Inserir Produto', '191.187.130.70', '2018-04-25 18:43:11'),
(167, 1, 'Inserir Produto', '191.187.130.70', '2018-04-25 18:43:50'),
(168, 1, 'Inserir Produto', '191.187.130.70', '2018-04-25 18:44:40'),
(169, 1, 'Inserir Produto', '191.187.130.70', '2018-04-25 18:45:29'),
(170, 1, 'Inserir Categoria', '191.187.130.70', '2018-04-25 18:49:39'),
(171, 1, 'Inserir Produto', '191.187.130.70', '2018-04-25 18:50:58'),
(172, 1, 'Editar Categoria', '191.187.130.70', '2018-04-25 18:51:07'),
(173, 1, 'Inserir Produto', '191.187.130.70', '2018-04-25 18:51:52'),
(174, 1, 'Inserir Categoria', '191.187.130.70', '2018-04-25 18:53:30'),
(175, 1, 'Inserir Produto', '191.187.130.70', '2018-04-25 18:56:51'),
(176, 1, 'Inserir Produto', '191.187.130.70', '2018-04-25 18:57:20'),
(177, 1, 'Inserir Produto', '191.187.130.70', '2018-04-25 18:57:55'),
(178, 1, 'Inserir Categoria', '191.187.130.70', '2018-04-25 19:02:59'),
(179, 1, 'Inserir Produto', '191.187.130.70', '2018-04-25 19:05:11'),
(180, 1, 'Inserir Produto', '191.187.130.70', '2018-04-25 19:06:00'),
(181, 1, 'Inserir Produto', '191.187.130.70', '2018-04-25 19:06:37'),
(182, 1, 'Inserir Produto', '191.187.130.70', '2018-04-25 19:07:11'),
(183, 1, 'Inserir Produto', '191.187.130.70', '2018-04-25 19:08:11'),
(184, 1, 'Inserir Produto', '191.187.130.70', '2018-04-25 19:08:40'),
(185, 1, 'Inserir Categoria', '191.187.130.70', '2018-04-25 19:16:18'),
(186, 1, 'Inserir Produto', '191.187.130.70', '2018-04-25 19:17:33'),
(187, 1, 'Inserir Produto', '191.187.130.70', '2018-04-25 19:18:10'),
(188, 1, 'Inserir Produto', '191.187.130.70', '2018-04-25 19:18:46'),
(189, 1, 'Inserir Produto', '191.187.130.70', '2018-04-25 19:19:29'),
(190, 1, 'Inserir Produto', '191.187.130.70', '2018-04-25 19:20:31'),
(191, 1, 'Inserir Produto', '191.187.130.70', '2018-04-25 19:20:55'),
(192, 1, 'Inserir Produto', '191.187.130.70', '2018-04-25 19:21:28'),
(193, 1, 'Inserir Produto', '191.187.130.70', '2018-04-25 19:22:05'),
(194, 1, 'Inserir Produto', '191.187.130.70', '2018-04-25 19:22:48'),
(195, 1, 'Editar Produto', '191.187.130.70', '2018-04-25 19:23:56'),
(196, 1, 'Alterou status do Produto 36', '191.187.130.70', '2018-04-25 19:24:00'),
(197, 1, 'Alterou status do Produto 36', '191.187.130.70', '2018-04-25 19:24:01'),
(198, 1, 'Editar Produto', '191.187.130.70', '2018-04-25 19:24:06'),
(199, 1, 'Editar Produto', '191.187.130.70', '2018-04-25 19:24:17'),
(200, 1, 'Editar Produto', '191.187.130.70', '2018-04-25 19:24:26'),
(201, 1, 'Editar Produto', '191.187.130.70', '2018-04-25 19:24:33'),
(202, 1, 'Editar Produto', '191.187.130.70', '2018-04-25 19:24:41'),
(203, 1, 'Editar Produto', '191.187.130.70', '2018-04-25 19:24:50'),
(204, 1, 'Editar Produto', '191.187.130.70', '2018-04-25 19:24:57'),
(205, 1, 'Editar Produto', '191.187.130.70', '2018-04-25 19:25:04'),
(206, 1, 'Inserir Categoria', '191.187.130.70', '2018-04-25 19:34:16'),
(207, 1, 'Inserir Produto', '191.187.130.70', '2018-04-25 19:35:57'),
(208, 1, 'Inserir Produto', '191.187.130.70', '2018-04-25 19:37:18'),
(209, 1, 'Inserir Produto', '191.187.130.70', '2018-04-25 19:38:24'),
(210, 1, 'Inserir Produto', '191.187.130.70', '2018-04-25 19:39:03'),
(211, 1, 'Inserir Categoria', '191.187.130.70', '2018-04-25 19:47:15'),
(212, 1, 'Inserir Produto', '191.187.130.70', '2018-04-25 19:48:59'),
(213, 1, 'Inserir Produto', '191.187.130.70', '2018-04-25 19:49:35'),
(214, 1, 'Inserir Produto', '191.187.130.70', '2018-04-25 19:50:42'),
(215, 1, 'Inserir Produto', '191.187.130.70', '2018-04-25 19:51:10'),
(216, 1, 'Inserir Produto', '191.187.130.70', '2018-04-25 19:51:37'),
(217, 1, 'Inserir Produto', '191.187.130.70', '2018-04-25 19:53:08'),
(218, 1, 'Inserir Produto', '191.187.130.70', '2018-04-25 19:53:38'),
(219, 1, 'Inserir Produto', '191.187.130.70', '2018-04-25 19:57:07'),
(220, 1, 'Inserir Produto', '191.187.130.70', '2018-04-25 19:58:13'),
(221, 1, 'Editar Produto', '191.187.130.70', '2018-04-25 19:58:34'),
(222, 1, 'Inserir Produto', '191.187.130.70', '2018-04-25 19:59:14'),
(223, 1, 'Inserir Categoria', '191.187.130.70', '2018-04-25 20:09:47'),
(224, 1, 'Editar Categoria', '191.187.130.70', '2018-04-25 20:09:53'),
(225, 1, 'Inserir Produto', '191.187.130.70', '2018-04-25 20:11:24'),
(226, 1, 'Inserir Produto', '191.187.130.70', '2018-04-25 20:12:40'),
(227, 1, 'Inserir Produto', '191.187.130.70', '2018-04-25 20:13:37'),
(228, 1, 'Inserir Produto', '191.187.130.70', '2018-04-25 20:14:22'),
(229, 1, 'Inserir Produto', '191.187.130.70', '2018-04-25 20:14:51'),
(230, 1, 'Inserir Produto', '191.187.130.70', '2018-04-25 20:15:15'),
(231, 1, 'Inserir Produto', '191.187.130.70', '2018-04-25 20:16:39'),
(232, 1, 'Inserir Produto', '191.187.130.70', '2018-04-25 20:17:09'),
(233, 1, 'Inserir Produto', '191.187.130.70', '2018-04-25 20:17:39'),
(234, 1, 'Inserir Produto', '191.187.130.70', '2018-04-25 20:18:30'),
(235, 1, 'Inserir Produto', '191.187.130.70', '2018-04-25 20:19:02'),
(236, 1, 'Inserir Produto', '191.187.130.70', '2018-04-25 20:20:03'),
(237, 1, 'Inserir Produto', '191.187.130.70', '2018-04-25 20:20:59'),
(238, 1, 'Inserir Produto', '191.187.130.70', '2018-04-25 20:21:37'),
(239, 1, 'Inserir Produto', '191.187.130.70', '2018-04-25 20:22:05'),
(240, 1, 'Inserir Categoria', '191.187.130.70', '2018-04-25 20:30:17'),
(241, 1, 'Editar Categoria', '191.187.130.70', '2018-04-25 20:30:31'),
(242, 1, 'Inserir Produto', '191.187.130.70', '2018-04-25 20:31:29'),
(243, 1, 'Inserir Produto', '191.187.130.70', '2018-04-25 20:32:25'),
(244, 1, 'Editar Produto', '191.187.130.70', '2018-04-25 20:33:18'),
(245, 1, 'Editar Produto', '191.187.130.70', '2018-04-25 20:33:25'),
(246, 1, 'Inserir Produto', '191.187.130.70', '2018-04-25 20:33:56'),
(247, 1, 'Inserir Produto', '191.187.130.70', '2018-04-25 20:34:37'),
(248, 1, 'Inserir Produto', '191.187.130.70', '2018-04-25 20:35:17'),
(249, 1, 'Inserir Produto', '191.187.130.70', '2018-04-25 20:36:19'),
(250, 1, 'Inserir Produto', '191.187.130.70', '2018-04-25 20:37:02'),
(251, 1, 'Editar Produto', '191.187.130.70', '2018-04-25 20:37:19'),
(252, 1, 'Editar Produto', '191.187.130.70', '2018-04-25 20:37:36'),
(253, 1, 'Editar Produto', '191.187.130.70', '2018-04-25 20:37:50'),
(254, 1, 'Inserir Categoria', '191.187.130.70', '2018-04-25 20:44:01'),
(255, 1, 'Inserir Produto', '191.187.130.70', '2018-04-25 20:45:46'),
(256, 1, 'Inserir Produto', '191.187.130.70', '2018-04-25 20:46:24'),
(257, 1, 'Inserir Categoria', '191.187.130.70', '2018-04-25 20:55:31'),
(258, 1, 'Inserir Produto', '191.187.130.70', '2018-04-25 20:56:45'),
(259, 1, 'Inserir Produto', '191.187.130.70', '2018-04-25 20:57:32'),
(260, 1, 'Inserir Produto', '191.187.130.70', '2018-04-25 20:57:55'),
(261, 1, 'Inserir Produto', '191.187.130.70', '2018-04-25 20:58:21'),
(262, 1, 'Inserir Produto', '191.187.130.70', '2018-04-25 20:58:45'),
(263, 1, 'Inserir Produto', '191.187.130.70', '2018-04-25 20:59:23'),
(264, 1, 'Inserir Produto', '191.187.130.70', '2018-04-25 20:59:50'),
(265, 1, 'Inserir Categoria', '191.187.130.70', '2018-04-25 21:09:54'),
(266, 1, 'Inserir Produto', '191.187.130.70', '2018-04-25 21:10:52'),
(267, 1, 'Inserir Produto', '191.187.130.70', '2018-04-25 21:11:37'),
(268, 1, 'Inserir Produto', '191.187.130.70', '2018-04-25 21:12:09'),
(269, 1, 'Inserir Produto', '191.187.130.70', '2018-04-25 21:12:45'),
(270, 1, 'Inserir Produto', '191.187.130.70', '2018-04-25 21:13:40'),
(271, 1, 'Inserir Produto', '191.187.130.70', '2018-04-25 21:14:15'),
(272, 1, 'Inserir Produto', '191.187.130.70', '2018-04-25 21:14:49'),
(273, 1, 'Inserir Produto', '191.187.130.70', '2018-04-25 21:15:25'),
(274, 1, 'Efetuou login', '191.187.130.70', '2018-04-26 13:06:17'),
(275, 1, 'Inserir Categoria', '191.187.130.70', '2018-04-26 13:10:43'),
(276, 1, 'Inserir Produto', '191.187.130.70', '2018-04-26 13:12:56'),
(277, 1, 'Inserir Produto', '191.187.130.70', '2018-04-26 13:13:35'),
(278, 1, 'Inserir Produto', '191.187.130.70', '2018-04-26 13:14:14'),
(279, 1, 'Inserir Produto', '191.187.130.70', '2018-04-26 13:15:51'),
(280, 1, 'Inserir Produto', '191.187.130.70', '2018-04-26 13:16:25'),
(281, 1, 'Inserir Produto', '191.187.130.70', '2018-04-26 13:17:56'),
(282, 1, 'Inserir Produto', '191.187.130.70', '2018-04-26 13:18:13'),
(283, 1, 'Editar Produto', '191.187.130.70', '2018-04-26 13:18:22'),
(284, 1, 'Editar Produto', '191.187.130.70', '2018-04-26 13:18:30'),
(285, 1, 'Inserir Produto', '191.187.130.70', '2018-04-26 13:20:22'),
(286, 1, 'Inserir Produto', '191.187.130.70', '2018-04-26 13:20:48'),
(287, 1, 'Inserir Produto', '191.187.130.70', '2018-04-26 13:21:12'),
(288, 1, 'Inserir Produto', '191.187.130.70', '2018-04-26 13:23:33'),
(289, 1, 'Inserir Produto', '191.187.130.70', '2018-04-26 13:24:01'),
(290, 1, 'Editar Produto', '191.187.130.70', '2018-04-26 13:25:14'),
(291, 1, 'Inserir Categoria', '191.187.130.70', '2018-04-26 13:26:59'),
(292, 1, 'Inserir Categoria', '191.187.130.70', '2018-04-26 13:27:15'),
(293, 1, 'Inserir Produto', '191.187.130.70', '2018-04-26 13:28:19'),
(294, 1, 'Inserir Produto', '191.187.130.70', '2018-04-26 13:29:20'),
(295, 1, 'Inserir Produto', '191.187.130.70', '2018-04-26 13:30:40'),
(296, 1, 'Editar Produto', '191.187.130.70', '2018-04-26 13:30:50'),
(297, 1, 'Inserir Produto', '191.187.130.70', '2018-04-26 13:32:01'),
(298, 1, 'Inserir Produto', '191.187.130.70', '2018-04-26 13:32:28'),
(299, 1, 'Efetuou login', '191.187.130.70', '2018-04-26 14:00:26'),
(300, 1, 'Editar Problema', '191.187.130.70', '2018-04-26 14:05:11'),
(301, 1, 'Excluir Dica', '191.187.130.70', '2018-04-26 14:05:39'),
(302, 1, 'Excluir Dica', '191.187.130.70', '2018-04-26 14:05:39'),
(303, 1, 'Excluir Dica', '191.187.130.70', '2018-04-26 14:05:39'),
(304, 1, 'Excluir Dica', '191.187.130.70', '2018-04-26 14:05:39'),
(305, 1, 'Excluir Dica', '191.187.130.70', '2018-04-26 14:05:39'),
(306, 1, 'Excluir Dica', '191.187.130.70', '2018-04-26 14:05:39'),
(307, 1, 'Excluir Dica', '191.187.130.70', '2018-04-26 14:05:39'),
(308, 1, 'Excluir Dica', '191.187.130.70', '2018-04-26 14:05:39'),
(309, 1, 'Excluir Dica', '191.187.130.70', '2018-04-26 14:05:39'),
(310, 1, 'Excluir Dica', '191.187.130.70', '2018-04-26 14:05:39'),
(311, 1, 'Inserir Dica', '191.187.130.70', '2018-04-26 14:25:36'),
(312, 1, 'Excluir Problema', '191.187.130.70', '2018-04-26 14:25:48'),
(313, 1, 'Excluir Problema', '191.187.130.70', '2018-04-26 14:25:48'),
(314, 1, 'Editar Dica', '191.187.130.70', '2018-04-26 14:27:09'),
(315, 1, 'Inserir Problema', '191.187.130.70', '2018-04-26 14:31:18'),
(316, 1, 'Inserir Dica', '191.187.130.70', '2018-04-26 14:34:29'),
(317, 1, 'Inserir Problema', '191.187.130.70', '2018-04-26 14:42:50'),
(318, 1, 'Inserir Dica', '191.187.130.70', '2018-04-26 14:46:38'),
(319, 1, 'Inserir Problema', '191.187.130.70', '2018-04-26 14:48:21'),
(320, 1, 'Editar Problema', '191.187.130.70', '2018-04-26 14:53:37'),
(321, 1, 'Inserir Dica', '191.187.130.70', '2018-04-26 14:56:48'),
(322, 1, 'Efetuou login', '191.187.130.70', '2018-04-26 16:46:03'),
(323, 1, 'Inserir Dica', '191.187.130.70', '2018-04-26 16:49:01'),
(324, 1, 'Efetuou login', '191.187.130.70', '2018-04-26 18:01:13'),
(325, 1, 'Inserir Dica', '191.187.130.70', '2018-04-26 18:01:44'),
(326, 1, 'Excluir Dica', '191.187.130.70', '2018-04-26 18:03:32'),
(327, 1, 'Efetuou login', '128.201.76.59', '2018-04-27 18:37:47'),
(328, 1, 'Excluir Produto', '128.201.76.59', '2018-04-27 18:47:13'),
(329, 1, 'Excluir Produto', '128.201.76.59', '2018-04-27 18:47:13'),
(330, 1, 'Excluir Produto', '128.201.76.59', '2018-04-27 18:47:13'),
(331, 1, 'Excluir Produto', '128.201.76.59', '2018-04-27 18:47:13'),
(332, 1, 'Excluir Produto', '128.201.76.59', '2018-04-27 18:47:13'),
(333, 1, 'Excluir Produto', '128.201.76.59', '2018-04-27 18:47:13'),
(334, 1, 'Excluir Produto', '128.201.76.59', '2018-04-27 18:47:13'),
(335, 1, 'Excluir Produto', '128.201.76.59', '2018-04-27 18:47:13'),
(336, 1, 'Excluir Produto', '128.201.76.59', '2018-04-27 18:47:13'),
(337, 1, 'Excluir Produto', '128.201.76.59', '2018-04-27 18:47:13'),
(338, 1, 'Excluir Produto', '128.201.76.59', '2018-04-27 18:47:13'),
(339, 1, 'Excluir Produto', '128.201.76.59', '2018-04-27 18:47:14'),
(340, 1, 'Excluir Produto', '128.201.76.59', '2018-04-27 18:47:14'),
(341, 1, 'Excluir Produto', '128.201.76.59', '2018-04-27 18:47:14'),
(342, 1, 'Excluir Produto', '128.201.76.59', '2018-04-27 18:47:14'),
(343, 1, 'Excluir Produto', '128.201.76.59', '2018-04-27 18:47:14'),
(344, 1, 'Excluir Produto', '128.201.76.59', '2018-04-27 18:47:14'),
(345, 1, 'Excluir Produto', '128.201.76.59', '2018-04-27 18:47:14'),
(346, 1, 'Excluir Produto', '128.201.76.59', '2018-04-27 18:47:14'),
(347, 1, 'Excluir Produto', '128.201.76.59', '2018-04-27 18:47:14'),
(348, 1, 'Excluir Produto', '128.201.76.59', '2018-04-27 18:47:21'),
(349, 1, 'Excluir Produto', '128.201.76.59', '2018-04-27 18:47:21'),
(350, 1, 'Excluir Produto', '128.201.76.59', '2018-04-27 18:47:21'),
(351, 1, 'Excluir Produto', '128.201.76.59', '2018-04-27 18:47:21'),
(352, 1, 'Excluir Produto', '128.201.76.59', '2018-04-27 18:47:21'),
(353, 1, 'Excluir Produto', '128.201.76.59', '2018-04-27 18:47:21'),
(354, 1, 'Excluir Produto', '128.201.76.59', '2018-04-27 18:47:21'),
(355, 1, 'Excluir Produto', '128.201.76.59', '2018-04-27 18:47:21'),
(356, 1, 'Excluir Produto', '128.201.76.59', '2018-04-27 18:47:21'),
(357, 1, 'Excluir Produto', '128.201.76.59', '2018-04-27 18:47:21'),
(358, 1, 'Excluir Produto', '128.201.76.59', '2018-04-27 18:47:21'),
(359, 1, 'Excluir Produto', '128.201.76.59', '2018-04-27 18:47:21'),
(360, 1, 'Excluir Produto', '128.201.76.59', '2018-04-27 18:47:21'),
(361, 1, 'Excluir Produto', '128.201.76.59', '2018-04-27 18:47:21'),
(362, 1, 'Excluir Produto', '128.201.76.59', '2018-04-27 18:47:21'),
(363, 1, 'Excluir Produto', '128.201.76.59', '2018-04-27 18:47:21'),
(364, 1, 'Excluir Produto', '128.201.76.59', '2018-04-27 18:47:21'),
(365, 1, 'Excluir Produto', '128.201.76.59', '2018-04-27 18:47:21'),
(366, 1, 'Excluir Produto', '128.201.76.59', '2018-04-27 18:47:21'),
(367, 1, 'Excluir Produto', '128.201.76.59', '2018-04-27 18:47:21'),
(368, 1, 'Excluir Produto', '128.201.76.59', '2018-04-27 18:47:27'),
(369, 1, 'Excluir Produto', '128.201.76.59', '2018-04-27 18:47:27'),
(370, 1, 'Excluir Produto', '128.201.76.59', '2018-04-27 18:47:27'),
(371, 1, 'Excluir Produto', '128.201.76.59', '2018-04-27 18:47:27'),
(372, 1, 'Excluir Produto', '128.201.76.59', '2018-04-27 18:47:27'),
(373, 1, 'Excluir Produto', '128.201.76.59', '2018-04-27 18:47:27'),
(374, 1, 'Excluir Produto', '128.201.76.59', '2018-04-27 18:47:27'),
(375, 1, 'Excluir Produto', '128.201.76.59', '2018-04-27 18:47:27'),
(376, 1, 'Excluir Produto', '128.201.76.59', '2018-04-27 18:47:27'),
(377, 1, 'Excluir Produto', '128.201.76.59', '2018-04-27 18:47:27'),
(378, 1, 'Excluir Produto', '128.201.76.59', '2018-04-27 18:47:27'),
(379, 1, 'Excluir Produto', '128.201.76.59', '2018-04-27 18:47:27'),
(380, 1, 'Excluir Produto', '128.201.76.59', '2018-04-27 18:47:27'),
(381, 1, 'Excluir Produto', '128.201.76.59', '2018-04-27 18:47:27'),
(382, 1, 'Excluir Produto', '128.201.76.59', '2018-04-27 18:47:27'),
(383, 1, 'Excluir Produto', '128.201.76.59', '2018-04-27 18:47:27'),
(384, 1, 'Excluir Produto', '128.201.76.59', '2018-04-27 18:47:27'),
(385, 1, 'Excluir Produto', '128.201.76.59', '2018-04-27 18:47:27'),
(386, 1, 'Excluir Produto', '128.201.76.59', '2018-04-27 18:47:27'),
(387, 1, 'Excluir Produto', '128.201.76.59', '2018-04-27 18:47:27'),
(388, 1, 'Excluir Produto', '128.201.76.59', '2018-04-27 18:47:38'),
(389, 1, 'Excluir Produto', '128.201.76.59', '2018-04-27 18:47:38'),
(390, 1, 'Excluir Produto', '128.201.76.59', '2018-04-27 18:47:38'),
(391, 1, 'Excluir Produto', '128.201.76.59', '2018-04-27 18:47:38'),
(392, 1, 'Excluir Produto', '128.201.76.59', '2018-04-27 18:47:38'),
(393, 1, 'Excluir Produto', '128.201.76.59', '2018-04-27 18:47:38'),
(394, 1, 'Excluir Produto', '128.201.76.59', '2018-04-27 18:47:38'),
(395, 1, 'Excluir Produto', '128.201.76.59', '2018-04-27 18:47:38'),
(396, 1, 'Excluir Produto', '128.201.76.59', '2018-04-27 18:47:38'),
(397, 1, 'Excluir Produto', '128.201.76.59', '2018-04-27 18:47:38'),
(398, 1, 'Excluir Produto', '128.201.76.59', '2018-04-27 18:47:38'),
(399, 1, 'Excluir Produto', '128.201.76.59', '2018-04-27 18:47:38'),
(400, 1, 'Excluir Produto', '128.201.76.59', '2018-04-27 18:47:38'),
(401, 1, 'Excluir Produto', '128.201.76.59', '2018-04-27 18:47:38'),
(402, 1, 'Excluir Produto', '128.201.76.59', '2018-04-27 18:47:38'),
(403, 1, 'Excluir Produto', '128.201.76.59', '2018-04-27 18:47:38'),
(404, 1, 'Excluir Produto', '128.201.76.59', '2018-04-27 18:47:38'),
(405, 1, 'Excluir Produto', '128.201.76.59', '2018-04-27 18:47:38'),
(406, 1, 'Excluir Produto', '128.201.76.59', '2018-04-27 18:47:38'),
(407, 1, 'Excluir Produto', '128.201.76.59', '2018-04-27 18:47:38'),
(408, 1, 'Excluir Produto', '128.201.76.59', '2018-04-27 18:47:45'),
(409, 1, 'Excluir Produto', '128.201.76.59', '2018-04-27 18:47:45'),
(410, 1, 'Excluir Produto', '128.201.76.59', '2018-04-27 18:47:45'),
(411, 1, 'Excluir Produto', '128.201.76.59', '2018-04-27 18:47:45'),
(412, 1, 'Excluir Produto', '128.201.76.59', '2018-04-27 18:47:45'),
(413, 1, 'Excluir Produto', '128.201.76.59', '2018-04-27 18:47:45'),
(414, 1, 'Excluir Produto', '128.201.76.59', '2018-04-27 18:47:45'),
(415, 1, 'Excluir Produto', '128.201.76.59', '2018-04-27 18:47:45'),
(416, 1, 'Excluir Produto', '128.201.76.59', '2018-04-27 18:47:45'),
(417, 1, 'Excluir Produto', '128.201.76.59', '2018-04-27 18:47:45'),
(418, 1, 'Excluir Produto', '128.201.76.59', '2018-04-27 18:47:45'),
(419, 1, 'Excluir Produto', '128.201.76.59', '2018-04-27 18:47:45'),
(420, 1, 'Excluir Produto', '128.201.76.59', '2018-04-27 18:47:45'),
(421, 1, 'Excluir Produto', '128.201.76.59', '2018-04-27 18:47:51'),
(422, 1, 'Excluir Produto', '128.201.76.59', '2018-04-27 18:47:51'),
(423, 1, 'Excluir Produto', '128.201.76.59', '2018-04-27 18:47:51'),
(424, 1, 'Excluir Produto', '128.201.76.59', '2018-04-27 18:47:51'),
(425, 1, 'Excluir Produto', '128.201.76.59', '2018-04-27 18:47:51'),
(426, 1, 'Excluir Produto', '128.201.76.59', '2018-04-27 18:47:51'),
(427, 1, 'Excluir Produto', '128.201.76.59', '2018-04-27 18:47:51'),
(428, 1, 'Excluir Produto', '128.201.76.59', '2018-04-27 18:47:51'),
(429, 1, 'Excluir Produto', '128.201.76.59', '2018-04-27 18:47:51'),
(430, 1, 'Excluir Produto', '128.201.76.59', '2018-04-27 18:47:51'),
(431, 1, 'Excluir Produto', '128.201.76.59', '2018-04-27 18:47:51'),
(432, 1, 'Excluir Produto', '128.201.76.59', '2018-04-27 18:47:51'),
(433, 1, 'Excluir Produto', '128.201.76.59', '2018-04-27 18:47:51'),
(434, 1, 'Excluir Produto', '128.201.76.59', '2018-04-27 18:47:51'),
(435, 1, 'Excluir Produto', '128.201.76.59', '2018-04-27 18:47:51'),
(436, 1, 'Excluir Produto', '128.201.76.59', '2018-04-27 18:47:51'),
(437, 1, 'Excluir Produto', '128.201.76.59', '2018-04-27 18:47:51'),
(438, 1, 'Excluir Produto', '128.201.76.59', '2018-04-27 18:47:51'),
(439, 1, 'Excluir Produto', '128.201.76.59', '2018-04-27 18:47:51'),
(440, 1, 'Excluir Produto', '128.201.76.59', '2018-04-27 18:47:51'),
(441, 1, 'Inserir Produto', '128.201.76.59', '2018-04-27 18:48:45'),
(442, 1, 'Inserir Produto', '128.201.76.59', '2018-04-27 18:50:42'),
(443, 1, 'Inserir Produto', '128.201.76.59', '2018-04-27 18:51:15'),
(444, 1, 'Inserir Produto', '128.201.76.59', '2018-04-27 18:56:13'),
(445, 1, 'Inserir Produto', '128.201.76.59', '2018-04-27 18:57:10'),
(446, 1, 'Inserir Produto', '128.201.76.59', '2018-04-27 18:58:36'),
(447, 1, 'Inserir Produto', '128.201.76.59', '2018-04-27 18:59:22'),
(448, 1, 'Inserir Produto', '128.201.76.59', '2018-04-27 19:01:21'),
(449, 1, 'Inserir Produto', '128.201.76.59', '2018-04-27 19:01:55'),
(450, 1, 'Inserir Produto', '128.201.76.59', '2018-04-27 19:04:38'),
(451, 1, 'Inserir Produto', '128.201.76.59', '2018-04-27 19:05:18'),
(452, 1, 'Inserir Produto', '128.201.76.59', '2018-04-27 19:06:18'),
(453, 1, 'Inserir Produto', '128.201.76.59', '2018-04-27 19:06:49'),
(454, 1, 'Inserir Produto', '128.201.76.59', '2018-04-27 19:07:19'),
(455, 1, 'Inserir Produto', '128.201.76.59', '2018-04-27 19:07:48'),
(456, 1, 'Inserir Produto', '128.201.76.59', '2018-04-27 19:09:15'),
(457, 1, 'Inserir Produto', '128.201.76.59', '2018-04-27 19:10:25'),
(458, 1, 'Inserir Produto', '128.201.76.59', '2018-04-27 19:10:57'),
(459, 1, 'Inserir Produto', '128.201.76.59', '2018-04-27 19:11:30'),
(460, 1, 'Inserir Produto', '128.201.76.59', '2018-04-27 19:12:11'),
(461, 1, 'Inserir Produto', '128.201.76.59', '2018-04-27 19:13:27'),
(462, 1, 'Inserir Produto', '128.201.76.59', '2018-04-27 19:14:02'),
(463, 1, 'Inserir Produto', '128.201.76.59', '2018-04-27 19:15:12'),
(464, 1, 'Inserir Produto', '128.201.76.59', '2018-04-27 19:15:45'),
(465, 1, 'Inserir Produto', '128.201.76.59', '2018-04-27 19:16:27'),
(466, 1, 'Editar Produto', '128.201.76.59', '2018-04-27 19:16:34'),
(467, 1, 'Editar Produto', '128.201.76.59', '2018-04-27 19:16:41'),
(468, 1, 'Inserir Produto', '128.201.76.59', '2018-04-27 19:17:20'),
(469, 1, 'Inserir Produto', '128.201.76.59', '2018-04-27 19:19:12'),
(470, 1, 'Inserir Produto', '128.201.76.59', '2018-04-27 19:19:48'),
(471, 1, 'Inserir Produto', '128.201.76.59', '2018-04-27 19:20:31'),
(472, 1, 'Inserir Produto', '128.201.76.59', '2018-04-27 19:21:04'),
(473, 1, 'Inserir Produto', '128.201.76.59', '2018-04-27 19:21:50'),
(474, 1, 'Inserir Produto', '128.201.76.59', '2018-04-27 19:22:14'),
(475, 1, 'Inserir Produto', '128.201.76.59', '2018-04-27 19:22:43'),
(476, 1, 'Inserir Produto', '128.201.76.59', '2018-04-27 19:23:10'),
(477, 1, 'Inserir Produto', '128.201.76.59', '2018-04-27 19:23:32'),
(478, 1, 'Editar Produto', '128.201.76.59', '2018-04-27 19:36:58'),
(479, 1, 'Editar Produto', '128.201.76.59', '2018-04-27 19:37:20'),
(480, 1, 'Efetuou login', '191.187.130.70', '2018-04-30 20:40:46'),
(481, 1, 'Editar Produto', '191.187.130.70', '2018-04-30 20:45:45');

-- --------------------------------------------------------

--
-- Table structure for table `cp_newsletter`
--

CREATE TABLE `cp_newsletter` (
  `id` int(11) NOT NULL,
  `nome` varchar(255) COLLATE utf8_unicode_ci NOT NULL,
  `email` varchar(255) COLLATE utf8_unicode_ci NOT NULL,
  `atualizado_em` timestamp NULL DEFAULT NULL,
  `criado_em` timestamp NOT NULL DEFAULT CURRENT_TIMESTAMP
) ENGINE=InnoDB DEFAULT CHARSET=utf8 COLLATE=utf8_unicode_ci;

--
-- Dumping data for table `cp_newsletter`
--

INSERT INTO `cp_newsletter` (`id`, `nome`, `email`, `atualizado_em`, `criado_em`) VALUES
(6, 'aaa', 'a@a.com', '2018-04-23 17:49:56', '2018-04-23 17:49:56'),
(7, 'bbb', 'b@b.com', '2018-04-23 17:50:14', '2018-04-23 17:50:14'),
(8, 'bbb', 'bb@bb.com', '2018-04-23 17:50:33', '2018-04-23 17:50:33'),
(9, 'aaa', 'aa@aa.com', '2018-04-24 09:40:02', '2018-04-24 09:40:02'),
(10, 'aaa', 'aaa@aa.com', '2018-04-24 11:06:54', '2018-04-24 11:06:54'),
(11, 'aaa', 'a@aa.com', '2018-04-24 11:11:45', '2018-04-24 11:11:45'),
(12, 'bbb', 'dd@dd.com', '2018-04-24 11:13:38', '2018-04-24 11:13:38');

-- --------------------------------------------------------

--
-- Table structure for table `cp_perfil`
--

CREATE TABLE `cp_perfil` (
  `id` int(11) NOT NULL,
  `nome` varchar(255) NOT NULL,
  `slug` varchar(255) NOT NULL,
  `ativo` tinyint(1) DEFAULT '1',
  `excluido` timestamp NULL DEFAULT NULL,
  `criado_em` timestamp NULL DEFAULT CURRENT_TIMESTAMP,
  `atualizado_em` timestamp NULL DEFAULT NULL ON UPDATE CURRENT_TIMESTAMP
) ENGINE=InnoDB DEFAULT CHARSET=utf8;

--
-- Dumping data for table `cp_perfil`
--

INSERT INTO `cp_perfil` (`id`, `nome`, `slug`, `ativo`, `excluido`, `criado_em`, `atualizado_em`) VALUES
(1, 'Admin', 'admin', 1, NULL, '2013-10-11 15:47:07', '2017-04-17 21:39:31');

-- --------------------------------------------------------

--
-- Table structure for table `cp_permissoes`
--

CREATE TABLE `cp_permissoes` (
  `id` int(10) NOT NULL,
  `perfil_id` int(11) NOT NULL,
  `tela_id` int(11) NOT NULL,
  `consultar` tinyint(1) NOT NULL DEFAULT '0',
  `inserir` tinyint(1) NOT NULL DEFAULT '0',
  `editar` tinyint(1) NOT NULL DEFAULT '0',
  `excluir` tinyint(1) NOT NULL DEFAULT '0',
  `criado_em` timestamp NOT NULL DEFAULT CURRENT_TIMESTAMP,
  `atualizado_em` timestamp NULL DEFAULT NULL ON UPDATE CURRENT_TIMESTAMP
) ENGINE=InnoDB DEFAULT CHARSET=utf8;

-- --------------------------------------------------------

--
-- Table structure for table `cp_problemas`
--

CREATE TABLE `cp_problemas` (
  `id` int(10) NOT NULL,
  `nome` varchar(255) DEFAULT NULL,
  `ativo` tinyint(1) DEFAULT '1',
  `excluido` timestamp NULL DEFAULT NULL,
  `criado_em` timestamp NULL DEFAULT CURRENT_TIMESTAMP,
  `atualizado_em` timestamp NULL DEFAULT NULL
) ENGINE=MyISAM DEFAULT CHARSET=utf8;

--
-- Dumping data for table `cp_problemas`
--

INSERT INTO `cp_problemas` (`id`, `nome`, `ativo`, `excluido`, `criado_em`, `atualizado_em`) VALUES
(1, 'Limpar o chuveiro', 1, NULL, '2018-03-28 20:48:18', NULL),
(2, 'Problema #01', 1, '2018-04-26 14:25:48', '2018-03-29 20:02:44', NULL),
(3, 'Problema #03', 1, '2018-04-26 14:25:48', '2018-03-29 20:02:51', NULL),
(4, 'Fogão engordurado', 1, NULL, '2018-04-26 14:31:18', NULL),
(5, 'Mancha de chocolate', 1, NULL, '2018-04-26 14:42:50', NULL),
(6, 'Limpar a casa', 1, NULL, '2018-04-26 14:48:21', NULL);

-- --------------------------------------------------------

--
-- Table structure for table `cp_produtos`
--

CREATE TABLE `cp_produtos` (
  `id` int(10) NOT NULL,
  `categoria_id` int(10) DEFAULT '0',
  `nome` varchar(255) DEFAULT NULL,
  `slug` varchar(255) DEFAULT NULL,
  `subtitulo` varchar(255) DEFAULT NULL,
  `descricao` text,
  `imagem` varchar(255) DEFAULT '',
  `ativo` tinyint(1) DEFAULT '1',
  `excluido` timestamp NULL DEFAULT NULL,
  `criado_em` timestamp NULL DEFAULT CURRENT_TIMESTAMP,
  `atualizado_em` timestamp NULL DEFAULT NULL
) ENGINE=MyISAM DEFAULT CHARSET=utf8;

--
-- Dumping data for table `cp_produtos`
--

INSERT INTO `cp_produtos` (`id`, `categoria_id`, `nome`, `slug`, `subtitulo`, `descricao`, `imagem`, `ativo`, `excluido`, `criado_em`, `atualizado_em`) VALUES
(1, 6, 'Álcool em Gel Brilux Lavanda', 'alcool-em-gel-brilux-lavanda', '', '<p>Versão 500g lavanda</p>\r\n', 'alcool-gel-lavanda-20180425150604.jpg', 1, '2018-04-27 18:47:45', '2018-03-29 17:52:28', NULL),
(2, 6, 'Álcool Brilux', 'alcool-500g', '', '<p>Versão 500g</p>\r\n', 'alcool-500-20180425144605.jpg', 1, '2018-04-27 18:47:45', '2018-03-29 17:52:42', NULL),
(3, 5, 'Água Sanitária Brilux Múltiplo Uso', 'agua-sanitaria-brilux-multiplo-uso', 'Com cloro ativo', '<p>Leve 2L. Pague 1,8L.</p>\r\n', 'agua-sanitaria-pague-leve-20180425143612.jpg', 1, '2018-04-27 18:47:45', '2018-03-29 17:52:55', NULL),
(4, 5, 'Água Sanitária Brilux Múltiplo Uso 5L', 'agua-sanitaria-brilux-multiplo-uso-5l', 'Com cloro ativo', '<p>Versão 5 litros</p>\r\n', 'agua-sanitaria-5l-20180425143008.jpg', 1, '2018-04-27 18:47:45', '2018-03-29 17:55:19', NULL),
(5, 5, 'Água Sanitária Brilux Múltiplo Uso 2L', 'agua-sanitaria-brilux-multiplo-uso-2l', 'Com cloro ativo', '<p>Versão 2 litros</p>\r\n', 'agua-sanitaria-2l-20180425142414.jpg', 1, '2018-04-27 18:47:45', '2018-03-29 17:57:46', NULL),
(6, 5, 'Água Sanitária Brilux Múltiplo Uso 1L', 'agua-sanitaria-brilux-multiplo-uso-1l', 'Com cloro ativo', '<p>Versão&nbsp;1 litro</p>\r\n', 'agua-sanitaria-1l-20180425142315.jpg', 1, '2018-04-27 18:47:45', '2018-04-02 17:02:57', NULL),
(7, 6, 'Álcool em Gel Brilux', 'alcool-em-gel-brilux', '', '<p>Versão 500g</p>\r\n', 'alcool-gel-20180425150804.jpg', 1, '2018-04-27 18:47:45', '2018-04-25 18:08:05', NULL),
(8, 6, 'Álcool Brilux Perfumado', 'alcool-perfumado', '', '<p>Álcool Brilux Perfumado 500ml</p>\r\n', 'alcool-perfurmado-20180425151019.jpg', 1, '2018-04-27 18:47:45', '2018-04-25 18:10:20', NULL),
(9, 7, 'Alvejante Brilux Lavanda 1L', 'alvejante-perfumado-lavanda-1l', 'Com cloro ativo', '<p>Versão de 1 litro</p>\r\n', '133--alvejante-perfumado-lavanda-20180425151826.jpg', 1, '2018-04-27 18:47:45', '2018-04-25 18:18:27', NULL),
(10, 7, 'Alvejante Brilux  Lavanda 2L', 'alvejante-perfumado-lavanda-2l', 'Com cloro ativo', '<p>Versão 2 litros</p>\r\n', '134--alvejante-perfumado-lvanda-20180425151905.jpg', 1, '2018-04-27 18:47:45', '2018-04-25 18:19:05', NULL),
(18, 7, 'Alvejante Brilux Multi 5L', 'alvejante-brilux-multi-5l', 'Com Detergente', '<p>Leve 5L. Pague 4,5L.</p>\r\n', '680--alvejante-perfumado-multi-5l-20180425153454.jpg', 1, '2018-04-27 18:47:27', '2018-04-25 18:34:55', NULL),
(11, 7, 'Alvejante Brilux Multi 500ML', 'alvejante-brilux-multi-500ml', 'Com Detergente', '<p>Alvejante Perfurmado com Detergente</p>\r\n', '233--alvejante-perfumado-multi-20180425152323.jpg', 1, '2018-04-27 18:47:45', '2018-04-25 18:23:24', NULL),
(12, 7, 'Alvejante Brilux Multi 1L', 'alvejante-brilux-multi-1l', 'Com Detergente', '<p>Alvejante Perfumado com Detergente</p>\r\n', '234--alvejante-perfumnado-multi-20180425152424.jpg', 1, '2018-04-27 18:47:45', '2018-04-25 18:24:25', NULL),
(13, 7, 'Alvejante Brilux Multi 2L', 'alvejante-brilux-multi-2l', 'Com Detergente', '<p>Alvejante Perfumado com Detergente</p>\r\n', '258--alvejante-perfumado-multi-20180425153116.jpg', 1, '2018-04-27 18:47:45', '2018-04-25 18:25:35', NULL),
(14, 7, 'Alvejante Brilux Floral 1L', 'alvejante-brilux-floral-1l', 'Com Cloro Ativo', '<p>Alvejante Floral com Cloro Ativo</p>\r\n', '260--alvejante-perfumado-floral-20180425152740.jpg', 1, '2018-04-27 18:47:27', '2018-04-25 18:27:40', NULL),
(15, 7, 'Alvejante Brilux Fresh 1L', 'alvejante-brilux-fresh-1l', 'Com Cloro Ativo', '<p>Alvejante Fresh&nbsp;com Cloro Ativo</p>\r\n', '263--alvejante-perfumado-fresh-20180425152836.jpg', 1, '2018-04-27 18:47:27', '2018-04-25 18:28:37', NULL),
(16, 7, 'Alvejante Brilux Fresh 2L', 'alvejante-brilux-fresh-2l', 'Com Cloro Ativo', '<p>Alvejante Fresh com Cloro Ativo</p>\r\n', '485--alvejante-perfumado-fresh-20180425152942.jpg', 1, '2018-04-27 18:47:27', '2018-04-25 18:29:10', NULL),
(17, 7, 'Alvejante Brilux Floral 2L', 'alvejante-brilux-floral-2l', 'Com Cloro Ativo', '<p>Alvejante Floral com Cloro Ativo</p>\r\n', '484--alvejante-perfumado-floral-20180425153010.jpg', 1, '2018-04-27 18:47:27', '2018-04-25 18:30:11', NULL),
(19, 7, 'Alvejante Brilux Multi 5L', 'alvejante-brilux-multi-5l-2', 'Com Detergente', '<p>Leve 5L. Pague 4L.</p>\r\n', '681--alvejante-perfumado-multi-levepague-20180425153541.jpg', 1, '2018-04-27 18:47:27', '2018-04-25 18:35:43', NULL),
(20, 8, 'Alvejante Cores Fresh', 'alvejante-cores-fresh', 'Sem Cloro', '<p>Versão 500ml</p>\r\n', '025--alvejante-cores-fresh-500ml-20180425154310.jpg', 1, '2018-04-27 18:47:27', '2018-04-25 18:43:11', NULL),
(21, 8, 'Alvejante Cores', 'alvejante-cores', 'Sem Cloro', '<p>Versão 500ml&nbsp;</p>\r\n', '266--alvejante-cores-500ml-20180425154349.jpg', 1, '2018-04-27 18:47:27', '2018-04-25 18:43:50', NULL),
(22, 8, 'Alvejante Cores 1,5L', 'alvejante-cores-1-5l', 'Sem Cloro', '<p>Versão 1,5 litros</p>\r\n', '300--alvejante-cores-15l-20180425154439.jpg', 1, '2018-04-27 18:47:27', '2018-04-25 18:44:40', NULL),
(23, 8, 'Alvejante Cores Fresh 1,5L', 'alvejante-cores-fresh-1-5l', 'Sem Cloro', '<p>Versão 1,5 litros</p>\r\n', '301--alvejante-cores-fresh--15l-20180425154528.jpg', 1, '2018-04-27 18:47:27', '2018-04-25 18:45:29', NULL),
(24, 9, 'Cloro em gel 300ML', 'cloro-em-gel-300ml', '', '<p>Versão 300ml</p>\r\n', '600--cloro-em-gel-300ml-20180425155057.jpg', 1, '2018-04-27 18:47:27', '2018-04-25 18:50:58', NULL),
(25, 9, 'Cloro em gel 750ML', 'cloro-em-gel-750ml', '', '<p>Versão 750ml</p>\r\n', '601--cloro-em-gel-750ml-20180425155151.jpg', 1, '2018-04-27 18:47:27', '2018-04-25 18:51:52', NULL),
(26, 10, 'Desengordurante Brilux Spray', 'desengordurante-brilux-spray', '', '<p>Versão 500ml</p>\r\n', '115--desengordurante-spray-20180425155651.jpg', 1, '2018-04-27 18:47:27', '2018-04-25 18:56:51', NULL),
(27, 10, 'Desengordurante Brilux Refil', 'desengordurante-brilux-refil', '', '<p>Versão 500ml</p>\r\n', '408--desengordurante-refil-20180425155720.jpg', 1, '2018-04-27 18:47:27', '2018-04-25 18:57:20', NULL),
(28, 10, 'Desengordurante Brilux Gatilho', 'desengordurante-brilux-gatilho', '', '<p>Versão 500ml</p>\r\n', '409--desengordurante-gatilho-20180425155754.jpg', 1, '2018-04-27 18:47:27', '2018-04-25 18:57:55', NULL),
(29, 11, 'Desinfetante Brilux Lavanda 500ML', 'desinfetante-brilux-lavanda-500ml', '', '<p>Versão 500ml</p>\r\n', '107--desinfetante-lavanda-500ml-20180425160511.jpg', 1, '2018-04-27 18:47:27', '2018-04-25 19:05:11', NULL),
(30, 11, 'Desinfetante Brilux Lavanda 2L', 'desinfetante-brilux-lavanda-2l', '', '<p>Versão 2 litros</p>\r\n', '453--desinfetante-lavanda-2l-20180425160559.jpg', 1, '2018-04-27 18:47:27', '2018-04-25 19:06:00', NULL),
(31, 11, 'Desinfetante Brilux Menta 500ml', 'desinfetante-brilux-menta-500ml', '', '<p>Versão 500ml</p>\r\n', '135--desinfetante-menta-500ml-20180425160637.jpg', 1, '2018-04-27 18:47:27', '2018-04-25 19:06:37', NULL),
(32, 11, 'Desinfetante Brilux Menta 2L', 'desinfetante-brilux-menta-2l', '', '<p>Versão 2 litros</p>\r\n', '136--desinfetante-menta-2l-20180425160710.jpg', 1, '2018-04-27 18:47:27', '2018-04-25 19:07:11', NULL),
(33, 11, 'Desinfetante Brilux Eucalipto 500ml', 'desinfetante-brilux-eucalipto-500ml', '', '<p>Versão 500ml</p>\r\n', '238--desinfetante-eucalipto-500ml-20180425160811.jpg', 1, '2018-04-27 18:47:27', '2018-04-25 19:08:11', NULL),
(34, 11, 'Desinfetante Brilux Eucalipto 2L', 'desinfetante-brilux-eucalipto-2l', '', '<p>Versão 2 litros</p>\r\n', '454--desinfetante-eucalipto-2l-20180425160840.jpg', 1, '2018-04-27 18:47:51', '2018-04-25 19:08:40', NULL),
(35, 12, 'Detergente Brilux Cristalino', 'detergente-cristalino', '', '<p>Versão 500ml</p>\r\n', '592--detergente-cristalino-20180425161732.jpg', 1, '2018-04-27 18:47:51', '2018-04-25 19:17:33', NULL),
(36, 12, 'Detergente Brilux Neutro', 'detergente-neutro', '', '<p>Versão 500ml</p>\r\n', '593--detergente-neutro-20180425161809.jpg', 1, '2018-04-27 18:47:51', '2018-04-25 19:18:10', NULL),
(37, 12, 'Detergente Brilux Neutro 5L', 'detergente-neutro-5l', '', '<p>Versão 5 litros</p>\r\n', '653--detergente-neutro-5l-20180425161845.jpg', 1, '2018-04-27 18:47:51', '2018-04-25 19:18:46', NULL),
(38, 12, 'Detergente Brilux Limão', 'detergente-limo', '', '<p>Versão 500ml</p>\r\n', '594--detergente-limao-20180425161928.jpg', 1, '2018-04-27 18:47:51', '2018-04-25 19:19:29', NULL),
(39, 12, 'Detergente Brilux Maçã', 'detergente-ma', '', '<p>Versão 500ml</p>\r\n', '595--detergente-maca-20180425162031.jpg', 1, '2018-04-27 18:47:51', '2018-04-25 19:20:31', NULL),
(40, 12, 'Detergente Brilux Maçã 5L', 'detergente-ma-5l', '', '<p>Versão 5 litros</p>\r\n', '652--detergente-maca-5l-20180425162055.jpg', 1, '2018-04-27 18:47:51', '2018-04-25 19:20:55', NULL),
(41, 12, 'Detergente Brilux Coco', 'detergente-coco', '', '<p>Versão 500ml</p>\r\n', '596--detergente-coco-20180425162128.jpg', 1, '2018-04-27 18:47:51', '2018-04-25 19:21:28', NULL),
(42, 12, 'Detergente Brilux Laranja', 'detergente-laranja', '', '<p>Versão 500ml</p>\r\n', '597--detergente-laranja-20180425162204.jpg', 1, '2018-04-27 18:47:51', '2018-04-25 19:22:05', NULL),
(43, 12, 'Detergente Brilux Vinagre', 'detergente-vinagre', '', '<p>Versão 500ml</p>\r\n', '598--detergente-vinagre-20180425162247.jpg', 1, '2018-04-27 18:47:51', '2018-04-25 19:22:48', NULL),
(44, 13, 'Esponja Economica', 'esponja-economica', '', '<p>Esponja de limpeza multiuso</p>\r\n', '736--esponja-economica-20180425163556.jpg', 1, '2018-04-27 18:47:51', '2018-04-25 19:35:57', NULL),
(45, 13, 'Esponja de limpeza', 'esponja-de-limpeza', '', '<p>Esponja de limpeza leve 4 pague 3</p>\r\n', '737--esponja-levepague-20180425163718.jpg', 1, '2018-04-27 18:47:51', '2018-04-25 19:37:18', NULL),
(46, 13, 'Esponja de limpeza Premium', 'esponja-de-limpeza-premium', '', '<p>Esponja de limpeza</p>\r\n', '738--esponja-premium-20180425163823.jpg', 1, '2018-04-27 18:47:51', '2018-04-25 19:38:24', NULL),
(47, 13, 'Esponja de limpeza', 'esponja-de-limpeza-2', '', '<p>Esponja de limpeza multiuso leve 3</p>\r\n', '739--esponja-desconto-especial-20180425163903.jpg', 1, '2018-04-27 18:47:51', '2018-04-25 19:39:03', NULL),
(48, 14, 'Lava-Roupas Líquido super concentrado Brilux', 'lava-roupas-lquido-super-concentrado-brilux', 'Com tira-manchas', '<p>Versão 315ml</p>\r\n', '520--lavaroupas-super-concentrado-20180425164858.jpg', 1, '2018-04-27 18:47:51', '2018-04-25 19:48:59', NULL),
(49, 14, 'Lava-Roupas Líquido super concentrado Brilux', 'lava-roupas-lquido-super-concentrado-brilux-2', 'Com tira-manchas', '<p>Versão 630ml</p>\r\n', '522--lavaroupas-super-concentrado-20180425164934.jpg', 1, '2018-04-27 18:47:51', '2018-04-25 19:49:35', NULL),
(50, 14, 'Lava-Roupas Líquido Brilux Tripla Ação', 'lava-roupas-lquido-brilux-tripla-ao', '', '<p>Versão 1 litro</p>\r\n', '586--lava-roupas-liquido-1l-20180425165042.jpg', 1, '2018-04-27 18:47:51', '2018-04-25 19:50:42', NULL),
(51, 14, 'Lava-Roupas Líquido Brilux Tripla Ação', 'lava-roupas-lquido-brilux-tripla-ao-2', '', '<p>Versão 3 litros</p>\r\n', '588--lavaroupas-liquido-20180425165109.jpg', 1, '2018-04-27 18:47:51', '2018-04-25 19:51:10', NULL),
(52, 14, 'Lava-Roupas Líquido Brilux Tripla Ação', 'lava-roupas-lquido-brilux-tripla-ao-3', '', '<p>Versão 5 litros</p>\r\n', '651--lava-roupas-liquido-5l-20180425165136.jpg', 1, '2018-04-27 18:47:51', '2018-04-25 19:51:37', NULL),
(53, 14, 'Lava-Roupas Líquido Brilux Tripla Ação', 'lava-roupas-lquido-brilux-tripla-ao-4', '', '<p>Refil 500ml</p>\r\n', '634--lava-roupas-liquido-refil-500ml-20180425165307.jpg', 1, '2018-04-27 18:47:51', '2018-04-25 19:53:08', NULL),
(54, 14, 'Lava-Roupas Líquido Brilux Tripla Ação', 'lava-roupas-lquido-brilux-tripla-ao-5', '', '<p>Refil 1 litro</p>\r\n', '691--lavaroupas-liquido-refil-20180425165337.jpg', 1, '2018-04-27 18:47:21', '2018-04-25 19:53:38', NULL),
(55, 14, 'Lava-Roupas Líquido Brilux Multiação', 'lava-roupas-lquido-brilux-multiao', 'Coco', '<p>Refil&nbsp;1 litro</p>\r\n', '747--lavaroupas-coco-refil-20180425165706.jpg', 1, '2018-04-27 18:47:21', '2018-04-25 19:57:07', NULL),
(56, 14, 'Lava-Roupas Líquido Brilux Multiação', 'lava-roupas-lquido-brilux-multiao-2', 'Coco', '<p>Versão 1 litro</p>\r\n', '748--lava-roupas-liquido-coco-1l-20180425165812.jpg', 1, '2018-04-27 18:47:21', '2018-04-25 19:58:13', NULL),
(57, 14, 'Lava-Roupas Líquido Brilux Multiação', 'lava-roupas-lquido-brilux-multiao-3', 'Coco', '<p>Versão 3 litros</p>\r\n', '679--lavaroupas-liquido-coco-20180425165913.jpg', 1, '2018-04-27 18:47:21', '2018-04-25 19:59:14', NULL),
(58, 15, 'Limpador Perfumado Ternura', 'limpador-perfumado-ternura', '', '<p>Versão 500ml</p>\r\n', '458--limpador-perfumado-ternura-500ml-20180425171124.jpg', 1, '2018-04-27 18:47:21', '2018-04-25 20:11:24', NULL),
(59, 15, 'Limpador Perfumado Ternura', 'limpador-perfumado-ternura-2', '', '<p>Versão 1 litro</p>\r\n', '714--limpador-perfumado--ternura--1l-20180425171240.jpg', 1, '2018-04-27 18:47:21', '2018-04-25 20:12:40', NULL),
(60, 15, 'Limpador Perfumado Ternura', 'limpador-perfumado-ternura-3', '', '<p>Versão 2 litros</p>\r\n', '716--limpador-perfumado--ternura--2l-20180425171336.jpg', 1, '2018-04-27 18:47:21', '2018-04-25 20:13:37', NULL),
(61, 15, 'Limpador Perfumado Lavanda', 'limpador-perfumado-lavanda', '', '<p>Versão 500ml</p>\r\n', '459--limpador-perfumado-lavanda-500ml-20180425171422.jpg', 1, '2018-04-27 18:47:21', '2018-04-25 20:14:22', NULL),
(62, 15, 'Limpador Perfumado Lavanda', 'limpador-perfumado-lavanda-2', '', '<p>Versão 1 litro</p>\r\n', '713--limpador-perfumado--lavanda--1l-20180425171450.jpg', 1, '2018-04-27 18:47:21', '2018-04-25 20:14:51', NULL),
(63, 15, 'Limpador Perfumado Lavanda', 'limpador-perfumado-lavanda-3', '', '<p>Versão 2 litros</p>\r\n', '715--limpador-perfumado-lavanda-2l-20180425171514.jpg', 1, '2018-04-27 18:47:21', '2018-04-25 20:15:15', NULL),
(64, 15, 'Limpador Perfumado Brisa', 'limpador-perfumado-brisa', '', '<p>Versão 500ml</p>\r\n', '557--limpador-perfumado--brisa-500ml-20180425171639.jpg', 1, '2018-04-27 18:47:21', '2018-04-25 20:16:39', NULL),
(65, 15, 'Limpador Perfumado Brisa', 'limpador-perfumado-brisa-2', '', '<p>Versão 1 litro</p>\r\n', '720--limpador-perfumado--brisa--1l-20180425171708.jpg', 1, '2018-04-27 18:47:21', '2018-04-25 20:17:09', NULL),
(66, 15, 'Limpador Perfumado Brisa', 'limpador-perfumado-brisa-3', '', '<p>Versão 2 litros</p>\r\n', '722--limpador-perfumado--brisa--2l-20180425171738.jpg', 1, '2018-04-27 18:47:21', '2018-04-25 20:17:39', NULL),
(67, 15, 'Limpador Perfumado Natureza', 'limpador-perfumado-natureza', '', '<p>Versão 500ml</p>\r\n', '558--limpador-perfumado-natureza-20180425171829.jpg', 1, '2018-04-27 18:47:21', '2018-04-25 20:18:30', NULL),
(68, 15, 'Limpador Perfumado Sensualidade', 'limpador-perfumado-sensualidade', '', '<p>Versão 500ml</p>\r\n', '559--limpador-perfumado-sensualidade-20180425171901.jpg', 1, '2018-04-27 18:47:21', '2018-04-25 20:19:02', NULL),
(69, 15, 'Limpador Perfumado Harmonia', 'limpador-perfumado-harmonia', '', '<p>Versão 500ml</p>\r\n', '560--limpador-perfumado-harmonia-20180425172002.jpg', 1, '2018-04-27 18:47:21', '2018-04-25 20:20:03', NULL),
(70, 15, 'Limpador Perfumado Refrescância', 'limpador-perfumado-refrescncia', '', '<p>Versão 500ml</p>\r\n', '669--limpador-perfumado-refrescancia-500ml-20180425172058.jpg', 1, '2018-04-27 18:47:21', '2018-04-25 20:20:59', NULL),
(71, 15, 'Limpador Perfumado Refrescância', 'limpador-perfumado-refrescncia-2', '', '<p>Versão 1 litro</p>\r\n', '721--limpador-perfumado--refrescancia--1l-20180425172136.jpg', 1, '2018-04-27 18:47:21', '2018-04-25 20:21:37', NULL),
(72, 15, 'Limpador Perfumado Refrescância', 'limpador-perfumado-refrescncia-3', '', '<p>Versão 2 litros</p>\r\n', '723--limpador-perfumado--refrescancia--2l-20180425172205.jpg', 1, '2018-04-27 18:47:21', '2018-04-25 20:22:05', NULL),
(73, 16, 'Limpa-Vidros Brilux Refil', 'limpa-vidro-refil', '', '<p>Refil 500ml</p>\r\n', '410--limpavidro-refil-20180425173128.jpg', 1, '2018-04-27 18:47:21', '2018-04-25 20:31:29', NULL),
(74, 16, 'Limpa-Vidros Brilux Gatilho', 'limpa-vidro-gatilho', '', '<p>Versão 500ml</p>\r\n', '411--limpavidro-gatilho-20180425173224.jpg', 1, '2018-04-27 18:47:38', '2018-04-25 20:32:25', NULL),
(75, 16, 'Limpa-Vidros Brilux', 'limpa-vidros-brilux-com-lcool', 'Com Álcool', '<p>Versão 500ml</p>\r\n', '448--limpavidro-com-alcool-spray-20180425173355.jpg', 1, '2018-04-27 18:47:38', '2018-04-25 20:33:56', NULL),
(76, 16, 'Limpa-Vidros Brilux', 'limpa-vidros-brilux-com-lcool-2', 'Com Álcool', '<p>Versão 750ml</p>\r\n', '555--limpavidro-de-alcool-spray-20180425173436.jpg', 1, '2018-04-27 18:47:38', '2018-04-25 20:34:37', NULL),
(77, 16, 'Limpa-Vidros Brilux', 'limpa-vidros-brilux-com-lcool-3', 'Com Álcool', '<p>Leve 750ml pague 500ml</p>\r\n', '556--limpa-vidros-c-alcool-750ml-promo-20180425173516.jpg', 1, '2018-04-27 18:47:38', '2018-04-25 20:35:17', NULL),
(78, 16, 'Limpa-Vidros Brilux', 'limpa-vidros-brilux', 'Com Vinagre', '<p>Refil 500ml</p>\r\n', '659--limpa-vidros-com-vinagre-refil-500ml-20180425173618.jpg', 1, '2018-04-27 18:47:38', '2018-04-25 20:36:19', NULL),
(79, 16, 'Limpa-Vidros Brilux Gatilho', 'limpa-vidros-brilux-gatilho', 'Com Vinagre', '<p>Versão 500ml</p>\r\n', '', 1, '2018-04-27 18:47:38', '2018-04-25 20:37:02', NULL),
(80, 17, 'Limpesa Pesada', 'limpesa-pesada', 'Tradicional', '<p>Versão 500ml</p>\r\n', '469--limpeza-pesada-500ml-20180425174545.jpg', 1, '2018-04-27 18:47:38', '2018-04-25 20:45:46', NULL),
(81, 17, 'Limpesa Pesada', 'limpesa-pesada-2', 'Limão', '<p>Versão 500ml</p>\r\n', '478--limpeza-pesada-limao-500ml-20180425174623.jpg', 1, '2018-04-27 18:47:38', '2018-04-25 20:46:24', NULL),
(82, 18, 'Multiuso Brilux', 'multiuso-brilux', 'Tradicional', '<p>Versão 500ml</p>\r\n', '287--multiuso-20180425175644.jpg', 1, '2018-04-27 18:47:38', '2018-04-25 20:56:45', NULL),
(83, 18, 'Multiuso Brilux', 'multiuso-brilux-2', 'Tradicional', '<p>Leve 750ml pague 500ml</p>\r\n', '553--multiuso--leve-750ml-pague-500ml-20180425175731.jpg', 1, '2018-04-27 18:47:38', '2018-04-25 20:57:32', NULL),
(84, 18, 'Multiuso Brilux', 'multiuso-brilux-3', 'Limão', '<p>Versão 500ml</p>\r\n', '288--multiuso-limao-20180425175754.jpg', 1, '2018-04-27 18:47:38', '2018-04-25 20:57:55', NULL),
(85, 18, 'Multiuso Brilux', 'multiuso-brilux-4', 'Limão', '<p>Leve 750ml pague 500ml</p>\r\n', '554--multiuso-limao--leve-750ml-pague-500ml-20180425175821.jpg', 1, '2018-04-27 18:47:38', '2018-04-25 20:58:21', NULL),
(86, 18, 'Multiuso Brilux', 'multiuso-brilux-5', 'Laranja', '<p>Versão 500ml</p>\r\n', '331--multiuso-laranja-20180425175844.jpg', 1, '2018-04-27 18:47:38', '2018-04-25 20:58:45', NULL),
(87, 18, 'Multiuso Brilux', 'multiuso-brilux-6', 'Lavanda', '<p>Versão 500ml</p>\r\n', '336--multiuso-lavanda-20180425175922.jpg', 1, '2018-04-27 18:47:38', '2018-04-25 20:59:23', NULL),
(88, 18, 'Multiuso Brilux', 'multiuso-brilux-7', 'Ternura', '<p>Versão 500ml</p>\r\n', '337--multiuso-ternura-20180425175950.jpg', 1, '2018-04-27 18:47:38', '2018-04-25 20:59:50', NULL),
(89, 19, 'Sacos para Lixo Brilux Sustentável', 'sacos-para-lixo-brilux-sustentvel', '15 litros 20 sacos', '<p>39cm x 58cm</p>\r\n', '533--saco-plastico-sustentavel-20180425181052.jpg', 1, '2018-04-27 18:47:38', '2018-04-25 21:10:52', NULL),
(90, 19, 'Sacos para Lixo Brilux Sustentável', 'sacos-para-lixo-brilux-sustentvel-2', '30 litros 10 sacos', '<p>59cm x 62cm</p>\r\n', '534--saco-plastico-sustentavel-20180425181136.jpg', 1, '2018-04-27 18:47:38', '2018-04-25 21:11:37', NULL),
(91, 19, 'Sacos para Lixo Brilux Sustentável', 'sacos-para-lixo-brilux-sustentvel-3', '50 litros 10 sacos', '<p>63cm x 80cm</p>\r\n', '535--saco-plastico-sustentavel-20180425181208.jpg', 1, '2018-04-27 18:47:38', '2018-04-25 21:12:09', NULL),
(92, 19, 'Sacos para Lixo Brilux Sustentável', 'sacos-para-lixo-brilux-sustentvel-4', '100 litros 5 sacos', '<p>75cm x 105cm</p>\r\n', '536--saco-plastico-sustentavel-20180425181245.jpg', 1, '2018-04-27 18:47:38', '2018-04-25 21:12:45', NULL),
(93, 19, 'Sacos para Lixo Brilux Sustentável Rolo', 'sacos-para-lixo-brilux-sustentvel-rolo', '15 litros 40 sacos', '<p>39cm x 58cm</p>\r\n', '537--saco-plastico-sustentavel-rolo-20180425181339.jpg', 1, '2018-04-27 18:47:38', '2018-04-25 21:13:40', NULL),
(94, 19, 'Sacos para Lixo Brilux Sustentável Rolo', 'sacos-para-lixo-brilux-sustentvel-rolo-2', '30 litros 20 sacos', '<p>59cm x 62cm</p>\r\n', '538--saco-plastico-sustentavel-rolo-20180425181414.jpg', 1, '2018-04-27 18:47:14', '2018-04-25 21:14:15', NULL),
(95, 19, 'Sacos para Lixo Brilux Sustentável Rolo', 'sacos-para-lixo-brilux-sustentvel-rolo-3', '50 litros 20 sacos', '<p>63cm x 80cm</p>\r\n', '539--saco-plastico-sustentavel-rolo-20180425181449.jpg', 1, '2018-04-27 18:47:14', '2018-04-25 21:14:49', NULL),
(96, 19, 'Sacos para Lixo Brilux Sustentável Rolo', 'sacos-para-lixo-brilux-sustentvel-rolo-4', '100 litros 10 sacos', '<p>75cm x 105cm</p>\r\n', '540--saco-plastico-sustentavel-rolo-20180425181524.jpg', 1, '2018-04-27 18:47:14', '2018-04-25 21:15:25', NULL),
(97, 20, 'Tira-Manchas e Branqueador Líquido Brilux', 'tira-manchas-e-branqueador-lquido-brilux', '', '<p>Versão 500ml</p>\r\n', '271--brilux--tira-manchas-liquido-branqueador--500ml-20180426102514.jpg', 1, '2018-04-27 18:47:14', '2018-04-26 13:12:56', NULL),
(98, 20, 'Tira-Manchas e Branqueador Líquido Brilux', 'tira-manchas-e-branqueador-lquido-brilux-2', '', '<p>Refil 500ml</p>\r\n', '581--tira-manchas-branqueador-refil-pouch-20180426101334.jpg', 1, '2018-04-27 18:47:14', '2018-04-26 13:13:35', NULL),
(99, 20, 'Tira-Manchas e Branqueador Líquido Brilux', 'tira-manchas-e-branqueador-lquido-brilux-3', '', '<p>Versão 1,5 litros</p>\r\n', '510--tira-manchas-liquido-branqueador-15l-20180426101414.jpg', 1, '2018-04-27 18:47:14', '2018-04-26 13:14:14', NULL),
(100, 20, 'Tira-Manchas em Pó Brilux Poder O2 Ativo', 'tira-manchas-em-p-brilux-poder-o2-ativo', '', '<p>Versão 250g</p>\r\n', '500--tira-manchas-po-20180426101550.jpg', 1, '2018-04-27 18:47:14', '2018-04-26 13:15:51', NULL),
(101, 20, 'Tira-Manchas em Pó Brilux Poder O2 Ativo', 'tira-manchas-em-p-brilux-poder-o2-ativo-2', '', '<p>Versão 500g</p>\r\n', '501--tira-manchas-po-20180426101624.jpg', 1, '2018-04-27 18:47:14', '2018-04-26 13:16:25', NULL),
(102, 20, 'Tira-Manchas e Branqueador em Pó Brilux', 'tira-manchas-e-branqueador-em-p-brilux', '', '<p>Versão 250g</p>\r\n', '503--tira-manchas-braqueador-po-20180426101755.jpg', 1, '2018-04-27 18:47:14', '2018-04-26 13:17:56', NULL),
(103, 20, 'Tira-Manchas e Branqueador em Pó Brilux', 'tira-manchas-e-branqueador-em-p-brilux-2', '', '<p>Versão 500g</p>\r\n', '504--tira-manchas-branqueador-po-20180426101812.jpg', 1, '2018-04-27 18:47:13', '2018-04-26 13:18:13', NULL),
(104, 20, 'Tira-Manchas Líquido Brilux Poder O2 Ativo', 'tira-manchas-lquido-brilux-poder-o2-ativo', '', '<p>Versão 500ml</p>\r\n', '506--tira-manchas-liquido-500ml-20180426102021.jpg', 1, '2018-04-27 18:47:13', '2018-04-26 13:20:22', NULL),
(105, 20, 'Tira-Manchas Líquido Brilux Poder O2 Ativo', 'tira-manchas-lquido-brilux-poder-o2-ativo-2', '', '<p>Refil 500ml</p>\r\n', '580--tira-manchas-liquido-refil-20180426102047.jpg', 1, '2018-04-27 18:47:13', '2018-04-26 13:20:48', NULL),
(106, 20, 'Tira-Manchas Líquido Brilux Poder O2 Ativo', 'tira-manchas-lquido-brilux-poder-o2-ativo-3', '', '<p>Versão 1,5 litros</p>\r\n', '507--tira-manchas-liquido-15l-20180426102111.jpg', 1, '2018-04-27 18:47:13', '2018-04-26 13:21:12', NULL),
(107, 20, 'Tira-Manchas e Branqueador Brilux em Barra', 'tira-manchas-e-branqueador-brilux-em-barra', '', '<p>Versão 75g</p>\r\n', '682--tira-manchas-barra-branq-20180426102332.jpg', 1, '2018-04-27 18:47:13', '2018-04-26 13:23:33', NULL),
(108, 20, 'Tira-Manchas em Barra Brilux Poder O2 Ativo', 'tira-manchas-em-barra-brilux-poder-o2-ativo', '', '<p>Versão 75g</p>\r\n', '689--tira-manchas-barra-20180426102401.jpg', 1, '2018-04-27 18:47:13', '2018-04-26 13:24:01', NULL),
(109, 21, 'Tira-Mofo e Limo', 'tira-mofo-e-limo', 'Squeeze', '<p>Versão 500ml</p>\r\n', '069--tiramofo-spray-20180426102818.jpg', 1, '2018-04-27 18:47:13', '2018-04-26 13:28:19', NULL),
(110, 21, 'Tira-Mofo e Limo', 'tira-mofo-e-limo-2', 'Refil', '<p>Refil 500ml</p>\r\n', '412--tiramofo-refil-20180426102919.jpg', 1, '2018-04-27 18:47:13', '2018-04-26 13:29:20', NULL),
(111, 21, 'Tira-Mofo e Limo', 'tira-mofo-e-limo-3', 'Gatilho', '<p>Versão 500ml</p>\r\n', '413--tiramofo-gatilho-20180426103039.jpg', 1, '2018-04-27 18:47:13', '2018-04-26 13:30:40', NULL),
(112, 22, 'Tira Odores', 'tira-odores', 'Refil', '<p>Refil 500ml</p>\r\n', '482--tira-odores-refil-500ml-20180426103200.jpg', 1, '2018-04-27 18:47:13', '2018-04-26 13:32:01', NULL),
(113, 22, 'Tira Odores', 'tira-odores-2', 'Gatilho', '<p>Versão 500ml</p>\r\n', '481-tira-odores-gatilho-500ml-20180426103227.jpg', 1, '2018-04-27 18:47:13', '2018-04-26 13:32:28', NULL),
(114, 5, 'Água Sanitária Brilux Múltiplo Uso', 'gua-sanitria-brilux-mltiplo-uso', '', '<p>Com cloro ativo | Disponível nas versões 1L, 2L, 3L e 5L</p>\r\n', 'agua-sanitaria-20180427163658.jpg', 1, NULL, '2018-04-27 18:48:45', NULL),
(115, 6, 'Álcool em Gel Brilux', 'lcool-em-gel-brilux', '', '<p>Disponível nas versões lavanda e normal de 500g</p>\r\n', 'alcool-gel-20180427155041.jpg', 1, NULL, '2018-04-27 18:50:42', NULL),
(116, 6, 'Álcool Etílico Hidratado Brilux', 'lcool-etlico-hidratado-brilux', '', '<p>Disponível nas versões natural e perfumado de 500ml</p>\r\n', 'alcool-20180427155114.jpg', 1, NULL, '2018-04-27 18:51:15', NULL),
(117, 7, 'Alvejante Brilux Multi 3 em 1', 'alvejante-brilux-multi-3-em-1', 'Com Detergente', '<p>Disponível nas versões 500ml, 1L, 2L e 5L</p>\r\n', 'alvejante-cores-azul-20180430174544.jpg', 1, NULL, '2018-04-27 18:56:13', NULL),
(118, 7, 'Alvejante Perfumado 2 em 1 Floral', 'alvejante-perfumado-2-em-1-floral', 'Cloro Ativo', '<p>Alvejante Perfumado 2 em 1 Floral</p>\r\n', 'alvejante-perfumado-floral-20180427155709.jpg', 1, NULL, '2018-04-27 18:57:10', NULL),
(119, 7, 'Alvejante Perfumado 2 em 1 Fresh', 'alvejante-perfumado-2-em-1-fresh', 'Cloro Ativo', '<p>Disponível nas versões 1L e 2L</p>\r\n', 'alvejante-pergumado-floral-20180427155835.jpg', 1, NULL, '2018-04-27 18:58:36', NULL),
(120, 7, 'Alvejante Perfumado 2 em 1 Lavanda', 'alvejante-perfumado-2-em-1-lavanda', 'Cloro Ativo', '<p>Disponível nas versões 1L e 2L</p>\r\n', 'alvejante-pergumado-lavanda-20180427155921.jpg', 1, NULL, '2018-04-27 18:59:22', NULL),
(121, 8, 'Alvejante sem Cloro Cores', 'alvejante-sem-cloro-cores', '', '<p>Disponível nas versões 500ml e 1,5L</p>\r\n', '_alvejantes-cores-branco-20180427160120.jpg', 1, NULL, '2018-04-27 19:01:21', NULL),
(122, 8, 'Alvejante sem Cloro Fresh', 'alvejante-sem-cloro-fresh', '', '<p>Disponível nas versões 500ml e 1,5L</p>\r\n', 'alvejante-cores-fresh-20180427160155.jpg', 1, NULL, '2018-04-27 19:01:55', NULL),
(123, 9, 'Cloro em gel', 'cloro-em-gel', '', '<p>Disponível nas versões 300ml e 750ml</p>\r\n', 'cloro-gel-20180427160437.jpg', 1, NULL, '2018-04-27 19:04:38', NULL),
(124, 10, 'Desengordurante Brilux', 'desengordurante-brilux', '', '<p>Disponível nas versões gatilho, refil e squeeze 500ml</p>\r\n', 'desengordurante-20180427160518.jpg', 1, NULL, '2018-04-27 19:05:18', NULL),
(125, 11, 'Desinfetante Brilux Eucalipto', 'desinfetante-brilux-eucalipto', '', '<p>Disponível nas versões 500ml e 2L</p>\r\n', 'desifetante-eucalipto-20180427160617.jpg', 1, NULL, '2018-04-27 19:06:18', NULL),
(126, 11, 'Desinfetante Brilux Lavanda', 'desinfetante-brilux-lavanda', '', '<p>Disponível nas versões 500ml e 2L</p>\r\n', 'desifentante-lavanda-20180427160649.jpg', 1, NULL, '2018-04-27 19:06:49', NULL),
(127, 11, 'Desinfetante Brilux Menta', 'desinfetante-brilux-menta', '', '<p>Disponível nas versões 500ml e 2L</p>\r\n', 'desifetante-menta-20180427160719.jpg', 1, NULL, '2018-04-27 19:07:19', NULL),
(128, 12, 'Detergente Brilux 500ml', 'detergente-brilux-500ml', '', '', 'detergente-20180427160747.jpg', 1, NULL, '2018-04-27 19:07:48', NULL),
(129, 12, 'Detergente Brilux 5L', 'detergente-brilux-5l', '', '', 'detergente-5-litros-20180427163719.jpg', 1, NULL, '2018-04-27 19:09:15', NULL),
(130, 13, 'Esponjas', 'esponjas', '', '<p>Disponível nas versões premium (1, 3 e 4 unidades) e econômica (1 unidade)</p>\r\n', 'esponja-20180427161024.jpg', 1, NULL, '2018-04-27 19:10:25', NULL),
(131, 14, 'Lava-Roupas Líquido Brilux Coco', 'lava-roupas-lquido-brilux-coco', '', '<p>Disponível nas versões refil 1L, 1L e 3L</p>\r\n', 'lava-roupa-coco-20180427161056.jpg', 1, NULL, '2018-04-27 19:10:57', NULL),
(132, 14, 'Lava-Roupas Líquido Brilux Tripla Ação', 'lava-roupas-lquido-brilux-tripla-ao', '', '<p>Disponível nas versões refil 500ml, refil 1L, 1L, 3L e 5L</p>\r\n', 'lava-roupa-triplacao-20180427161129.jpg', 1, NULL, '2018-04-27 19:11:30', NULL),
(133, 16, 'Limpa-Vidros Brilux', 'limpa-vidros-brilux', '', '<p>Disponível nas versões gatilho e refil de 500ml</p>\r\n', 'limpa-vidros-20180427161210.jpg', 1, NULL, '2018-04-27 19:12:11', NULL),
(134, 16, 'Limpa-Vidros Brilux com Álcool', 'limpa-vidros-brilux-com-lcool', '', '<p>Disponível nas versões squeeze 500ml e 750ml</p>\r\n', 'limpa-vidros-spary-20180427161327.jpg', 1, NULL, '2018-04-27 19:13:27', NULL),
(135, 17, 'Limpador Concentrado Brilux Limpeza Pesada', 'limpador-concentrado-brilux-limpeza-pesada', '', '', 'limpesa-pesada-20180427161401.jpg', 1, NULL, '2018-04-27 19:14:02', NULL),
(136, 15, 'Limpador Perfumado Brilux', 'limpador-perfumado', '', '<p>Disponível na versão 1L</p>\r\n', 'limpador-perfgumado-1l-20180427161512.jpg', 1, NULL, '2018-04-27 19:15:12', NULL),
(137, 15, 'Limpador Perfumado Brilux', 'limpador-perfumado-2', '', '<p>Disponível na versão 2L</p>\r\n', 'limpador-perfumado-2l-20180427161544.jpg', 1, NULL, '2018-04-27 19:15:45', NULL),
(138, 15, 'Limpador Perfumado Brilux', 'limpador-perfumado-brilux', '', '<p>Disponível na versão 500ml</p>\r\n', 'limpador-perfumado-500ml-20180427161626.jpg', 1, NULL, '2018-04-27 19:16:27', NULL),
(139, 18, 'Multiuso Brilux', 'multiuso-brilux', '', '<p>Disponível nas versões 500ml e 750ml promo</p>\r\n', 'multiuso-20180427161719.jpg', 1, NULL, '2018-04-27 19:17:20', NULL),
(140, 19, 'Sacos para Lixo Brilux Sustentável', 'sacos-para-lixo-brilux-sustentvel', '', '<p>Disponível nas versões 15L, 30L, 50L e 100L</p>\r\n', 'sacos-20180427161912.jpg', 1, NULL, '2018-04-27 19:19:12', NULL),
(141, 20, 'Tira-Manchas e Branqueador Brilux em Barra', 'tira-manchas-e-branqueador-brilux-em-barra', '', '', 'tira-manchas-barra-20180427161948.jpg', 1, NULL, '2018-04-27 19:19:48', NULL),
(142, 20, 'Tira-Manchas e Branqueador em Pó Brilux', 'tira-manchas-e-branqueador-em-p-brilux', '', '<p>Disponível nas versões 250g e 500g</p>\r\n', 'tira-manchas-po-20180427162030.jpg', 1, NULL, '2018-04-27 19:20:31', NULL),
(143, 20, 'Tira-Manchas e Branqueador Líquido Brilux', 'tira-manchas-e-branqueador-lquido-brilux', '', '', 'tira-manchas-liquido-20180427162104.jpg', 1, NULL, '2018-04-27 19:21:04', NULL),
(144, 20, 'Tira-Manchas em Barra Brilux Poder O2 Ativo', 'tira-manchas-em-barra-brilux-poder-o2-ativo', '', '<p>Disponível na versão 75g</p>\r\n', 'tira-manchas-barra-ativo-20180427162149.jpg', 1, NULL, '2018-04-27 19:21:50', NULL),
(145, 20, 'Tira-Manchas em Pó Brilux Poder O2 Ativo', 'tira-manchas-em-p-brilux-poder-o2-ativo', '', '<p>Disponíveis nas versões 250g e 500g</p>\r\n', 'tira-manchas-po-ativo-20180427162213.jpg', 1, NULL, '2018-04-27 19:22:14', NULL),
(146, 20, 'Tira-Manchas Líquido Brilux Poder O2 Ativo', 'tira-manchas-lquido-brilux-poder-o2-ativo', '', '<p>Disponível nas versões refil 500ml, 500ml e 1,5L</p>\r\n', 'tira-manchas-liquido-ativo-20180427162242.jpg', 1, NULL, '2018-04-27 19:22:43', NULL),
(147, 21, 'Tira-Mofo e Limo', 'tira-mofo-e-limo', '', '<p>Disponível nas versões gatilho, refil e squeeze 500ml</p>\r\n', 'tira-mofo-e-limo-20180427162309.jpg', 1, NULL, '2018-04-27 19:23:10', NULL),
(148, 22, 'Tira Odores', 'tira-odores', '', '<p>Disponível nas versões gatilho e refil de 500ml</p>\r\n', 'tira-odores-20180427162332.jpg', 1, NULL, '2018-04-27 19:23:32', NULL);

-- --------------------------------------------------------

--
-- Table structure for table `cp_tela`
--

CREATE TABLE `cp_tela` (
  `id` int(11) NOT NULL,
  `nome` varchar(255) NOT NULL,
  `slug` varchar(255) NOT NULL,
  `ordem` int(2) DEFAULT NULL,
  `exibir_menu` tinyint(1) DEFAULT '1',
  `excluido` timestamp NULL DEFAULT NULL
) ENGINE=InnoDB DEFAULT CHARSET=utf8;

--
-- Dumping data for table `cp_tela`
--

INSERT INTO `cp_tela` (`id`, `nome`, `slug`, `ordem`, `exibir_menu`, `excluido`) VALUES
(1, 'Usuários', 'cms-user', 5, 1, NULL),
(2, 'Tela', 'cms-tela', 7, 1, NULL),
(3, 'Perfil', 'cms-perfil', 6, 1, NULL),
(4, 'Produtos', 'cms-produto', 1, 1, NULL),
(5, 'Produtos - Categoria', 'cms-categoria', 2, 1, NULL),
(6, 'Dicas - Problemas', 'cms-problema', 4, 1, NULL),
(7, 'Dicas', 'cms-dica', 3, 1, NULL);

--
-- Indexes for dumped tables
--

--
-- Indexes for table `cp_categorias`
--
ALTER TABLE `cp_categorias`
  ADD PRIMARY KEY (`id`);

--
-- Indexes for table `cp_dicas`
--
ALTER TABLE `cp_dicas`
  ADD PRIMARY KEY (`id`);

--
-- Indexes for table `cp_dicas_has_cp_problemas`
--
ALTER TABLE `cp_dicas_has_cp_problemas`
  ADD PRIMARY KEY (`id`);

--
-- Indexes for table `cp_dicas_has_cp_produtos`
--
ALTER TABLE `cp_dicas_has_cp_produtos`
  ADD PRIMARY KEY (`id`);

--
-- Indexes for table `cp_imagens`
--
ALTER TABLE `cp_imagens`
  ADD PRIMARY KEY (`id`);

--
-- Indexes for table `cp_log`
--
ALTER TABLE `cp_log`
  ADD PRIMARY KEY (`id`),
  ADD KEY `fk_logs_usuarios1_idx` (`usuario_id`);

--
-- Indexes for table `cp_newsletter`
--
ALTER TABLE `cp_newsletter`
  ADD PRIMARY KEY (`id`);

--
-- Indexes for table `cp_perfil`
--
ALTER TABLE `cp_perfil`
  ADD PRIMARY KEY (`id`);

--
-- Indexes for table `cp_permissoes`
--
ALTER TABLE `cp_permissoes`
  ADD PRIMARY KEY (`id`);

--
-- Indexes for table `cp_problemas`
--
ALTER TABLE `cp_problemas`
  ADD PRIMARY KEY (`id`);

--
-- Indexes for table `cp_produtos`
--
ALTER TABLE `cp_produtos`
  ADD PRIMARY KEY (`id`);

--
-- Indexes for table `cp_tela`
--
ALTER TABLE `cp_tela`
  ADD PRIMARY KEY (`id`);

--
-- AUTO_INCREMENT for dumped tables
--

--
-- AUTO_INCREMENT for table `cp_categorias`
--
ALTER TABLE `cp_categorias`
  MODIFY `id` int(10) NOT NULL AUTO_INCREMENT, AUTO_INCREMENT=23;

--
-- AUTO_INCREMENT for table `cp_dicas`
--
ALTER TABLE `cp_dicas`
  MODIFY `id` int(10) NOT NULL AUTO_INCREMENT, AUTO_INCREMENT=17;

--
-- AUTO_INCREMENT for table `cp_dicas_has_cp_problemas`
--
ALTER TABLE `cp_dicas_has_cp_problemas`
  MODIFY `id` int(10) NOT NULL AUTO_INCREMENT, AUTO_INCREMENT=79;

--
-- AUTO_INCREMENT for table `cp_dicas_has_cp_produtos`
--
ALTER TABLE `cp_dicas_has_cp_produtos`
  MODIFY `id` int(10) NOT NULL AUTO_INCREMENT, AUTO_INCREMENT=196;

--
-- AUTO_INCREMENT for table `cp_imagens`
--
ALTER TABLE `cp_imagens`
  MODIFY `id` int(11) NOT NULL AUTO_INCREMENT, AUTO_INCREMENT=12;

--
-- AUTO_INCREMENT for table `cp_log`
--
ALTER TABLE `cp_log`
  MODIFY `id` int(11) NOT NULL AUTO_INCREMENT, AUTO_INCREMENT=482;

--
-- AUTO_INCREMENT for table `cp_newsletter`
--
ALTER TABLE `cp_newsletter`
  MODIFY `id` int(11) NOT NULL AUTO_INCREMENT, AUTO_INCREMENT=13;

--
-- AUTO_INCREMENT for table `cp_perfil`
--
ALTER TABLE `cp_perfil`
  MODIFY `id` int(11) NOT NULL AUTO_INCREMENT, AUTO_INCREMENT=2;

--
-- AUTO_INCREMENT for table `cp_permissoes`
--
ALTER TABLE `cp_permissoes`
  MODIFY `id` int(10) NOT NULL AUTO_INCREMENT;

--
-- AUTO_INCREMENT for table `cp_problemas`
--
ALTER TABLE `cp_problemas`
  MODIFY `id` int(10) NOT NULL AUTO_INCREMENT, AUTO_INCREMENT=7;

--
-- AUTO_INCREMENT for table `cp_produtos`
--
ALTER TABLE `cp_produtos`
  MODIFY `id` int(10) NOT NULL AUTO_INCREMENT, AUTO_INCREMENT=149;

--
-- AUTO_INCREMENT for table `cp_tela`
--
ALTER TABLE `cp_tela`
  MODIFY `id` int(11) NOT NULL AUTO_INCREMENT, AUTO_INCREMENT=8;
COMMIT;

